{"id":11860,"date":"2023-11-29T09:58:29","date_gmt":"2023-11-29T12:58:29","guid":{"rendered":"https:\/\/medicina.udd.cl\/icim\/?page_id=11860"},"modified":"2023-11-29T09:58:30","modified_gmt":"2023-11-29T12:58:30","slug":"neurologia-aplicacion","status":"publish","type":"page","link":"https:\/\/medicina.udd.cl\/icim\/neurologia-aplicacion\/","title":{"rendered":"Neurolog\u00eda: Aplicaci\u00f3n"},"content":{"rendered":"\n<h2 class=\"wp-block-heading\">PROSPECT<\/h2>\n\n\n\n<p>Estudio multic\u00e9ntrico, internacional, de creaci\u00f3n y mantenci\u00f3n de una plataforma de datos de pacientes con accidentes vasculares encef\u00e1licos.<br>Es liderado por Canad\u00e1, inicialmente con pocos pa\u00edses, siendo Chile uno de ellos.<br>En Chile, participan Cl\u00ednica Alemana y Hospital Padre Hurtado.<\/p>\n","protected":false},"excerpt":{"rendered":"<p>PROSPECT Estudio multic\u00e9ntrico, internacional, de creaci\u00f3n y mantenci\u00f3n de una plataforma de datos de pacientes con accidentes vasculares encef\u00e1licos.Es liderado por Canad\u00e1, inicialmente con pocos pa\u00edses, siendo Chile uno de ellos.En Chile, participan Cl\u00ednica Alemana y Hospital Padre Hurtado.<\/p>\n","protected":false},"author":9192254,"featured_media":0,"parent":0,"menu_order":0,"comment_status":"closed","ping_status":"closed","template":"","meta":{"footnotes":""},"class_list":["post-11860","page","type-page","status-publish","hentry"],"yoast_head":"<!-- This site is optimized with the Yoast SEO plugin v26.9 - https:\/\/yoast.com\/product\/yoast-seo-wordpress\/ -->\n<title>Neurolog\u00eda: Aplicaci\u00f3n - ICIM<\/title>\n<meta name=\"robots\" content=\"index, follow, max-snippet:-1, max-image-preview:large, max-video-preview:-1\" \/>\n<link rel=\"canonical\" href=\"https:\/\/medicina.udd.cl\/icim\/neurologia-aplicacion\/\" \/>\n<meta property=\"og:locale\" content=\"es_ES\" \/>\n<meta property=\"og:type\" content=\"article\" \/>\n<meta property=\"og:title\" content=\"Neurolog\u00eda: Aplicaci\u00f3n - ICIM\" \/>\n<meta property=\"og:description\" content=\"PROSPECT Estudio multic\u00e9ntrico, internacional, de creaci\u00f3n y mantenci\u00f3n de una plataforma de datos de pacientes con accidentes vasculares encef\u00e1licos.Es liderado por Canad\u00e1, inicialmente con pocos pa\u00edses, siendo Chile uno de ellos.En Chile, participan Cl\u00ednica Alemana y Hospital Padre Hurtado.\" \/>\n<meta property=\"og:url\" content=\"https:\/\/medicina.udd.cl\/icim\/neurologia-aplicacion\/\" \/>\n<meta property=\"og:site_name\" content=\"ICIM\" \/>\n<meta property=\"article:modified_time\" content=\"2023-11-29T12:58:30+00:00\" \/>\n<meta name=\"twitter:card\" content=\"summary_large_image\" \/>\n<meta name=\"twitter:label1\" content=\"Tiempo de lectura\" \/>\n\t<meta name=\"twitter:data1\" content=\"1 minuto\" \/>\n<script type=\"application\/ld+json\" class=\"yoast-schema-graph\">{\"@context\":\"https:\/\/schema.org\",\"@graph\":[{\"@type\":\"WebPage\",\"@id\":\"https:\/\/medicina.udd.cl\/icim\/neurologia-aplicacion\/\",\"url\":\"https:\/\/medicina.udd.cl\/icim\/neurologia-aplicacion\/\",\"name\":\"Neurolog\u00eda: Aplicaci\u00f3n - ICIM\",\"isPartOf\":{\"@id\":\"https:\/\/medicina.udd.cl\/icim\/#website\"},\"datePublished\":\"2023-11-29T12:58:29+00:00\",\"dateModified\":\"2023-11-29T12:58:30+00:00\",\"breadcrumb\":{\"@id\":\"https:\/\/medicina.udd.cl\/icim\/neurologia-aplicacion\/#breadcrumb\"},\"inLanguage\":\"es\",\"potentialAction\":[{\"@type\":\"ReadAction\",\"target\":[\"https:\/\/medicina.udd.cl\/icim\/neurologia-aplicacion\/\"]}]},{\"@type\":\"BreadcrumbList\",\"@id\":\"https:\/\/medicina.udd.cl\/icim\/neurologia-aplicacion\/#breadcrumb\",\"itemListElement\":[{\"@type\":\"ListItem\",\"position\":1,\"name\":\"Inicio\",\"item\":\"https:\/\/medicina.udd.cl\/icim\/\"},{\"@type\":\"ListItem\",\"position\":2,\"name\":\"Neurolog\u00eda: Aplicaci\u00f3n\"}]},{\"@type\":\"WebSite\",\"@id\":\"https:\/\/medicina.udd.cl\/icim\/#website\",\"url\":\"https:\/\/medicina.udd.cl\/icim\/\",\"name\":\"ICIM\",\"description\":\"Una iniciativa de Universidad del Desarrollo y Cl\u00ednica Alemana\",\"inLanguage\":\"es\"}]}<\/script>\n<!-- \/ Yoast SEO plugin. -->","yoast_head_json":{"title":"Neurolog\u00eda: Aplicaci\u00f3n - ICIM","robots":{"index":"index","follow":"follow","max-snippet":"max-snippet:-1","max-image-preview":"max-image-preview:large","max-video-preview":"max-video-preview:-1"},"canonical":"https:\/\/medicina.udd.cl\/icim\/neurologia-aplicacion\/","og_locale":"es_ES","og_type":"article","og_title":"Neurolog\u00eda: Aplicaci\u00f3n - ICIM","og_description":"PROSPECT Estudio multic\u00e9ntrico, internacional, de creaci\u00f3n y mantenci\u00f3n de una plataforma de datos de pacientes con accidentes vasculares encef\u00e1licos.Es liderado por Canad\u00e1, inicialmente con pocos pa\u00edses, siendo Chile uno de ellos.En Chile, participan Cl\u00ednica Alemana y Hospital Padre Hurtado.","og_url":"https:\/\/medicina.udd.cl\/icim\/neurologia-aplicacion\/","og_site_name":"ICIM","article_modified_time":"2023-11-29T12:58:30+00:00","twitter_card":"summary_large_image","twitter_misc":{"Tiempo de lectura":"1 minuto"},"schema":{"@context":"https:\/\/schema.org","@graph":[{"@type":"WebPage","@id":"https:\/\/medicina.udd.cl\/icim\/neurologia-aplicacion\/","url":"https:\/\/medicina.udd.cl\/icim\/neurologia-aplicacion\/","name":"Neurolog\u00eda: Aplicaci\u00f3n - ICIM","isPartOf":{"@id":"https:\/\/medicina.udd.cl\/icim\/#website"},"datePublished":"2023-11-29T12:58:29+00:00","dateModified":"2023-11-29T12:58:30+00:00","breadcrumb":{"@id":"https:\/\/medicina.udd.cl\/icim\/neurologia-aplicacion\/#breadcrumb"},"inLanguage":"es","potentialAction":[{"@type":"ReadAction","target":["https:\/\/medicina.udd.cl\/icim\/neurologia-aplicacion\/"]}]},{"@type":"BreadcrumbList","@id":"https:\/\/medicina.udd.cl\/icim\/neurologia-aplicacion\/#breadcrumb","itemListElement":[{"@type":"ListItem","position":1,"name":"Inicio","item":"https:\/\/medicina.udd.cl\/icim\/"},{"@type":"ListItem","position":2,"name":"Neurolog\u00eda: Aplicaci\u00f3n"}]},{"@type":"WebSite","@id":"https:\/\/medicina.udd.cl\/icim\/#website","url":"https:\/\/medicina.udd.cl\/icim\/","name":"ICIM","description":"Una iniciativa de Universidad del Desarrollo y Cl\u00ednica Alemana","inLanguage":"es"}]}},"_links":{"self":[{"href":"https:\/\/medicina.udd.cl\/icim\/wp-json\/wp\/v2\/pages\/11860","targetHints":{"allow":["GET"]}}],"collection":[{"href":"https:\/\/medicina.udd.cl\/icim\/wp-json\/wp\/v2\/pages"}],"about":[{"href":"https:\/\/medicina.udd.cl\/icim\/wp-json\/wp\/v2\/types\/page"}],"author":[{"embeddable":true,"href":"https:\/\/medicina.udd.cl\/icim\/wp-json\/wp\/v2\/users\/9192254"}],"replies":[{"embeddable":true,"href":"https:\/\/medicina.udd.cl\/icim\/wp-json\/wp\/v2\/comments?post=11860"}],"version-history":[{"count":1,"href":"https:\/\/medicina.udd.cl\/icim\/wp-json\/wp\/v2\/pages\/11860\/revisions"}],"predecessor-version":[{"id":11861,"href":"https:\/\/medicina.udd.cl\/icim\/wp-json\/wp\/v2\/pages\/11860\/revisions\/11861"}],"wp:attachment":[{"href":"https:\/\/medicina.udd.cl\/icim\/wp-json\/wp\/v2\/media?parent=11860"}],"curies":[{"name":"wp","href":"https:\/\/api.w.org\/{rel}","templated":true}]}}