{"id":12604,"date":"2024-05-22T15:55:10","date_gmt":"2024-05-22T19:55:10","guid":{"rendered":"https:\/\/medicina.udd.cl\/icim\/?page_id=12604"},"modified":"2024-05-22T16:04:20","modified_gmt":"2024-05-22T20:04:20","slug":"jornada-genero-y-ciencia-en-icim","status":"publish","type":"page","link":"https:\/\/medicina.udd.cl\/icim\/jornada-genero-y-ciencia-en-icim\/","title":{"rendered":"Jornada: G\u00e9nero y Ciencia en ICIM"},"content":{"rendered":"\n<figure class=\"wp-block-image alignright size-large is-resized\"><img loading=\"lazy\" decoding=\"async\" width=\"726\" height=\"1024\" src=\"https:\/\/medicina.udd.cl\/icim\/files\/2024\/05\/imagen-jornada-de-genero-726x1024.jpeg\" alt=\"\" class=\"wp-image-12610\" style=\"width:437px;height:auto\" srcset=\"https:\/\/medicina.udd.cl\/icim\/files\/2024\/05\/imagen-jornada-de-genero-726x1024.jpeg 726w, https:\/\/medicina.udd.cl\/icim\/files\/2024\/05\/imagen-jornada-de-genero-213x300.jpeg 213w, https:\/\/medicina.udd.cl\/icim\/files\/2024\/05\/imagen-jornada-de-genero-768x1083.jpeg 768w, https:\/\/medicina.udd.cl\/icim\/files\/2024\/05\/imagen-jornada-de-genero.jpeg 908w\" sizes=\"auto, (max-width: 726px) 100vw, 726px\" \/><\/figure>\n\n\n\n<p>Esta actividad servir\u00e1 como jornada inaugural para el grupo del Instituto de Ciencias e Innovaci\u00f3n en Medicina (ICIM) que est\u00e1 enfrentando la tarea de desarrollar el tema de <strong>g\u00e9nero en investigaci\u00f3n<\/strong>, cuyo liderazgo ha asumido la Dra. Alejandra Carre\u00f1o, desde el Centro de Salud Global Intercultural (CeSGI). &nbsp;<\/p>\n\n\n\n<h2 class=\"wp-block-heading\">OBJETIVOS<\/h2>\n\n\n\n<ul class=\"wp-block-list\">\n<li>Introducir a los miembros del ICIM en el enfoque global de g\u00e9nero.<\/li>\n\n\n\n<li>Revisar los lineamientos y pol\u00edticas de g\u00e9nero en Ciencia, Innovaci\u00f3n y Desarrollo de ANID.<\/li>\n\n\n\n<li>Realizar levantamiento de la situaci\u00f3n interna ICIM.<\/li>\n<\/ul>\n\n\n\n<h2 class=\"wp-block-heading\">DIRIGIDO A<\/h2>\n\n\n\n<ul class=\"wp-block-list\">\n<li>Investigadores de los centros y programas del ICIM.<\/li>\n<\/ul>\n\n\n\n<h2 class=\"wp-block-heading\">EXPOSITORAS<\/h2>\n\n\n<nav class=\"tabs js-tabs\" role=\"tablist\">\n\t\t<a\n\t\tdata-uid=\"2ztks5\"\n\t\tdata-slug=\"vania-figueroa\"\n\t\tclass=\"active js-tab\"\n\t\tid=\"udd-tabs-row--1__tab--0\"\n\t\thref=\"#udd-tabs-row--2ztks5\"\n\t\trole=\"tab\"\n\t\taria-controls=\"udd-tabs-row--1--0\"\n\t\taria-selected=\"true\"\n\t>Vania Figueroa<\/a>\n\t\t<a\n\t\tdata-uid=\"3mlqxy\"\n\t\tdata-slug=\"diana-bravo\"\n\t\tclass=\"js-tab\"\n\t\tid=\"udd-tabs-row--1__tab--1\"\n\t\thref=\"#udd-tabs-row--3mlqxy\"\n\t\trole=\"tab\"\n\t\taria-controls=\"udd-tabs-row--1--1\"\n\t\taria-selected=\"false\"\n\t>Diana Bravo<\/a>\n\t\t<a\n\t\tdata-uid=\"dxtfr1\"\n\t\tdata-slug=\"sonia-roa\"\n\t\tclass=\"js-tab\"\n\t\tid=\"udd-tabs-row--1__tab--2\"\n\t\thref=\"#udd-tabs-row--dxtfr1\"\n\t\trole=\"tab\"\n\t\taria-controls=\"udd-tabs-row--1--2\"\n\t\taria-selected=\"false\"\n\t>Sonia Roa<\/a>\n\t<\/nav>\n<div class=\"tab-content\">\n\t<div\n\t\tdata-uid=\"2ztks5\"\n\t\tdata-slug=\"vania-figueroa\"\n\t\tclass=\"tab-pane tabs-content udd-tab-content active\"\n\t\tid=\"udd-tabs-row--2ztks5\"\n\t\trole=\"tabpanel\"\n\t\taria-labelledby=\"udd-tabs-row--1__tab--0\"\n\t>\n\t\t<div class=\"text container\">\n\t\t\t\n<p>Representante del Centro para la Transversalizaci\u00f3n de G\u00e9nero (CTG\u00e9nero) en Investigaci\u00f3n, Desarrollo, Innovaci\u00f3n y emprendimiento cient\u00edfico y tecnol\u00f3gico (I+D+i+e) de la Universidad Aut\u00f3noma de Chile.<\/p>\n\t\t<\/div>\n\t<\/div>\n\t<div\n\t\tdata-uid=\"3mlqxy\"\n\t\tdata-slug=\"diana-bravo\"\n\t\tclass=\"tab-pane tabs-content udd-tab-content\"\n\t\tid=\"udd-tabs-row--3mlqxy\"\n\t\trole=\"tabpanel\"\n\t\taria-labelledby=\"udd-tabs-row--1__tab--1\"\n\t>\n\t\t<div class=\"text container\">\n\t\t\t\n<p>Encargada de la Unidad de Igualdad de G\u00e9nero, Diversidades e Inclusi\u00f3n de la Subsecretar\u00eda de Ciencia, Tecnolog\u00eda, Conocimiento e Innovaci\u00f3n.<\/p>\n\t\t<\/div>\n\t<\/div>\n\t<div\n\t\tdata-uid=\"dxtfr1\"\n\t\tdata-slug=\"sonia-roa\"\n\t\tclass=\"tab-pane tabs-content udd-tab-content\"\n\t\tid=\"udd-tabs-row--dxtfr1\"\n\t\trole=\"tabpanel\"\n\t\taria-labelledby=\"udd-tabs-row--1__tab--2\"\n\t>\n\t\t<div class=\"text container\">\n\t\t\t\n<p>Subdirectora de Postgrado y Educaci\u00f3n Continua de la carrera de Kinesiolog\u00eda UDD. Acad\u00e9mica especializada en Salud de la Mujer. <\/p>\n\t\t<\/div>\n\t<\/div>\n<\/div>\n\n\n\n<p><\/p>\n\n\n<!-- WP Block: UDD - Cards Alternate -->\n<section class=\"wp-block-udd-cards\" style=\"--udd-blocks-has-columns-number: 4\">\n\t<div class=\"container\">\n\t\t\t\t\t\t\t\t\t<div class=\"block__content\">\n\t\t\t<div class=\"cards\">\n\t\t\t\t\t\t\t\t\t\t\t\t\t\t\t\t\t<div class=\"card-wrapper\">\n\t\t\t\t\t\t<div class=\"card\">\n\t\t\t\t\t\t\t<h3 class=\"card__title\">Metodolog\u00eda<\/h3>\n\t\t\t\t\t\t\t\t\t\t\t\t\t\t<div class=\"card__description\">\n\t\t\t\t\t\t\t\t<p>&#8211; Exposici\u00f3n oral.<br \/>&#8211; Taller de intercambio de experiencias e identificaci\u00f3n de prioridades.<\/p>\n\t\t\t\t\t\t\t<\/div>\n\t\t\t\t\t\t\t\t\t\t\t\t\t<\/div>\n\t\t\t\t\t<\/div>\n\t\t\t\t\t\t\t\t\t\t\t\t\t\t\t\t\t\t\t\t\t<div class=\"card-wrapper\">\n\t\t\t\t\t\t<div class=\"card\">\n\t\t\t\t\t\t\t<h3 class=\"card__title\">Formato<\/h3>\n\t\t\t\t\t\t\t\t\t\t\t\t\t\t<div class=\"card__description\">\n\t\t\t\t\t\t\t\t<p>Presencial.<\/p>\n\t\t\t\t\t\t\t<\/div>\n\t\t\t\t\t\t\t\t\t\t\t\t\t<\/div>\n\t\t\t\t\t<\/div>\n\t\t\t\t\t\t\t\t\t\t\t\t\t\t\t\t\t\t\t\t\t<div class=\"card-wrapper\">\n\t\t\t\t\t\t<div class=\"card\">\n\t\t\t\t\t\t\t<h3 class=\"card__title\">Lugar<\/h3>\n\t\t\t\t\t\t\t\t\t\t\t\t\t\t<div class=\"card__description\">\n\t\t\t\t\t\t\t\t<p>Auditorio Jpost B, edificio de Postgrado de la Universidad del Desarrollo. (Avenida Plaza 680, Las Condes. Santiago).<\/p>\n\t\t\t\t\t\t\t<\/div>\n\t\t\t\t\t\t\t\t\t\t\t\t\t<\/div>\n\t\t\t\t\t<\/div>\n\t\t\t\t\t\t\t\t\t\t\t\t\t\t\t\t\t\t\t\t\t<div class=\"card-wrapper\">\n\t\t\t\t\t\t<div class=\"card\">\n\t\t\t\t\t\t\t<h3 class=\"card__title\">Fecha y Hora<\/h3>\n\t\t\t\t\t\t\t\t\t\t\t\t\t\t<div class=\"card__description\">\n\t\t\t\t\t\t\t\t<p>Jueves 30 de mayo de 09:30 a 12:30 hrs.<\/p>\n\t\t\t\t\t\t\t<\/div>\n\t\t\t\t\t\t\t\t\t\t\t\t\t<\/div>\n\t\t\t\t\t<\/div>\n\t\t\t\t\t\t\t\t\t\t<\/div>\n\t\t<\/div>\n\t<\/div>\n<\/section>\n\n\n<!-- WP Block: UDD - Disposable -->\n<section\n\tdata-sps-offset=\"100\"\n\tid=\"udd-disposable--1--12604\"\n\tclass=\"wp-block-udd-disposable udd-notice disposable-block \"\n>\n\t<div class=\"container\">\n\t\t<div\n\t\t\tclass=\"udd-notice__header \"\n\t\t\tstyle=\"background-color: \"\n\t\t>\n\t\t\t\t\t\t<span class=\"udd-notice__header-label\"><\/span>\n\t\t<\/div>\n\t\t<div\n\t\t\tclass=\"udd-notice__content\"\n\t\t\tstyle=\"background-color: \"\n\t\t>\n\t\t\t<a href=\"https:\/\/medicina.udd.cl\/icim\/files\/2024\/05\/jornada-introduccion-enfoque-de-genero-v6.pdf\"><strong>VER PROGRAMA<\/strong><\/a>\t\t<\/div>\n\t\t\t<\/div>\n<\/section>\n\n\n<!-- WP Block: UDD - Disposable -->\n<section\n\tdata-sps-offset=\"100\"\n\tid=\"udd-disposable--2--12604\"\n\tclass=\"wp-block-udd-disposable udd-notice disposable-block \"\n>\n\t<div class=\"container\">\n\t\t<div\n\t\t\tclass=\"udd-notice__header \"\n\t\t\tstyle=\"background-color: \"\n\t\t>\n\t\t\t\t\t\t<span class=\"udd-notice__header-label\"><\/span>\n\t\t<\/div>\n\t\t<div\n\t\t\tclass=\"udd-notice__content\"\n\t\t\tstyle=\"background-color: \"\n\t\t>\n\t\t\t<a href=\"https:\/\/survey.alchemer.com\/s3\/7841181\/Jornada-G-nero-y-Ciencia-ICIM\"><strong>INSCRIPCIONES<\/strong><\/a>\t\t<\/div>\n\t\t\t<\/div>\n<\/section>\n","protected":false},"excerpt":{"rendered":"<p>Esta actividad servir\u00e1 como jornada inaugural para el grupo del Instituto de Ciencias e Innovaci\u00f3n en Medicina (ICIM) que est\u00e1 enfrentando la tarea de desarrollar el tema de g\u00e9nero en investigaci\u00f3n, cuyo liderazgo ha asumido la Dra. Alejandra Carre\u00f1o, desde el Centro de Salud Global Intercultural (CeSGI). &nbsp; OBJETIVOS DIRIGIDO A EXPOSITORAS<\/p>\n","protected":false},"author":9192219,"featured_media":0,"parent":0,"menu_order":0,"comment_status":"closed","ping_status":"closed","template":"","meta":{"footnotes":""},"class_list":["post-12604","page","type-page","status-publish","hentry"],"yoast_head":"<!-- This site is optimized with the Yoast SEO plugin v26.9 - https:\/\/yoast.com\/product\/yoast-seo-wordpress\/ -->\n<title>Jornada: G\u00e9nero y Ciencia en ICIM - ICIM<\/title>\n<meta name=\"robots\" content=\"index, follow, max-snippet:-1, max-image-preview:large, max-video-preview:-1\" \/>\n<link rel=\"canonical\" href=\"https:\/\/medicina.udd.cl\/icim\/jornada-genero-y-ciencia-en-icim\/\" \/>\n<meta property=\"og:locale\" content=\"es_ES\" \/>\n<meta property=\"og:type\" content=\"article\" \/>\n<meta property=\"og:title\" content=\"Jornada: G\u00e9nero y Ciencia en ICIM - ICIM\" \/>\n<meta property=\"og:description\" content=\"Esta actividad servir\u00e1 como jornada inaugural para el grupo del Instituto de Ciencias e Innovaci\u00f3n en Medicina (ICIM) que est\u00e1 enfrentando la tarea de desarrollar el tema de g\u00e9nero en investigaci\u00f3n, cuyo liderazgo ha asumido la Dra. Alejandra Carre\u00f1o, desde el Centro de Salud Global Intercultural (CeSGI). &nbsp; OBJETIVOS DIRIGIDO A EXPOSITORAS\" \/>\n<meta property=\"og:url\" content=\"https:\/\/medicina.udd.cl\/icim\/jornada-genero-y-ciencia-en-icim\/\" \/>\n<meta property=\"og:site_name\" content=\"ICIM\" \/>\n<meta property=\"article:modified_time\" content=\"2024-05-22T20:04:20+00:00\" \/>\n<meta property=\"og:image\" content=\"https:\/\/medicina.udd.cl\/icim\/files\/2024\/05\/imagen-jornada-de-genero-726x1024.jpeg\" \/>\n<meta name=\"twitter:card\" content=\"summary_large_image\" \/>\n<meta name=\"twitter:label1\" content=\"Tiempo de lectura\" \/>\n\t<meta name=\"twitter:data1\" content=\"1 minuto\" \/>\n<script type=\"application\/ld+json\" class=\"yoast-schema-graph\">{\"@context\":\"https:\/\/schema.org\",\"@graph\":[{\"@type\":\"WebPage\",\"@id\":\"https:\/\/medicina.udd.cl\/icim\/jornada-genero-y-ciencia-en-icim\/\",\"url\":\"https:\/\/medicina.udd.cl\/icim\/jornada-genero-y-ciencia-en-icim\/\",\"name\":\"Jornada: G\u00e9nero y Ciencia en ICIM - ICIM\",\"isPartOf\":{\"@id\":\"https:\/\/medicina.udd.cl\/icim\/#website\"},\"primaryImageOfPage\":{\"@id\":\"https:\/\/medicina.udd.cl\/icim\/jornada-genero-y-ciencia-en-icim\/#primaryimage\"},\"image\":{\"@id\":\"https:\/\/medicina.udd.cl\/icim\/jornada-genero-y-ciencia-en-icim\/#primaryimage\"},\"thumbnailUrl\":\"https:\/\/medicina.udd.cl\/icim\/files\/2024\/05\/imagen-jornada-de-genero-726x1024.jpeg\",\"datePublished\":\"2024-05-22T19:55:10+00:00\",\"dateModified\":\"2024-05-22T20:04:20+00:00\",\"breadcrumb\":{\"@id\":\"https:\/\/medicina.udd.cl\/icim\/jornada-genero-y-ciencia-en-icim\/#breadcrumb\"},\"inLanguage\":\"es\",\"potentialAction\":[{\"@type\":\"ReadAction\",\"target\":[\"https:\/\/medicina.udd.cl\/icim\/jornada-genero-y-ciencia-en-icim\/\"]}]},{\"@type\":\"ImageObject\",\"inLanguage\":\"es\",\"@id\":\"https:\/\/medicina.udd.cl\/icim\/jornada-genero-y-ciencia-en-icim\/#primaryimage\",\"url\":\"https:\/\/medicina.udd.cl\/icim\/files\/2024\/05\/imagen-jornada-de-genero.jpeg\",\"contentUrl\":\"https:\/\/medicina.udd.cl\/icim\/files\/2024\/05\/imagen-jornada-de-genero.jpeg\",\"width\":908,\"height\":1280},{\"@type\":\"BreadcrumbList\",\"@id\":\"https:\/\/medicina.udd.cl\/icim\/jornada-genero-y-ciencia-en-icim\/#breadcrumb\",\"itemListElement\":[{\"@type\":\"ListItem\",\"position\":1,\"name\":\"Inicio\",\"item\":\"https:\/\/medicina.udd.cl\/icim\/\"},{\"@type\":\"ListItem\",\"position\":2,\"name\":\"Jornada: G\u00e9nero y Ciencia en ICIM\"}]},{\"@type\":\"WebSite\",\"@id\":\"https:\/\/medicina.udd.cl\/icim\/#website\",\"url\":\"https:\/\/medicina.udd.cl\/icim\/\",\"name\":\"ICIM\",\"description\":\"Una iniciativa de Universidad del Desarrollo y Cl\u00ednica Alemana\",\"inLanguage\":\"es\"}]}<\/script>\n<!-- \/ Yoast SEO plugin. -->","yoast_head_json":{"title":"Jornada: G\u00e9nero y Ciencia en ICIM - ICIM","robots":{"index":"index","follow":"follow","max-snippet":"max-snippet:-1","max-image-preview":"max-image-preview:large","max-video-preview":"max-video-preview:-1"},"canonical":"https:\/\/medicina.udd.cl\/icim\/jornada-genero-y-ciencia-en-icim\/","og_locale":"es_ES","og_type":"article","og_title":"Jornada: G\u00e9nero y Ciencia en ICIM - ICIM","og_description":"Esta actividad servir\u00e1 como jornada inaugural para el grupo del Instituto de Ciencias e Innovaci\u00f3n en Medicina (ICIM) que est\u00e1 enfrentando la tarea de desarrollar el tema de g\u00e9nero en investigaci\u00f3n, cuyo liderazgo ha asumido la Dra. Alejandra Carre\u00f1o, desde el Centro de Salud Global Intercultural (CeSGI). &nbsp; OBJETIVOS DIRIGIDO A EXPOSITORAS","og_url":"https:\/\/medicina.udd.cl\/icim\/jornada-genero-y-ciencia-en-icim\/","og_site_name":"ICIM","article_modified_time":"2024-05-22T20:04:20+00:00","og_image":[{"url":"https:\/\/medicina.udd.cl\/icim\/files\/2024\/05\/imagen-jornada-de-genero-726x1024.jpeg","type":"","width":"","height":""}],"twitter_card":"summary_large_image","twitter_misc":{"Tiempo de lectura":"1 minuto"},"schema":{"@context":"https:\/\/schema.org","@graph":[{"@type":"WebPage","@id":"https:\/\/medicina.udd.cl\/icim\/jornada-genero-y-ciencia-en-icim\/","url":"https:\/\/medicina.udd.cl\/icim\/jornada-genero-y-ciencia-en-icim\/","name":"Jornada: G\u00e9nero y Ciencia en ICIM - ICIM","isPartOf":{"@id":"https:\/\/medicina.udd.cl\/icim\/#website"},"primaryImageOfPage":{"@id":"https:\/\/medicina.udd.cl\/icim\/jornada-genero-y-ciencia-en-icim\/#primaryimage"},"image":{"@id":"https:\/\/medicina.udd.cl\/icim\/jornada-genero-y-ciencia-en-icim\/#primaryimage"},"thumbnailUrl":"https:\/\/medicina.udd.cl\/icim\/files\/2024\/05\/imagen-jornada-de-genero-726x1024.jpeg","datePublished":"2024-05-22T19:55:10+00:00","dateModified":"2024-05-22T20:04:20+00:00","breadcrumb":{"@id":"https:\/\/medicina.udd.cl\/icim\/jornada-genero-y-ciencia-en-icim\/#breadcrumb"},"inLanguage":"es","potentialAction":[{"@type":"ReadAction","target":["https:\/\/medicina.udd.cl\/icim\/jornada-genero-y-ciencia-en-icim\/"]}]},{"@type":"ImageObject","inLanguage":"es","@id":"https:\/\/medicina.udd.cl\/icim\/jornada-genero-y-ciencia-en-icim\/#primaryimage","url":"https:\/\/medicina.udd.cl\/icim\/files\/2024\/05\/imagen-jornada-de-genero.jpeg","contentUrl":"https:\/\/medicina.udd.cl\/icim\/files\/2024\/05\/imagen-jornada-de-genero.jpeg","width":908,"height":1280},{"@type":"BreadcrumbList","@id":"https:\/\/medicina.udd.cl\/icim\/jornada-genero-y-ciencia-en-icim\/#breadcrumb","itemListElement":[{"@type":"ListItem","position":1,"name":"Inicio","item":"https:\/\/medicina.udd.cl\/icim\/"},{"@type":"ListItem","position":2,"name":"Jornada: G\u00e9nero y Ciencia en ICIM"}]},{"@type":"WebSite","@id":"https:\/\/medicina.udd.cl\/icim\/#website","url":"https:\/\/medicina.udd.cl\/icim\/","name":"ICIM","description":"Una iniciativa de Universidad del Desarrollo y Cl\u00ednica Alemana","inLanguage":"es"}]}},"_links":{"self":[{"href":"https:\/\/medicina.udd.cl\/icim\/wp-json\/wp\/v2\/pages\/12604","targetHints":{"allow":["GET"]}}],"collection":[{"href":"https:\/\/medicina.udd.cl\/icim\/wp-json\/wp\/v2\/pages"}],"about":[{"href":"https:\/\/medicina.udd.cl\/icim\/wp-json\/wp\/v2\/types\/page"}],"author":[{"embeddable":true,"href":"https:\/\/medicina.udd.cl\/icim\/wp-json\/wp\/v2\/users\/9192219"}],"replies":[{"embeddable":true,"href":"https:\/\/medicina.udd.cl\/icim\/wp-json\/wp\/v2\/comments?post=12604"}],"version-history":[{"count":4,"href":"https:\/\/medicina.udd.cl\/icim\/wp-json\/wp\/v2\/pages\/12604\/revisions"}],"predecessor-version":[{"id":12625,"href":"https:\/\/medicina.udd.cl\/icim\/wp-json\/wp\/v2\/pages\/12604\/revisions\/12625"}],"wp:attachment":[{"href":"https:\/\/medicina.udd.cl\/icim\/wp-json\/wp\/v2\/media?parent=12604"}],"curies":[{"name":"wp","href":"https:\/\/api.w.org\/{rel}","templated":true}]}}