{"id":13955,"date":"2025-02-21T15:46:25","date_gmt":"2025-02-21T18:46:25","guid":{"rendered":"https:\/\/medicina.udd.cl\/icim\/?page_id=13955"},"modified":"2025-03-06T09:37:28","modified_gmt":"2025-03-06T12:37:28","slug":"pasarela-cientifica-icim-2025","status":"publish","type":"page","link":"https:\/\/medicina.udd.cl\/icim\/pasarela-cientifica-icim-2025\/","title":{"rendered":"PASARELA CIENT\u00cdFICA ICIM 2025"},"content":{"rendered":"\n<figure class=\"wp-block-image aligncenter size-full\"><img loading=\"lazy\" decoding=\"async\" width=\"520\" height=\"320\" src=\"https:\/\/medicina.udd.cl\/icim\/files\/2025\/02\/linkedin-520x320px.jpg\" alt=\"\" class=\"wp-image-13959\" srcset=\"https:\/\/medicina.udd.cl\/icim\/files\/2025\/02\/linkedin-520x320px.jpg 520w, https:\/\/medicina.udd.cl\/icim\/files\/2025\/02\/linkedin-520x320px-300x185.jpg 300w\" sizes=\"auto, (max-width: 520px) 100vw, 520px\" \/><\/figure>\n\n\n\n<p>\ud83d\udce2 <strong>\u00a1Descubre la ciencia en acci\u00f3n y ampl\u00eda tu red de colaboraci\u00f3n!<\/strong><\/p>\n\n\n\n<p>El <strong>6 y 7 de marzo de 2025<\/strong>, te invitamos a participar en la <strong>Pasarela Cient\u00edfica ICIM<\/strong>, un espacio de encuentro para investigadores, estudiantes y acad\u00e9micos donde exploraremos las \u00faltimas l\u00edneas de investigaci\u00f3n del <strong>ICIM, la Cl\u00ednica Alemana de Santiago y la UDD<\/strong>.<\/p>\n\n\n\n<p>\ud83d\udcc5 <strong>Fecha y horario:<\/strong><br>\u2714 Jueves 6 de marzo: <strong>08:30 \u2013 16:30 hrs.<\/strong><br>\u2714 Viernes 7 de marzo: <strong>09:00 \u2013 16:30 hrs.<\/strong><\/p>\n\n\n\n<p>\ud83d\udccd <strong>Lugar:<\/strong> Auditorio Aula Magna, Cl\u00ednica Alemana de Santiago (Av. Manquehue Norte. 1410, Vitacura.)<\/p>\n\n\n\n<p><br>\ud83d\udce2 <strong>\u00bfA qui\u00e9n est\u00e1 dirigido?<\/strong><br>\ud83d\udd39 Estudiantes de Doctorado en Ciencias e Innovaci\u00f3n en Medicina (DCIM)<br>\ud83d\udd39 Estudiantes de pregrado de la Facultad de Medicina<br>\ud83d\udd39 Investigadores, directores y colaboradores del ICIM, CAS y UDD<br>\ud83d\udd39 Postdoctorados ICIM y UDD<br>\ud83d\udd39 Comunidad acad\u00e9mica UDD en general<\/p>\n\n\n\n<p>\ud83c\udfaf <strong>Objetivos del evento:<\/strong><br>\u2705 Conocer las l\u00edneas de investigaci\u00f3n y proyectos del ICIM y la CAS<br>\u2705 Actualizarse sobre las \u00e1reas de investigaci\u00f3n en la UDD para 2025<br>\u2705 Fomentar la colaboraci\u00f3n entre investigadores y acad\u00e9micos<br>\u2705 Exponer investigaciones en curso a trav\u00e9s de p\u00f3sters cient\u00edficos<\/p>\n\n\n\n<p>\ud83d\udca1 <strong>\u00a1No te quedes fuera de esta oportunidad \u00fanica de conectar con la comunidad cient\u00edfica!<\/strong><\/p>\n\n\n\n<h2 class=\"wp-block-heading\"><a href=\"https:\/\/medicina.udd.cl\/icim\/files\/2025\/03\/programa-pasarela-cientifica-icim-2025-v2.pdf\"><strong>VER PROGRAMA<\/strong><\/a><\/h2>\n\n\n<!-- WP Block: UDD - Disposable -->\n<section\n\tdata-sps-offset=\"100\"\n\tid=\"udd-disposable--1--13955\"\n\tclass=\"wp-block-udd-disposable udd-notice disposable-block \"\n>\n\t<div class=\"container\">\n\t\t<div\n\t\t\tclass=\"udd-notice__header \"\n\t\t\tstyle=\"background-color: \"\n\t\t>\n\t\t\t\t\t\t<span class=\"udd-notice__header-label\">AQU\u00cd<\/span>\n\t\t<\/div>\n\t\t<div\n\t\t\tclass=\"udd-notice__content\"\n\t\t\tstyle=\"background-color: \"\n\t\t>\n\t\t\t\ud83d\udd17 <strong><a href=\"https:\/\/www.ecopass.cl\/events\/pasarela-cient%C3%ADfica-icim-2025---udd---cl%C3%ADnica-alemana\/13357?\">INSCR\u00cdBETE AHORA<\/a><\/strong>\t\t<\/div>\n\t\t\t<\/div>\n<\/section>\n","protected":false},"excerpt":{"rendered":"<p>\ud83d\udce2 \u00a1Descubre la ciencia en acci\u00f3n y ampl\u00eda tu red de colaboraci\u00f3n! El 6 y 7 de marzo de 2025, te invitamos a participar en la Pasarela Cient\u00edfica ICIM, un espacio de encuentro para investigadores, estudiantes y acad\u00e9micos donde exploraremos las \u00faltimas l\u00edneas de investigaci\u00f3n del ICIM, la Cl\u00ednica Alemana de Santiago y la UDD. [&hellip;]<\/p>\n","protected":false},"author":9192219,"featured_media":13961,"parent":0,"menu_order":0,"comment_status":"closed","ping_status":"closed","template":"","meta":{"footnotes":""},"class_list":["post-13955","page","type-page","status-publish","has-post-thumbnail","hentry"],"yoast_head":"<!-- This site is optimized with the Yoast SEO plugin v26.9 - https:\/\/yoast.com\/product\/yoast-seo-wordpress\/ -->\n<title>PASARELA CIENT\u00cdFICA ICIM 2025 - ICIM<\/title>\n<meta name=\"robots\" content=\"index, follow, max-snippet:-1, max-image-preview:large, max-video-preview:-1\" \/>\n<link rel=\"canonical\" href=\"https:\/\/medicina.udd.cl\/icim\/pasarela-cientifica-icim-2025\/\" \/>\n<meta property=\"og:locale\" content=\"es_ES\" \/>\n<meta property=\"og:type\" content=\"article\" \/>\n<meta property=\"og:title\" content=\"PASARELA CIENT\u00cdFICA ICIM 2025 - ICIM\" \/>\n<meta property=\"og:description\" content=\"\ud83d\udce2 \u00a1Descubre la ciencia en acci\u00f3n y ampl\u00eda tu red de colaboraci\u00f3n! El 6 y 7 de marzo de 2025, te invitamos a participar en la Pasarela Cient\u00edfica ICIM, un espacio de encuentro para investigadores, estudiantes y acad\u00e9micos donde exploraremos las \u00faltimas l\u00edneas de investigaci\u00f3n del ICIM, la Cl\u00ednica Alemana de Santiago y la UDD. [&hellip;]\" \/>\n<meta property=\"og:url\" content=\"https:\/\/medicina.udd.cl\/icim\/pasarela-cientifica-icim-2025\/\" \/>\n<meta property=\"og:site_name\" content=\"ICIM\" \/>\n<meta property=\"article:modified_time\" content=\"2025-03-06T12:37:28+00:00\" \/>\n<meta property=\"og:image\" content=\"https:\/\/medicina.udd.cl\/icim\/files\/2025\/02\/facebook-1080x1080px.jpg\" \/>\n\t<meta property=\"og:image:width\" content=\"1080\" \/>\n\t<meta property=\"og:image:height\" content=\"1080\" \/>\n\t<meta property=\"og:image:type\" content=\"image\/jpeg\" \/>\n<meta name=\"twitter:card\" content=\"summary_large_image\" \/>\n<meta name=\"twitter:label1\" content=\"Tiempo de lectura\" \/>\n\t<meta name=\"twitter:data1\" content=\"2 minutos\" \/>\n<script type=\"application\/ld+json\" class=\"yoast-schema-graph\">{\"@context\":\"https:\/\/schema.org\",\"@graph\":[{\"@type\":\"WebPage\",\"@id\":\"https:\/\/medicina.udd.cl\/icim\/pasarela-cientifica-icim-2025\/\",\"url\":\"https:\/\/medicina.udd.cl\/icim\/pasarela-cientifica-icim-2025\/\",\"name\":\"PASARELA CIENT\u00cdFICA ICIM 2025 - ICIM\",\"isPartOf\":{\"@id\":\"https:\/\/medicina.udd.cl\/icim\/#website\"},\"primaryImageOfPage\":{\"@id\":\"https:\/\/medicina.udd.cl\/icim\/pasarela-cientifica-icim-2025\/#primaryimage\"},\"image\":{\"@id\":\"https:\/\/medicina.udd.cl\/icim\/pasarela-cientifica-icim-2025\/#primaryimage\"},\"thumbnailUrl\":\"https:\/\/medicina.udd.cl\/icim\/files\/2025\/02\/facebook-1080x1080px.jpg\",\"datePublished\":\"2025-02-21T18:46:25+00:00\",\"dateModified\":\"2025-03-06T12:37:28+00:00\",\"breadcrumb\":{\"@id\":\"https:\/\/medicina.udd.cl\/icim\/pasarela-cientifica-icim-2025\/#breadcrumb\"},\"inLanguage\":\"es\",\"potentialAction\":[{\"@type\":\"ReadAction\",\"target\":[\"https:\/\/medicina.udd.cl\/icim\/pasarela-cientifica-icim-2025\/\"]}]},{\"@type\":\"ImageObject\",\"inLanguage\":\"es\",\"@id\":\"https:\/\/medicina.udd.cl\/icim\/pasarela-cientifica-icim-2025\/#primaryimage\",\"url\":\"https:\/\/medicina.udd.cl\/icim\/files\/2025\/02\/facebook-1080x1080px.jpg\",\"contentUrl\":\"https:\/\/medicina.udd.cl\/icim\/files\/2025\/02\/facebook-1080x1080px.jpg\",\"width\":1080,\"height\":1080},{\"@type\":\"BreadcrumbList\",\"@id\":\"https:\/\/medicina.udd.cl\/icim\/pasarela-cientifica-icim-2025\/#breadcrumb\",\"itemListElement\":[{\"@type\":\"ListItem\",\"position\":1,\"name\":\"Inicio\",\"item\":\"https:\/\/medicina.udd.cl\/icim\/\"},{\"@type\":\"ListItem\",\"position\":2,\"name\":\"PASARELA CIENT\u00cdFICA ICIM 2025\"}]},{\"@type\":\"WebSite\",\"@id\":\"https:\/\/medicina.udd.cl\/icim\/#website\",\"url\":\"https:\/\/medicina.udd.cl\/icim\/\",\"name\":\"ICIM\",\"description\":\"Una iniciativa de Universidad del Desarrollo y Cl\u00ednica Alemana\",\"inLanguage\":\"es\"}]}<\/script>\n<!-- \/ Yoast SEO plugin. -->","yoast_head_json":{"title":"PASARELA CIENT\u00cdFICA ICIM 2025 - ICIM","robots":{"index":"index","follow":"follow","max-snippet":"max-snippet:-1","max-image-preview":"max-image-preview:large","max-video-preview":"max-video-preview:-1"},"canonical":"https:\/\/medicina.udd.cl\/icim\/pasarela-cientifica-icim-2025\/","og_locale":"es_ES","og_type":"article","og_title":"PASARELA CIENT\u00cdFICA ICIM 2025 - ICIM","og_description":"\ud83d\udce2 \u00a1Descubre la ciencia en acci\u00f3n y ampl\u00eda tu red de colaboraci\u00f3n! El 6 y 7 de marzo de 2025, te invitamos a participar en la Pasarela Cient\u00edfica ICIM, un espacio de encuentro para investigadores, estudiantes y acad\u00e9micos donde exploraremos las \u00faltimas l\u00edneas de investigaci\u00f3n del ICIM, la Cl\u00ednica Alemana de Santiago y la UDD. [&hellip;]","og_url":"https:\/\/medicina.udd.cl\/icim\/pasarela-cientifica-icim-2025\/","og_site_name":"ICIM","article_modified_time":"2025-03-06T12:37:28+00:00","og_image":[{"width":1080,"height":1080,"url":"https:\/\/medicina.udd.cl\/icim\/files\/2025\/02\/facebook-1080x1080px.jpg","type":"image\/jpeg"}],"twitter_card":"summary_large_image","twitter_misc":{"Tiempo de lectura":"2 minutos"},"schema":{"@context":"https:\/\/schema.org","@graph":[{"@type":"WebPage","@id":"https:\/\/medicina.udd.cl\/icim\/pasarela-cientifica-icim-2025\/","url":"https:\/\/medicina.udd.cl\/icim\/pasarela-cientifica-icim-2025\/","name":"PASARELA CIENT\u00cdFICA ICIM 2025 - ICIM","isPartOf":{"@id":"https:\/\/medicina.udd.cl\/icim\/#website"},"primaryImageOfPage":{"@id":"https:\/\/medicina.udd.cl\/icim\/pasarela-cientifica-icim-2025\/#primaryimage"},"image":{"@id":"https:\/\/medicina.udd.cl\/icim\/pasarela-cientifica-icim-2025\/#primaryimage"},"thumbnailUrl":"https:\/\/medicina.udd.cl\/icim\/files\/2025\/02\/facebook-1080x1080px.jpg","datePublished":"2025-02-21T18:46:25+00:00","dateModified":"2025-03-06T12:37:28+00:00","breadcrumb":{"@id":"https:\/\/medicina.udd.cl\/icim\/pasarela-cientifica-icim-2025\/#breadcrumb"},"inLanguage":"es","potentialAction":[{"@type":"ReadAction","target":["https:\/\/medicina.udd.cl\/icim\/pasarela-cientifica-icim-2025\/"]}]},{"@type":"ImageObject","inLanguage":"es","@id":"https:\/\/medicina.udd.cl\/icim\/pasarela-cientifica-icim-2025\/#primaryimage","url":"https:\/\/medicina.udd.cl\/icim\/files\/2025\/02\/facebook-1080x1080px.jpg","contentUrl":"https:\/\/medicina.udd.cl\/icim\/files\/2025\/02\/facebook-1080x1080px.jpg","width":1080,"height":1080},{"@type":"BreadcrumbList","@id":"https:\/\/medicina.udd.cl\/icim\/pasarela-cientifica-icim-2025\/#breadcrumb","itemListElement":[{"@type":"ListItem","position":1,"name":"Inicio","item":"https:\/\/medicina.udd.cl\/icim\/"},{"@type":"ListItem","position":2,"name":"PASARELA CIENT\u00cdFICA ICIM 2025"}]},{"@type":"WebSite","@id":"https:\/\/medicina.udd.cl\/icim\/#website","url":"https:\/\/medicina.udd.cl\/icim\/","name":"ICIM","description":"Una iniciativa de Universidad del Desarrollo y Cl\u00ednica Alemana","inLanguage":"es"}]}},"_links":{"self":[{"href":"https:\/\/medicina.udd.cl\/icim\/wp-json\/wp\/v2\/pages\/13955","targetHints":{"allow":["GET"]}}],"collection":[{"href":"https:\/\/medicina.udd.cl\/icim\/wp-json\/wp\/v2\/pages"}],"about":[{"href":"https:\/\/medicina.udd.cl\/icim\/wp-json\/wp\/v2\/types\/page"}],"author":[{"embeddable":true,"href":"https:\/\/medicina.udd.cl\/icim\/wp-json\/wp\/v2\/users\/9192219"}],"replies":[{"embeddable":true,"href":"https:\/\/medicina.udd.cl\/icim\/wp-json\/wp\/v2\/comments?post=13955"}],"version-history":[{"count":7,"href":"https:\/\/medicina.udd.cl\/icim\/wp-json\/wp\/v2\/pages\/13955\/revisions"}],"predecessor-version":[{"id":14602,"href":"https:\/\/medicina.udd.cl\/icim\/wp-json\/wp\/v2\/pages\/13955\/revisions\/14602"}],"wp:featuredmedia":[{"embeddable":true,"href":"https:\/\/medicina.udd.cl\/icim\/wp-json\/wp\/v2\/media\/13961"}],"wp:attachment":[{"href":"https:\/\/medicina.udd.cl\/icim\/wp-json\/wp\/v2\/media?parent=13955"}],"curies":[{"name":"wp","href":"https:\/\/api.w.org\/{rel}","templated":true}]}}

PASARELA CIENTÍFICA ICIM 2025

<figure class="wp-block-image aligncenter size-full"><img loading="lazy" decoding="async" width="520" height="320" src="https://medicina.udd.cl/icim/files/2025/02/linkedin-520x320px.jpg" alt="" class="wp-image-13959" srcset="https://medicina.udd.cl/icim/files/2025/02/linkedin-520x320px.jpg 520w, https://medicina.udd.cl/icim/files/2025/02/linkedin-520x320px-300x185.jpg 300w" sizes="auto, (max-width: 520px) 100vw, 520px" /></figure>



<p>📢 <strong>¡Descubre la ciencia en acción y amplía tu red de colaboración!</strong></p>



<p>El <strong>6 y 7 de marzo de 2025</strong>, te invitamos a participar en la <strong>Pasarela Científica ICIM</strong>, un espacio de encuentro para investigadores, estudiantes y académicos donde exploraremos las últimas líneas de investigación del <strong>ICIM, la Clínica Alemana de Santiago y la UDD</strong>.</p>



<p>📅 <strong>Fecha y horario:</strong><br>✔ Jueves 6 de marzo: <strong>08:30 – 16:30 hrs.</strong><br>✔ Viernes 7 de marzo: <strong>09:00 – 16:30 hrs.</strong></p>



<p>📍 <strong>Lugar:</strong> Auditorio Aula Magna, Clínica Alemana de Santiago (Av. Manquehue Norte. 1410, Vitacura.)</p>



<p><br>📢 <strong>¿A quién está dirigido?</strong><br>🔹 Estudiantes de Doctorado en Ciencias e Innovación en Medicina (DCIM)<br>🔹 Estudiantes de pregrado de la Facultad de Medicina<br>🔹 Investigadores, directores y colaboradores del ICIM, CAS y UDD<br>🔹 Postdoctorados ICIM y UDD<br>🔹 Comunidad académica UDD en general</p>



<p>🎯 <strong>Objetivos del evento:</strong><br>✅ Conocer las líneas de investigación y proyectos del ICIM y la CAS<br>✅ Actualizarse sobre las áreas de investigación en la UDD para 2025<br>✅ Fomentar la colaboración entre investigadores y académicos<br>✅ Exponer investigaciones en curso a través de pósters científicos</p>



<p>💡 <strong>¡No te quedes fuera de esta oportunidad única de conectar con la comunidad científica!</strong></p>



<h2 class="wp-block-heading"><a href="https://medicina.udd.cl/icim/files/2025/03/programa-pasarela-cientifica-icim-2025-v2.pdf"><strong>VER PROGRAMA</strong></a></h2>


<!-- WP Block: UDD - Disposable -->
<section
	data-sps-offset="100"
	id="udd-disposable--1--13955"
	class="wp-block-udd-disposable udd-notice disposable-block "
>
	<div class="container">
		<div
			class="udd-notice__header "
			style="background-color: "
		>
						<span class="udd-notice__header-label">AQUÍ</span>
		</div>
		<div
			class="udd-notice__content"
			style="background-color: "
		>
			🔗 <strong><a href="https://www.ecopass.cl/events/pasarela-cient%C3%ADfica-icim-2025---udd---cl%C3%ADnica-alemana/13357?">INSCRÍBETE AHORA</a></strong>		</div>
			</div>
</section>

<p>📢 ¡Descubre la ciencia en acción y amplía tu red de colaboración! El 6 y 7 de marzo de 2025, te invitamos a participar en la Pasarela Científica ICIM, un espacio de encuentro para investigadores, estudiantes y académicos donde exploraremos las últimas líneas de investigación del ICIM, la Clínica Alemana de Santiago y la UDD. [&hellip;]</p>

<!-- This site is optimized with the Yoast SEO plugin v26.9 - https://yoast.com/product/yoast-seo-wordpress/ -->
<title>PASARELA CIENTÍFICA ICIM 2025 - ICIM</title>
<meta name="robots" content="index, follow, max-snippet:-1, max-image-preview:large, max-video-preview:-1" />
<link rel="canonical" href="https://medicina.udd.cl/icim/pasarela-cientifica-icim-2025/" />
<meta property="og:locale" content="es_ES" />
<meta property="og:type" content="article" />
<meta property="og:title" content="PASARELA CIENTÍFICA ICIM 2025 - ICIM" />
<meta property="og:description" content="📢 ¡Descubre la ciencia en acción y amplía tu red de colaboración! El 6 y 7 de marzo de 2025, te invitamos a participar en la Pasarela Científica ICIM, un espacio de encuentro para investigadores, estudiantes y académicos donde exploraremos las últimas líneas de investigación del ICIM, la Clínica Alemana de Santiago y la UDD. [&hellip;]" />
<meta property="og:url" content="https://medicina.udd.cl/icim/pasarela-cientifica-icim-2025/" />
<meta property="og:site_name" content="ICIM" />
<meta property="article:modified_time" content="2025-03-06T12:37:28+00:00" />
<meta property="og:image" content="https://medicina.udd.cl/icim/files/2025/02/facebook-1080x1080px.jpg" />
	<meta property="og:image:width" content="1080" />
	<meta property="og:image:height" content="1080" />
	<meta property="og:image:type" content="image/jpeg" />
<meta name="twitter:card" content="summary_large_image" />
<meta name="twitter:label1" content="Tiempo de lectura" />
	<meta name="twitter:data1" content="2 minutos" />
<script type="application/ld+json" class="yoast-schema-graph">{"@context":"https://schema.org","@graph":[{"@type":"WebPage","@id":"https://medicina.udd.cl/icim/pasarela-cientifica-icim-2025/","url":"https://medicina.udd.cl/icim/pasarela-cientifica-icim-2025/","name":"PASARELA CIENTÍFICA ICIM 2025 - ICIM","isPartOf":{"@id":"https://medicina.udd.cl/icim/#website"},"primaryImageOfPage":{"@id":"https://medicina.udd.cl/icim/pasarela-cientifica-icim-2025/#primaryimage"},"image":{"@id":"https://medicina.udd.cl/icim/pasarela-cientifica-icim-2025/#primaryimage"},"thumbnailUrl":"https://medicina.udd.cl/icim/files/2025/02/facebook-1080x1080px.jpg","datePublished":"2025-02-21T18:46:25+00:00","dateModified":"2025-03-06T12:37:28+00:00","breadcrumb":{"@id":"https://medicina.udd.cl/icim/pasarela-cientifica-icim-2025/#breadcrumb"},"inLanguage":"es","potentialAction":[{"@type":"ReadAction","target":["https://medicina.udd.cl/icim/pasarela-cientifica-icim-2025/"]}]},{"@type":"ImageObject","inLanguage":"es","@id":"https://medicina.udd.cl/icim/pasarela-cientifica-icim-2025/#primaryimage","url":"https://medicina.udd.cl/icim/files/2025/02/facebook-1080x1080px.jpg","contentUrl":"https://medicina.udd.cl/icim/files/2025/02/facebook-1080x1080px.jpg","width":1080,"height":1080},{"@type":"BreadcrumbList","@id":"https://medicina.udd.cl/icim/pasarela-cientifica-icim-2025/#breadcrumb","itemListElement":[{"@type":"ListItem","position":1,"name":"Inicio","item":"https://medicina.udd.cl/icim/"},{"@type":"ListItem","position":2,"name":"PASARELA CIENTÍFICA ICIM 2025"}]},{"@type":"WebSite","@id":"https://medicina.udd.cl/icim/#website","url":"https://medicina.udd.cl/icim/","name":"ICIM","description":"Una iniciativa de Universidad del Desarrollo y Clínica Alemana","inLanguage":"es"}]}</script>
<!-- / Yoast SEO plugin. -->

PASARELA CIENTÍFICA ICIM 2025 - ICIM

📢 ¡Descubre la ciencia en acción y amplía tu red de colaboración! El 6 y 7 de marzo de 2025, te invitamos a participar en la Pasarela Científica ICIM, un espacio de encuentro para investigadores, estudiantes y académicos donde exploraremos las últimas líneas de investigación del ICIM, la Clínica Alemana de Santiago y la UDD. [&hellip;]

Una iniciativa de Universidad del Desarrollo y Clínica Alemana
