{"id":14195,"date":"2025-07-08T12:12:43","date_gmt":"2025-07-08T16:12:43","guid":{"rendered":"https:\/\/medicina.udd.cl\/icim\/?page_id=14195"},"modified":"2025-10-16T16:15:07","modified_gmt":"2025-10-16T19:15:07","slug":"iii-simposio-interdisciplinario-de-investigacion-postdoctoral-e-investigadores-jovenes","status":"publish","type":"page","link":"https:\/\/medicina.udd.cl\/icim\/iii-simposio-interdisciplinario-de-investigacion-postdoctoral-e-investigadores-jovenes\/","title":{"rendered":"III Simposio Interdisciplinario de Investigaci\u00f3n Postdoctoral e Investigadores J\u00f3venes"},"content":{"rendered":"\n<figure class=\"wp-block-image alignright size-large is-resized\"><img loading=\"lazy\" decoding=\"async\" width=\"1024\" height=\"1024\" src=\"https:\/\/medicina.udd.cl\/icim\/files\/2025\/07\/postdoctoral-2025-vb7-1024x1024.jpg\" alt=\"\" class=\"wp-image-14201\" style=\"width:521px;height:auto\" srcset=\"https:\/\/medicina.udd.cl\/icim\/files\/2025\/07\/postdoctoral-2025-vb7-1024x1024.jpg 1024w, https:\/\/medicina.udd.cl\/icim\/files\/2025\/07\/postdoctoral-2025-vb7-300x300.jpg 300w, https:\/\/medicina.udd.cl\/icim\/files\/2025\/07\/postdoctoral-2025-vb7-150x150.jpg 150w, https:\/\/medicina.udd.cl\/icim\/files\/2025\/07\/postdoctoral-2025-vb7-768x768.jpg 768w, https:\/\/medicina.udd.cl\/icim\/files\/2025\/07\/postdoctoral-2025-vb7-62x62.jpg 62w, https:\/\/medicina.udd.cl\/icim\/files\/2025\/07\/postdoctoral-2025-vb7-750x750.jpg 750w, https:\/\/medicina.udd.cl\/icim\/files\/2025\/07\/postdoctoral-2025-vb7-500x500.jpg 500w, https:\/\/medicina.udd.cl\/icim\/files\/2025\/07\/postdoctoral-2025-vb7-250x250.jpg 250w, https:\/\/medicina.udd.cl\/icim\/files\/2025\/07\/postdoctoral-2025-vb7-126x126.jpg 126w, https:\/\/medicina.udd.cl\/icim\/files\/2025\/07\/postdoctoral-2025-vb7.jpg 1080w\" sizes=\"auto, (max-width: 1024px) 100vw, 1024px\" \/><\/figure>\n\n\n\n<p>Como grupo de investigadores postdoctorales de la Universidad del Desarrollo (UDD) te invitamos a la tercera versi\u00f3n del <strong>\u00abSimposio de Investigadores Postdoctorales e Investigadores J\u00f3venes\u00bb<\/strong> que se llevar\u00e1 a cabo el d\u00eda jueves 25 de septiembre de 2025 en el Auditorio La Nave, ubicado en el campus Rector Ernesto Silva Bafalluy de la UDD.<\/p>\n\n\n\n<p>Con el objetivo de visibilizar y fortalecer el trabajo de los postdoctorantes de Chile, hemos creado este espacio de encuentro donde investigadores postdoctorales de distintas \u00e1reas y casas de estudio puedan compartir sus investigaciones con la comunidad cient\u00edfica. Esta iniciativa busca no solo difundir el conocimiento, sino tambi\u00e9n fomentar redes de colaboraci\u00f3n y apoyo. En esta tercera versi\u00f3n extendemos invitaci\u00f3n a participar como expositores a investigadores jovenes que hayan finalizado recientemente su postdoctorado.<\/p>\n\n\n\n<p>El formato del encuentro consiste en presentaciones orales cortas y\/o p\u00f3ster.<\/p>\n\n\n\n<p>La asistencia al evento est\u00e1 abierta a investigadores de pregrado, postgrado y a investigadores de mayor experiencia.<\/p>\n\n\n\n<p>\u00a1Te esperamos!<\/p>\n\n\n<!-- WP Block: UDD - Disposable -->\n<section\n\tdata-sps-offset=\"100\"\n\tid=\"udd-disposable--1--14195\"\n\tclass=\"wp-block-udd-disposable udd-notice disposable-block \"\n>\n\t<div class=\"container\">\n\t\t<div\n\t\t\tclass=\"udd-notice__header \"\n\t\t\tstyle=\"background-color: \"\n\t\t>\n\t\t\t\t\t\t<span class=\"udd-notice__header-label\"><\/span>\n\t\t<\/div>\n\t\t<div\n\t\t\tclass=\"udd-notice__content\"\n\t\t\tstyle=\"background-color: \"\n\t\t>\n\t\t\t<a href=\"https:\/\/medicina.udd.cl\/icim\/files\/2025\/09\/programa-simposio-postdoc-udd.pdf\"><strong>VER PROGRAMA 2025<\/strong><\/a>\t\t<\/div>\n\t\t\t<\/div>\n<\/section>\n\n\n<!-- WP Block: UDD - Disposable -->\n<section\n\tdata-sps-offset=\"100\"\n\tid=\"udd-disposable--2--14195\"\n\tclass=\"wp-block-udd-disposable udd-notice disposable-block \"\n>\n\t<div class=\"container\">\n\t\t<div\n\t\t\tclass=\"udd-notice__header \"\n\t\t\tstyle=\"background-color: \"\n\t\t>\n\t\t\t\t\t\t<span class=\"udd-notice__header-label\"><\/span>\n\t\t<\/div>\n\t\t<div\n\t\t\tclass=\"udd-notice__content\"\n\t\t\tstyle=\"background-color: \"\n\t\t>\n\t\t\t<strong><a href=\"https:\/\/sites.google.com\/view\/simposio-postdoc-udd\/inicio\">M\u00c1S INFORMACI\u00d3N<\/a><\/strong>\t\t<\/div>\n\t\t\t<\/div>\n<\/section>\n\n\n<!-- WP Block: UDD - Disposable -->\n<section\n\tdata-sps-offset=\"100\"\n\tid=\"udd-disposable--3--14195\"\n\tclass=\"wp-block-udd-disposable udd-notice disposable-block \"\n>\n\t<div class=\"container\">\n\t\t<div\n\t\t\tclass=\"udd-notice__header \"\n\t\t\tstyle=\"background-color: \"\n\t\t>\n\t\t\t\t\t\t<span class=\"udd-notice__header-label\"><\/span>\n\t\t<\/div>\n\t\t<div\n\t\t\tclass=\"udd-notice__content\"\n\t\t\tstyle=\"background-color: \"\n\t\t>\n\t\t\t<a href=\"https:\/\/medicina.udd.cl\/icim\/files\/2025\/10\/certificado-de-participacioin-con-nombre-1-63-1-14.zip\"><strong>DESCARGUE SU CERTIFICADO AQU\u00cd<\/strong><\/a>\t\t<\/div>\n\t\t\t<\/div>\n<\/section>\n","protected":false},"excerpt":{"rendered":"<p>Como grupo de investigadores postdoctorales de la Universidad del Desarrollo (UDD) te invitamos a la tercera versi\u00f3n del \u00abSimposio de Investigadores Postdoctorales e Investigadores J\u00f3venes\u00bb que se llevar\u00e1 a cabo el d\u00eda jueves 25 de septiembre de 2025 en el Auditorio La Nave, ubicado en el campus Rector Ernesto Silva Bafalluy de la UDD. Con [&hellip;]<\/p>\n","protected":false},"author":9192219,"featured_media":14196,"parent":0,"menu_order":0,"comment_status":"closed","ping_status":"closed","template":"","meta":{"footnotes":""},"class_list":["post-14195","page","type-page","status-publish","has-post-thumbnail","hentry"],"yoast_head":"<!-- This site is optimized with the Yoast SEO plugin v26.9 - https:\/\/yoast.com\/product\/yoast-seo-wordpress\/ -->\n<title>III Simposio Interdisciplinario de Investigaci\u00f3n Postdoctoral e Investigadores J\u00f3venes - ICIM<\/title>\n<meta name=\"robots\" content=\"index, follow, max-snippet:-1, max-image-preview:large, max-video-preview:-1\" \/>\n<link rel=\"canonical\" href=\"https:\/\/medicina.udd.cl\/icim\/iii-simposio-interdisciplinario-de-investigacion-postdoctoral-e-investigadores-jovenes\/\" \/>\n<meta property=\"og:locale\" content=\"es_ES\" \/>\n<meta property=\"og:type\" content=\"article\" \/>\n<meta property=\"og:title\" content=\"III Simposio Interdisciplinario de Investigaci\u00f3n Postdoctoral e Investigadores J\u00f3venes - ICIM\" \/>\n<meta property=\"og:description\" content=\"Como grupo de investigadores postdoctorales de la Universidad del Desarrollo (UDD) te invitamos a la tercera versi\u00f3n del \u00abSimposio de Investigadores Postdoctorales e Investigadores J\u00f3venes\u00bb que se llevar\u00e1 a cabo el d\u00eda jueves 25 de septiembre de 2025 en el Auditorio La Nave, ubicado en el campus Rector Ernesto Silva Bafalluy de la UDD. Con [&hellip;]\" \/>\n<meta property=\"og:url\" content=\"https:\/\/medicina.udd.cl\/icim\/iii-simposio-interdisciplinario-de-investigacion-postdoctoral-e-investigadores-jovenes\/\" \/>\n<meta property=\"og:site_name\" content=\"ICIM\" \/>\n<meta property=\"article:modified_time\" content=\"2025-10-16T19:15:07+00:00\" \/>\n<meta property=\"og:image\" content=\"https:\/\/medicina.udd.cl\/icim\/files\/2025\/07\/postdoctoral-2025-vb5.jpg\" \/>\n\t<meta property=\"og:image:width\" content=\"1080\" \/>\n\t<meta property=\"og:image:height\" content=\"1080\" \/>\n\t<meta property=\"og:image:type\" content=\"image\/jpeg\" \/>\n<meta name=\"twitter:card\" content=\"summary_large_image\" \/>\n<meta name=\"twitter:label1\" content=\"Tiempo de lectura\" \/>\n\t<meta name=\"twitter:data1\" content=\"2 minutos\" \/>\n<script type=\"application\/ld+json\" class=\"yoast-schema-graph\">{\"@context\":\"https:\/\/schema.org\",\"@graph\":[{\"@type\":\"WebPage\",\"@id\":\"https:\/\/medicina.udd.cl\/icim\/iii-simposio-interdisciplinario-de-investigacion-postdoctoral-e-investigadores-jovenes\/\",\"url\":\"https:\/\/medicina.udd.cl\/icim\/iii-simposio-interdisciplinario-de-investigacion-postdoctoral-e-investigadores-jovenes\/\",\"name\":\"III Simposio Interdisciplinario de Investigaci\u00f3n Postdoctoral e Investigadores J\u00f3venes - ICIM\",\"isPartOf\":{\"@id\":\"https:\/\/medicina.udd.cl\/icim\/#website\"},\"primaryImageOfPage\":{\"@id\":\"https:\/\/medicina.udd.cl\/icim\/iii-simposio-interdisciplinario-de-investigacion-postdoctoral-e-investigadores-jovenes\/#primaryimage\"},\"image\":{\"@id\":\"https:\/\/medicina.udd.cl\/icim\/iii-simposio-interdisciplinario-de-investigacion-postdoctoral-e-investigadores-jovenes\/#primaryimage\"},\"thumbnailUrl\":\"https:\/\/medicina.udd.cl\/icim\/files\/2025\/07\/postdoctoral-2025-vb5.jpg\",\"datePublished\":\"2025-07-08T16:12:43+00:00\",\"dateModified\":\"2025-10-16T19:15:07+00:00\",\"breadcrumb\":{\"@id\":\"https:\/\/medicina.udd.cl\/icim\/iii-simposio-interdisciplinario-de-investigacion-postdoctoral-e-investigadores-jovenes\/#breadcrumb\"},\"inLanguage\":\"es\",\"potentialAction\":[{\"@type\":\"ReadAction\",\"target\":[\"https:\/\/medicina.udd.cl\/icim\/iii-simposio-interdisciplinario-de-investigacion-postdoctoral-e-investigadores-jovenes\/\"]}]},{\"@type\":\"ImageObject\",\"inLanguage\":\"es\",\"@id\":\"https:\/\/medicina.udd.cl\/icim\/iii-simposio-interdisciplinario-de-investigacion-postdoctoral-e-investigadores-jovenes\/#primaryimage\",\"url\":\"https:\/\/medicina.udd.cl\/icim\/files\/2025\/07\/postdoctoral-2025-vb5.jpg\",\"contentUrl\":\"https:\/\/medicina.udd.cl\/icim\/files\/2025\/07\/postdoctoral-2025-vb5.jpg\",\"width\":1080,\"height\":1080},{\"@type\":\"BreadcrumbList\",\"@id\":\"https:\/\/medicina.udd.cl\/icim\/iii-simposio-interdisciplinario-de-investigacion-postdoctoral-e-investigadores-jovenes\/#breadcrumb\",\"itemListElement\":[{\"@type\":\"ListItem\",\"position\":1,\"name\":\"Inicio\",\"item\":\"https:\/\/medicina.udd.cl\/icim\/\"},{\"@type\":\"ListItem\",\"position\":2,\"name\":\"III Simposio Interdisciplinario de Investigaci\u00f3n Postdoctoral e Investigadores J\u00f3venes\"}]},{\"@type\":\"WebSite\",\"@id\":\"https:\/\/medicina.udd.cl\/icim\/#website\",\"url\":\"https:\/\/medicina.udd.cl\/icim\/\",\"name\":\"ICIM\",\"description\":\"Una iniciativa de Universidad del Desarrollo y Cl\u00ednica Alemana\",\"inLanguage\":\"es\"}]}<\/script>\n<!-- \/ Yoast SEO plugin. -->","yoast_head_json":{"title":"III Simposio Interdisciplinario de Investigaci\u00f3n Postdoctoral e Investigadores J\u00f3venes - ICIM","robots":{"index":"index","follow":"follow","max-snippet":"max-snippet:-1","max-image-preview":"max-image-preview:large","max-video-preview":"max-video-preview:-1"},"canonical":"https:\/\/medicina.udd.cl\/icim\/iii-simposio-interdisciplinario-de-investigacion-postdoctoral-e-investigadores-jovenes\/","og_locale":"es_ES","og_type":"article","og_title":"III Simposio Interdisciplinario de Investigaci\u00f3n Postdoctoral e Investigadores J\u00f3venes - ICIM","og_description":"Como grupo de investigadores postdoctorales de la Universidad del Desarrollo (UDD) te invitamos a la tercera versi\u00f3n del \u00abSimposio de Investigadores Postdoctorales e Investigadores J\u00f3venes\u00bb que se llevar\u00e1 a cabo el d\u00eda jueves 25 de septiembre de 2025 en el Auditorio La Nave, ubicado en el campus Rector Ernesto Silva Bafalluy de la UDD. Con [&hellip;]","og_url":"https:\/\/medicina.udd.cl\/icim\/iii-simposio-interdisciplinario-de-investigacion-postdoctoral-e-investigadores-jovenes\/","og_site_name":"ICIM","article_modified_time":"2025-10-16T19:15:07+00:00","og_image":[{"width":1080,"height":1080,"url":"https:\/\/medicina.udd.cl\/icim\/files\/2025\/07\/postdoctoral-2025-vb5.jpg","type":"image\/jpeg"}],"twitter_card":"summary_large_image","twitter_misc":{"Tiempo de lectura":"2 minutos"},"schema":{"@context":"https:\/\/schema.org","@graph":[{"@type":"WebPage","@id":"https:\/\/medicina.udd.cl\/icim\/iii-simposio-interdisciplinario-de-investigacion-postdoctoral-e-investigadores-jovenes\/","url":"https:\/\/medicina.udd.cl\/icim\/iii-simposio-interdisciplinario-de-investigacion-postdoctoral-e-investigadores-jovenes\/","name":"III Simposio Interdisciplinario de Investigaci\u00f3n Postdoctoral e Investigadores J\u00f3venes - ICIM","isPartOf":{"@id":"https:\/\/medicina.udd.cl\/icim\/#website"},"primaryImageOfPage":{"@id":"https:\/\/medicina.udd.cl\/icim\/iii-simposio-interdisciplinario-de-investigacion-postdoctoral-e-investigadores-jovenes\/#primaryimage"},"image":{"@id":"https:\/\/medicina.udd.cl\/icim\/iii-simposio-interdisciplinario-de-investigacion-postdoctoral-e-investigadores-jovenes\/#primaryimage"},"thumbnailUrl":"https:\/\/medicina.udd.cl\/icim\/files\/2025\/07\/postdoctoral-2025-vb5.jpg","datePublished":"2025-07-08T16:12:43+00:00","dateModified":"2025-10-16T19:15:07+00:00","breadcrumb":{"@id":"https:\/\/medicina.udd.cl\/icim\/iii-simposio-interdisciplinario-de-investigacion-postdoctoral-e-investigadores-jovenes\/#breadcrumb"},"inLanguage":"es","potentialAction":[{"@type":"ReadAction","target":["https:\/\/medicina.udd.cl\/icim\/iii-simposio-interdisciplinario-de-investigacion-postdoctoral-e-investigadores-jovenes\/"]}]},{"@type":"ImageObject","inLanguage":"es","@id":"https:\/\/medicina.udd.cl\/icim\/iii-simposio-interdisciplinario-de-investigacion-postdoctoral-e-investigadores-jovenes\/#primaryimage","url":"https:\/\/medicina.udd.cl\/icim\/files\/2025\/07\/postdoctoral-2025-vb5.jpg","contentUrl":"https:\/\/medicina.udd.cl\/icim\/files\/2025\/07\/postdoctoral-2025-vb5.jpg","width":1080,"height":1080},{"@type":"BreadcrumbList","@id":"https:\/\/medicina.udd.cl\/icim\/iii-simposio-interdisciplinario-de-investigacion-postdoctoral-e-investigadores-jovenes\/#breadcrumb","itemListElement":[{"@type":"ListItem","position":1,"name":"Inicio","item":"https:\/\/medicina.udd.cl\/icim\/"},{"@type":"ListItem","position":2,"name":"III Simposio Interdisciplinario de Investigaci\u00f3n Postdoctoral e Investigadores J\u00f3venes"}]},{"@type":"WebSite","@id":"https:\/\/medicina.udd.cl\/icim\/#website","url":"https:\/\/medicina.udd.cl\/icim\/","name":"ICIM","description":"Una iniciativa de Universidad del Desarrollo y Cl\u00ednica Alemana","inLanguage":"es"}]}},"_links":{"self":[{"href":"https:\/\/medicina.udd.cl\/icim\/wp-json\/wp\/v2\/pages\/14195","targetHints":{"allow":["GET"]}}],"collection":[{"href":"https:\/\/medicina.udd.cl\/icim\/wp-json\/wp\/v2\/pages"}],"about":[{"href":"https:\/\/medicina.udd.cl\/icim\/wp-json\/wp\/v2\/types\/page"}],"author":[{"embeddable":true,"href":"https:\/\/medicina.udd.cl\/icim\/wp-json\/wp\/v2\/users\/9192219"}],"replies":[{"embeddable":true,"href":"https:\/\/medicina.udd.cl\/icim\/wp-json\/wp\/v2\/comments?post=14195"}],"version-history":[{"count":7,"href":"https:\/\/medicina.udd.cl\/icim\/wp-json\/wp\/v2\/pages\/14195\/revisions"}],"predecessor-version":[{"id":14426,"href":"https:\/\/medicina.udd.cl\/icim\/wp-json\/wp\/v2\/pages\/14195\/revisions\/14426"}],"wp:featuredmedia":[{"embeddable":true,"href":"https:\/\/medicina.udd.cl\/icim\/wp-json\/wp\/v2\/media\/14196"}],"wp:attachment":[{"href":"https:\/\/medicina.udd.cl\/icim\/wp-json\/wp\/v2\/media?parent=14195"}],"curies":[{"name":"wp","href":"https:\/\/api.w.org\/{rel}","templated":true}]}}