{"id":4920,"date":"2017-06-30T14:01:19","date_gmt":"2017-06-30T14:01:19","guid":{"rendered":"http:\/\/medicina.udd.cl\/icim\/?page_id=4920"},"modified":"2017-08-22T13:35:44","modified_gmt":"2017-08-22T13:35:44","slug":"modelo-de-trabajo-en-alianza","status":"publish","type":"page","link":"https:\/\/medicina.udd.cl\/icim\/modelo-de-trabajo-en-alianza\/","title":{"rendered":"Modelo de Trabajo en Alianza"},"content":{"rendered":"<p>&nbsp;<\/p>\n<h2>INVESTIGACI\u00d3N DE VANGUARDIA AVALADA POR UN MODELO \u00daNICO Y APROBADO<\/h2>\n<p style=\"text-align: justify;\">Este modelo p\u00fablico-privado-acad\u00e9mico (Modelo Triple H\u00e9lice) ha resultado ser un total \u00e9xito en prestigiosas organizaciones cient\u00edficas internacionales para encontrar avanzadas soluciones en salud. Es este escenario, investigadores acad\u00e9micos, p\u00fablicos y privados se convierten en \u201cempresarios\u201d de sus propias tecnolog\u00edas, desarrollando soluciones en laboratorios u oficinas de transferencia tecnol\u00f3gica.<\/p>\n<p style=\"text-align: justify;\">En el caso del ICIM, \u00e9ste se aplica gracias a la alianza entre la\u00a0<strong>Universidad del Desarrollo<\/strong>\u00a0con<em>\u00a0Cl\u00ednica Alemana<\/em>\u00a0-considerada una de las mejores cl\u00ednicas de Am\u00e9rica Latina-, las entidades p\u00fablicas Hospital Padre Hurtado, PMI, CONICYT, CORFO, el Ministerio de Salud y el Ministerio de Educaci\u00f3n. Por otra parte, tambi\u00e9n trabajamos en conjunto con instituciones privadas como la Fundaci\u00f3n DEBRA y Pfizer Chile y en equipo con otras universidades nacionales e internacionales.<\/p>\n","protected":false},"excerpt":{"rendered":"<p>&nbsp; INVESTIGACI\u00d3N DE VANGUARDIA AVALADA POR UN MODELO \u00daNICO Y APROBADO Este modelo p\u00fablico-privado-acad\u00e9mico (Modelo Triple H\u00e9lice) ha resultado ser un total \u00e9xito en prestigiosas organizaciones cient\u00edficas internacionales para encontrar avanzadas soluciones en salud. Es este escenario, investigadores acad\u00e9micos, p\u00fablicos y privados se convierten en \u201cempresarios\u201d de sus propias tecnolog\u00edas, desarrollando soluciones en laboratorios u [&hellip;]<\/p>\n","protected":false},"author":42,"featured_media":0,"parent":0,"menu_order":0,"comment_status":"closed","ping_status":"closed","template":"","meta":{"footnotes":""},"class_list":["post-4920","page","type-page","status-publish","hentry"],"yoast_head":"<!-- This site is optimized with the Yoast SEO plugin v26.9 - https:\/\/yoast.com\/product\/yoast-seo-wordpress\/ -->\n<title>Modelo de Trabajo en Alianza - ICIM<\/title>\n<meta name=\"robots\" content=\"index, follow, max-snippet:-1, max-image-preview:large, max-video-preview:-1\" \/>\n<link rel=\"canonical\" href=\"https:\/\/medicina.udd.cl\/icim\/modelo-de-trabajo-en-alianza\/\" \/>\n<meta property=\"og:locale\" content=\"es_ES\" \/>\n<meta property=\"og:type\" content=\"article\" \/>\n<meta property=\"og:title\" content=\"Modelo de Trabajo en Alianza - ICIM\" \/>\n<meta property=\"og:description\" content=\"&nbsp; INVESTIGACI\u00d3N DE VANGUARDIA AVALADA POR UN MODELO \u00daNICO Y APROBADO Este modelo p\u00fablico-privado-acad\u00e9mico (Modelo Triple H\u00e9lice) ha resultado ser un total \u00e9xito en prestigiosas organizaciones cient\u00edficas internacionales para encontrar avanzadas soluciones en salud. Es este escenario, investigadores acad\u00e9micos, p\u00fablicos y privados se convierten en \u201cempresarios\u201d de sus propias tecnolog\u00edas, desarrollando soluciones en laboratorios u [&hellip;]\" \/>\n<meta property=\"og:url\" content=\"https:\/\/medicina.udd.cl\/icim\/modelo-de-trabajo-en-alianza\/\" \/>\n<meta property=\"og:site_name\" content=\"ICIM\" \/>\n<meta property=\"article:modified_time\" content=\"2017-08-22T13:35:44+00:00\" \/>\n<meta name=\"twitter:card\" content=\"summary_large_image\" \/>\n<meta name=\"twitter:label1\" content=\"Tiempo de lectura\" \/>\n\t<meta name=\"twitter:data1\" content=\"1 minuto\" \/>\n<script type=\"application\/ld+json\" class=\"yoast-schema-graph\">{\"@context\":\"https:\/\/schema.org\",\"@graph\":[{\"@type\":\"WebPage\",\"@id\":\"https:\/\/medicina.udd.cl\/icim\/modelo-de-trabajo-en-alianza\/\",\"url\":\"https:\/\/medicina.udd.cl\/icim\/modelo-de-trabajo-en-alianza\/\",\"name\":\"Modelo de Trabajo en Alianza - ICIM\",\"isPartOf\":{\"@id\":\"https:\/\/medicina.udd.cl\/icim\/#website\"},\"datePublished\":\"2017-06-30T14:01:19+00:00\",\"dateModified\":\"2017-08-22T13:35:44+00:00\",\"breadcrumb\":{\"@id\":\"https:\/\/medicina.udd.cl\/icim\/modelo-de-trabajo-en-alianza\/#breadcrumb\"},\"inLanguage\":\"es\",\"potentialAction\":[{\"@type\":\"ReadAction\",\"target\":[\"https:\/\/medicina.udd.cl\/icim\/modelo-de-trabajo-en-alianza\/\"]}]},{\"@type\":\"BreadcrumbList\",\"@id\":\"https:\/\/medicina.udd.cl\/icim\/modelo-de-trabajo-en-alianza\/#breadcrumb\",\"itemListElement\":[{\"@type\":\"ListItem\",\"position\":1,\"name\":\"Inicio\",\"item\":\"https:\/\/medicina.udd.cl\/icim\/\"},{\"@type\":\"ListItem\",\"position\":2,\"name\":\"Modelo de Trabajo en Alianza\"}]},{\"@type\":\"WebSite\",\"@id\":\"https:\/\/medicina.udd.cl\/icim\/#website\",\"url\":\"https:\/\/medicina.udd.cl\/icim\/\",\"name\":\"ICIM\",\"description\":\"Una iniciativa de Universidad del Desarrollo y Cl\u00ednica Alemana\",\"inLanguage\":\"es\"}]}<\/script>\n<!-- \/ Yoast SEO plugin. -->","yoast_head_json":{"title":"Modelo de Trabajo en Alianza - ICIM","robots":{"index":"index","follow":"follow","max-snippet":"max-snippet:-1","max-image-preview":"max-image-preview:large","max-video-preview":"max-video-preview:-1"},"canonical":"https:\/\/medicina.udd.cl\/icim\/modelo-de-trabajo-en-alianza\/","og_locale":"es_ES","og_type":"article","og_title":"Modelo de Trabajo en Alianza - ICIM","og_description":"&nbsp; INVESTIGACI\u00d3N DE VANGUARDIA AVALADA POR UN MODELO \u00daNICO Y APROBADO Este modelo p\u00fablico-privado-acad\u00e9mico (Modelo Triple H\u00e9lice) ha resultado ser un total \u00e9xito en prestigiosas organizaciones cient\u00edficas internacionales para encontrar avanzadas soluciones en salud. Es este escenario, investigadores acad\u00e9micos, p\u00fablicos y privados se convierten en \u201cempresarios\u201d de sus propias tecnolog\u00edas, desarrollando soluciones en laboratorios u [&hellip;]","og_url":"https:\/\/medicina.udd.cl\/icim\/modelo-de-trabajo-en-alianza\/","og_site_name":"ICIM","article_modified_time":"2017-08-22T13:35:44+00:00","twitter_card":"summary_large_image","twitter_misc":{"Tiempo de lectura":"1 minuto"},"schema":{"@context":"https:\/\/schema.org","@graph":[{"@type":"WebPage","@id":"https:\/\/medicina.udd.cl\/icim\/modelo-de-trabajo-en-alianza\/","url":"https:\/\/medicina.udd.cl\/icim\/modelo-de-trabajo-en-alianza\/","name":"Modelo de Trabajo en Alianza - ICIM","isPartOf":{"@id":"https:\/\/medicina.udd.cl\/icim\/#website"},"datePublished":"2017-06-30T14:01:19+00:00","dateModified":"2017-08-22T13:35:44+00:00","breadcrumb":{"@id":"https:\/\/medicina.udd.cl\/icim\/modelo-de-trabajo-en-alianza\/#breadcrumb"},"inLanguage":"es","potentialAction":[{"@type":"ReadAction","target":["https:\/\/medicina.udd.cl\/icim\/modelo-de-trabajo-en-alianza\/"]}]},{"@type":"BreadcrumbList","@id":"https:\/\/medicina.udd.cl\/icim\/modelo-de-trabajo-en-alianza\/#breadcrumb","itemListElement":[{"@type":"ListItem","position":1,"name":"Inicio","item":"https:\/\/medicina.udd.cl\/icim\/"},{"@type":"ListItem","position":2,"name":"Modelo de Trabajo en Alianza"}]},{"@type":"WebSite","@id":"https:\/\/medicina.udd.cl\/icim\/#website","url":"https:\/\/medicina.udd.cl\/icim\/","name":"ICIM","description":"Una iniciativa de Universidad del Desarrollo y Cl\u00ednica Alemana","inLanguage":"es"}]}},"_links":{"self":[{"href":"https:\/\/medicina.udd.cl\/icim\/wp-json\/wp\/v2\/pages\/4920","targetHints":{"allow":["GET"]}}],"collection":[{"href":"https:\/\/medicina.udd.cl\/icim\/wp-json\/wp\/v2\/pages"}],"about":[{"href":"https:\/\/medicina.udd.cl\/icim\/wp-json\/wp\/v2\/types\/page"}],"author":[{"embeddable":true,"href":"https:\/\/medicina.udd.cl\/icim\/wp-json\/wp\/v2\/users\/42"}],"replies":[{"embeddable":true,"href":"https:\/\/medicina.udd.cl\/icim\/wp-json\/wp\/v2\/comments?post=4920"}],"version-history":[{"count":15,"href":"https:\/\/medicina.udd.cl\/icim\/wp-json\/wp\/v2\/pages\/4920\/revisions"}],"predecessor-version":[{"id":5538,"href":"https:\/\/medicina.udd.cl\/icim\/wp-json\/wp\/v2\/pages\/4920\/revisions\/5538"}],"wp:attachment":[{"href":"https:\/\/medicina.udd.cl\/icim\/wp-json\/wp\/v2\/media?parent=4920"}],"curies":[{"name":"wp","href":"https:\/\/api.w.org\/{rel}","templated":true}]}}