{"id":5486,"date":"2017-08-08T19:33:36","date_gmt":"2017-08-08T19:33:36","guid":{"rendered":"http:\/\/medicina.udd.cl\/icim\/?page_id=5486"},"modified":"2017-08-08T19:33:36","modified_gmt":"2017-08-08T19:33:36","slug":"vida-y-salud-del-amigo-forastero","status":"publish","type":"page","link":"https:\/\/medicina.udd.cl\/icim\/vida-y-salud-del-amigo-forastero\/","title":{"rendered":"Vida y salud del amigo forastero"},"content":{"rendered":"<h4><img loading=\"lazy\" decoding=\"async\" class=\"size-full wp-image-5495 alignleft\" src=\"http:\/\/medicina.udd.cl\/icim\/files\/2017\/08\/B\u00e1ltica-Cabieses-PhD-220x260cortada.jpg\" alt=\"B\u00e1ltica-Cabieses-PhD-220x260cortada\" width=\"220\" height=\"202\" \/><\/h4>\n<h4>Vida y salud del amigo forastero<\/h4>\n<h4>B\u00e1ltica Cabieses<\/h4>\n<h4>Directora<\/h4>\n<h4>Programa de Estudios Sociales en Salud ICIM<\/h4>\n<h4>\u00abVoces\u00bb, Diario La Tercera 23\/03\/2017<\/h4>\n<p>&nbsp;<\/p>\n<p>A prop\u00f3sito del d\u00eda de la eliminaci\u00f3n de la discriminaci\u00f3n racial, es necesario reflexionar acerca de nuestra creciente poblaci\u00f3n migrante internacional. Los movimientos migratorios son tan antiguos como el hombre. Este se movilizaba de un territorio a otro buscando mejores lugares de caza, refugio y seguridad para el sustento de su manada y de esta manera asegurar la supervivencia de su especie. Nuestro propio pa\u00eds se origina del mestizaje entre pueblos originarios e inmigrantes europeos. M\u00e1s a\u00fan, posiblemente no existe persona en Chile que no tenga en su historia geneal\u00f3gica a alg\u00fan extranjero valiente que lleg\u00f3 a esta tierra buscando una mejor vida y encontrando en ella oportunidades de progreso y bienestar.<\/p>\n<p>La migraci\u00f3n es un reconocido determinante social en el mundo. Las condiciones que rodean al proceso de migraci\u00f3n hacen que esta poblaci\u00f3n sea potencialmente vulnerable y que su movimiento transfronterizo tenga gran impacto en el desarrollo econ\u00f3mico, progreso y salud p\u00fablica de una naci\u00f3n. Acerc\u00e1ndose al 3% de la poblaci\u00f3n total en Chile, se estima esta comunidad en torno a las 550.000 personas. Adem\u00e1s del flujo inmigrante m\u00e1s conocido, proveniente de pa\u00edses fronterizos, en los \u00faltimos a\u00f1os ha aumentado el ingreso de personas de pa\u00edses m\u00e1s lejanos de la regi\u00f3n, tales como Venezuela, Colombia, y varios pa\u00edses de Centroam\u00e9rica. Este cambio en el patr\u00f3n migratorio ha sido notorio especialmente por el ingreso de personas afrodescendientes, que traen sin duda nuevas formas de representar e imaginar a la poblaci\u00f3n que habita nuestro territorio y a su progenie.<\/p>\n<p>Si bien la poblaci\u00f3n migrante internacional no ha alcanzado en Chile las proporciones de otros pa\u00edses de la OCDE (Espa\u00f1a, por ejemplo, en torno al 13%), ciertamente experimenta algunas vulnerabilidades y vulneraciones espec\u00edficas que son importantes de conocer. En mi experiencia investigando sobre las condiciones de vida y salud de inmigrantes en Chile he podido observar que: (i) es una poblaci\u00f3n altamente heterog\u00e9nea, con diversos pa\u00edses de origen, idiomas, nivel educacional, creencias y tradiciones; (ii) enfrentan desaf\u00edos importantes durante el proceso de migrar, asociados a un nuevo plan de vida personal y familiar, as\u00ed como tambi\u00e9n corren el riesgo de sufrir vulneraciones a los derechos humanos y de ser perseguidos si ingresan de manera irregular; (iii) enfrentan el desaf\u00edo de intentar integrarse a la nueva sociedad que los recibe y de comprender su sistema de gobierno, trabajo, vivienda y salud, entre otros; (iv) tienen necesidades especiales de salud, en especial si viven procesos de pobreza, discriminaci\u00f3n y exclusi\u00f3n social, que muchas veces quedan invisibilizados.<\/p>\n<p>Nuestro pa\u00eds, alineado con metas globales de progreso y bienestar social, as\u00ed como de sus propios Objetivos Sanitarios de la D\u00e9cada 2011-2020, tiene la oportunidad de colaborar con otros sectores de gobierno, acad\u00e9micos y civiles para promover la salud de toda la poblaci\u00f3n que reside en nuestro territorio, incluyendo la migrante. En este sentido, una pol\u00edtica nacional migratoria acorde a los tiempos actuales, y una pol\u00edtica de salud de migrantes en particular, son un imperativo \u00e9tico, legal y social de urgente formalizaci\u00f3n en Chile. En tensi\u00f3n con otras prioridades y emergencias nacionales, y en el marco del d\u00eda de la no discriminaci\u00f3n racial, es importante abogar por que ambas pol\u00edticas se materialicen a la brevedad, idealmente desde enfoques de derechos humanos, inclusi\u00f3n y respeto a la diversidad, as\u00ed como tambi\u00e9n de determinaci\u00f3n social y equidad. As\u00ed, el mundo entero ver\u00e1 de manera concreta como quieren en Chile al amigo cuando es forastero\u2026<\/p>\n","protected":false},"excerpt":{"rendered":"<p>Vida y salud del amigo forastero B\u00e1ltica Cabieses Directora Programa de Estudios Sociales en Salud ICIM \u00abVoces\u00bb, Diario La Tercera 23\/03\/2017 &nbsp; A prop\u00f3sito del d\u00eda de la eliminaci\u00f3n de la discriminaci\u00f3n racial, es necesario reflexionar acerca de nuestra creciente poblaci\u00f3n migrante internacional. Los movimientos migratorios son tan antiguos como el hombre. Este se movilizaba [&hellip;]<\/p>\n","protected":false},"author":9192194,"featured_media":0,"parent":0,"menu_order":0,"comment_status":"closed","ping_status":"closed","template":"","meta":{"footnotes":""},"class_list":["post-5486","page","type-page","status-publish","hentry"],"yoast_head":"<!-- This site is optimized with the Yoast SEO plugin v26.9 - https:\/\/yoast.com\/product\/yoast-seo-wordpress\/ -->\n<title>Vida y salud del amigo forastero - ICIM<\/title>\n<meta name=\"robots\" content=\"index, follow, max-snippet:-1, max-image-preview:large, max-video-preview:-1\" \/>\n<link rel=\"canonical\" href=\"https:\/\/medicina.udd.cl\/icim\/vida-y-salud-del-amigo-forastero\/\" \/>\n<meta property=\"og:locale\" content=\"es_ES\" \/>\n<meta property=\"og:type\" content=\"article\" \/>\n<meta property=\"og:title\" content=\"Vida y salud del amigo forastero - ICIM\" \/>\n<meta property=\"og:description\" content=\"Vida y salud del amigo forastero B\u00e1ltica Cabieses Directora Programa de Estudios Sociales en Salud ICIM \u00abVoces\u00bb, Diario La Tercera 23\/03\/2017 &nbsp; A prop\u00f3sito del d\u00eda de la eliminaci\u00f3n de la discriminaci\u00f3n racial, es necesario reflexionar acerca de nuestra creciente poblaci\u00f3n migrante internacional. Los movimientos migratorios son tan antiguos como el hombre. Este se movilizaba [&hellip;]\" \/>\n<meta property=\"og:url\" content=\"https:\/\/medicina.udd.cl\/icim\/vida-y-salud-del-amigo-forastero\/\" \/>\n<meta property=\"og:site_name\" content=\"ICIM\" \/>\n<meta name=\"twitter:card\" content=\"summary_large_image\" \/>\n<meta name=\"twitter:label1\" content=\"Tiempo de lectura\" \/>\n\t<meta name=\"twitter:data1\" content=\"3 minutos\" \/>\n<script type=\"application\/ld+json\" class=\"yoast-schema-graph\">{\"@context\":\"https:\/\/schema.org\",\"@graph\":[{\"@type\":\"WebPage\",\"@id\":\"https:\/\/medicina.udd.cl\/icim\/vida-y-salud-del-amigo-forastero\/\",\"url\":\"https:\/\/medicina.udd.cl\/icim\/vida-y-salud-del-amigo-forastero\/\",\"name\":\"Vida y salud del amigo forastero - ICIM\",\"isPartOf\":{\"@id\":\"https:\/\/medicina.udd.cl\/icim\/#website\"},\"datePublished\":\"2017-08-08T19:33:36+00:00\",\"breadcrumb\":{\"@id\":\"https:\/\/medicina.udd.cl\/icim\/vida-y-salud-del-amigo-forastero\/#breadcrumb\"},\"inLanguage\":\"es\",\"potentialAction\":[{\"@type\":\"ReadAction\",\"target\":[\"https:\/\/medicina.udd.cl\/icim\/vida-y-salud-del-amigo-forastero\/\"]}]},{\"@type\":\"BreadcrumbList\",\"@id\":\"https:\/\/medicina.udd.cl\/icim\/vida-y-salud-del-amigo-forastero\/#breadcrumb\",\"itemListElement\":[{\"@type\":\"ListItem\",\"position\":1,\"name\":\"Inicio\",\"item\":\"https:\/\/medicina.udd.cl\/icim\/\"},{\"@type\":\"ListItem\",\"position\":2,\"name\":\"Vida y salud del amigo forastero\"}]},{\"@type\":\"WebSite\",\"@id\":\"https:\/\/medicina.udd.cl\/icim\/#website\",\"url\":\"https:\/\/medicina.udd.cl\/icim\/\",\"name\":\"ICIM\",\"description\":\"Una iniciativa de Universidad del Desarrollo y Cl\u00ednica Alemana\",\"inLanguage\":\"es\"}]}<\/script>\n<!-- \/ Yoast SEO plugin. -->","yoast_head_json":{"title":"Vida y salud del amigo forastero - ICIM","robots":{"index":"index","follow":"follow","max-snippet":"max-snippet:-1","max-image-preview":"max-image-preview:large","max-video-preview":"max-video-preview:-1"},"canonical":"https:\/\/medicina.udd.cl\/icim\/vida-y-salud-del-amigo-forastero\/","og_locale":"es_ES","og_type":"article","og_title":"Vida y salud del amigo forastero - ICIM","og_description":"Vida y salud del amigo forastero B\u00e1ltica Cabieses Directora Programa de Estudios Sociales en Salud ICIM \u00abVoces\u00bb, Diario La Tercera 23\/03\/2017 &nbsp; A prop\u00f3sito del d\u00eda de la eliminaci\u00f3n de la discriminaci\u00f3n racial, es necesario reflexionar acerca de nuestra creciente poblaci\u00f3n migrante internacional. Los movimientos migratorios son tan antiguos como el hombre. Este se movilizaba [&hellip;]","og_url":"https:\/\/medicina.udd.cl\/icim\/vida-y-salud-del-amigo-forastero\/","og_site_name":"ICIM","twitter_card":"summary_large_image","twitter_misc":{"Tiempo de lectura":"3 minutos"},"schema":{"@context":"https:\/\/schema.org","@graph":[{"@type":"WebPage","@id":"https:\/\/medicina.udd.cl\/icim\/vida-y-salud-del-amigo-forastero\/","url":"https:\/\/medicina.udd.cl\/icim\/vida-y-salud-del-amigo-forastero\/","name":"Vida y salud del amigo forastero - ICIM","isPartOf":{"@id":"https:\/\/medicina.udd.cl\/icim\/#website"},"datePublished":"2017-08-08T19:33:36+00:00","breadcrumb":{"@id":"https:\/\/medicina.udd.cl\/icim\/vida-y-salud-del-amigo-forastero\/#breadcrumb"},"inLanguage":"es","potentialAction":[{"@type":"ReadAction","target":["https:\/\/medicina.udd.cl\/icim\/vida-y-salud-del-amigo-forastero\/"]}]},{"@type":"BreadcrumbList","@id":"https:\/\/medicina.udd.cl\/icim\/vida-y-salud-del-amigo-forastero\/#breadcrumb","itemListElement":[{"@type":"ListItem","position":1,"name":"Inicio","item":"https:\/\/medicina.udd.cl\/icim\/"},{"@type":"ListItem","position":2,"name":"Vida y salud del amigo forastero"}]},{"@type":"WebSite","@id":"https:\/\/medicina.udd.cl\/icim\/#website","url":"https:\/\/medicina.udd.cl\/icim\/","name":"ICIM","description":"Una iniciativa de Universidad del Desarrollo y Cl\u00ednica Alemana","inLanguage":"es"}]}},"_links":{"self":[{"href":"https:\/\/medicina.udd.cl\/icim\/wp-json\/wp\/v2\/pages\/5486","targetHints":{"allow":["GET"]}}],"collection":[{"href":"https:\/\/medicina.udd.cl\/icim\/wp-json\/wp\/v2\/pages"}],"about":[{"href":"https:\/\/medicina.udd.cl\/icim\/wp-json\/wp\/v2\/types\/page"}],"author":[{"embeddable":true,"href":"https:\/\/medicina.udd.cl\/icim\/wp-json\/wp\/v2\/users\/9192194"}],"replies":[{"embeddable":true,"href":"https:\/\/medicina.udd.cl\/icim\/wp-json\/wp\/v2\/comments?post=5486"}],"version-history":[{"count":9,"href":"https:\/\/medicina.udd.cl\/icim\/wp-json\/wp\/v2\/pages\/5486\/revisions"}],"predecessor-version":[{"id":5499,"href":"https:\/\/medicina.udd.cl\/icim\/wp-json\/wp\/v2\/pages\/5486\/revisions\/5499"}],"wp:attachment":[{"href":"https:\/\/medicina.udd.cl\/icim\/wp-json\/wp\/v2\/media?parent=5486"}],"curies":[{"name":"wp","href":"https:\/\/api.w.org\/{rel}","templated":true}]}}

<h4><img loading="lazy" decoding="async" class="size-full wp-image-5495 alignleft" src="http://medicina.udd.cl/icim/files/2017/08/Báltica-Cabieses-PhD-220x260cortada.jpg" alt="Báltica-Cabieses-PhD-220x260cortada" width="220" height="202" /></h4>
<h4>Vida y salud del amigo forastero</h4>
<h4>Báltica Cabieses</h4>
<h4>Directora</h4>
<h4>Programa de Estudios Sociales en Salud ICIM</h4>
<h4>«Voces», Diario La Tercera 23/03/2017</h4>
<p>&nbsp;</p>
<p>A propósito del día de la eliminación de la discriminación racial, es necesario reflexionar acerca de nuestra creciente población migrante internacional. Los movimientos migratorios son tan antiguos como el hombre. Este se movilizaba de un territorio a otro buscando mejores lugares de caza, refugio y seguridad para el sustento de su manada y de esta manera asegurar la supervivencia de su especie. Nuestro propio país se origina del mestizaje entre pueblos originarios e inmigrantes europeos. Más aún, posiblemente no existe persona en Chile que no tenga en su historia genealógica a algún extranjero valiente que llegó a esta tierra buscando una mejor vida y encontrando en ella oportunidades de progreso y bienestar.</p>
<p>La migración es un reconocido determinante social en el mundo. Las condiciones que rodean al proceso de migración hacen que esta población sea potencialmente vulnerable y que su movimiento transfronterizo tenga gran impacto en el desarrollo económico, progreso y salud pública de una nación. Acercándose al 3% de la población total en Chile, se estima esta comunidad en torno a las 550.000 personas. Además del flujo inmigrante más conocido, proveniente de países fronterizos, en los últimos años ha aumentado el ingreso de personas de países más lejanos de la región, tales como Venezuela, Colombia, y varios países de Centroamérica. Este cambio en el patrón migratorio ha sido notorio especialmente por el ingreso de personas afrodescendientes, que traen sin duda nuevas formas de representar e imaginar a la población que habita nuestro territorio y a su progenie.</p>
<p>Si bien la población migrante internacional no ha alcanzado en Chile las proporciones de otros países de la OCDE (España, por ejemplo, en torno al 13%), ciertamente experimenta algunas vulnerabilidades y vulneraciones específicas que son importantes de conocer. En mi experiencia investigando sobre las condiciones de vida y salud de inmigrantes en Chile he podido observar que: (i) es una población altamente heterogénea, con diversos países de origen, idiomas, nivel educacional, creencias y tradiciones; (ii) enfrentan desafíos importantes durante el proceso de migrar, asociados a un nuevo plan de vida personal y familiar, así como también corren el riesgo de sufrir vulneraciones a los derechos humanos y de ser perseguidos si ingresan de manera irregular; (iii) enfrentan el desafío de intentar integrarse a la nueva sociedad que los recibe y de comprender su sistema de gobierno, trabajo, vivienda y salud, entre otros; (iv) tienen necesidades especiales de salud, en especial si viven procesos de pobreza, discriminación y exclusión social, que muchas veces quedan invisibilizados.</p>
<p>Nuestro país, alineado con metas globales de progreso y bienestar social, así como de sus propios Objetivos Sanitarios de la Década 2011-2020, tiene la oportunidad de colaborar con otros sectores de gobierno, académicos y civiles para promover la salud de toda la población que reside en nuestro territorio, incluyendo la migrante. En este sentido, una política nacional migratoria acorde a los tiempos actuales, y una política de salud de migrantes en particular, son un imperativo ético, legal y social de urgente formalización en Chile. En tensión con otras prioridades y emergencias nacionales, y en el marco del día de la no discriminación racial, es importante abogar por que ambas políticas se materialicen a la brevedad, idealmente desde enfoques de derechos humanos, inclusión y respeto a la diversidad, así como también de determinación social y equidad. Así, el mundo entero verá de manera concreta como quieren en Chile al amigo cuando es forastero…</p>

<p>Vida y salud del amigo forastero Báltica Cabieses Directora Programa de Estudios Sociales en Salud ICIM «Voces», Diario La Tercera 23/03/2017 &nbsp; A propósito del día de la eliminación de la discriminación racial, es necesario reflexionar acerca de nuestra creciente población migrante internacional. Los movimientos migratorios son tan antiguos como el hombre. Este se movilizaba [&hellip;]</p>

<!-- This site is optimized with the Yoast SEO plugin v26.9 - https://yoast.com/product/yoast-seo-wordpress/ -->
<title>Vida y salud del amigo forastero - ICIM</title>
<meta name="robots" content="index, follow, max-snippet:-1, max-image-preview:large, max-video-preview:-1" />
<link rel="canonical" href="https://medicina.udd.cl/icim/vida-y-salud-del-amigo-forastero/" />
<meta property="og:locale" content="es_ES" />
<meta property="og:type" content="article" />
<meta property="og:title" content="Vida y salud del amigo forastero - ICIM" />
<meta property="og:description" content="Vida y salud del amigo forastero Báltica Cabieses Directora Programa de Estudios Sociales en Salud ICIM «Voces», Diario La Tercera 23/03/2017 &nbsp; A propósito del día de la eliminación de la discriminación racial, es necesario reflexionar acerca de nuestra creciente población migrante internacional. Los movimientos migratorios son tan antiguos como el hombre. Este se movilizaba [&hellip;]" />
<meta property="og:url" content="https://medicina.udd.cl/icim/vida-y-salud-del-amigo-forastero/" />
<meta property="og:site_name" content="ICIM" />
<meta name="twitter:card" content="summary_large_image" />
<meta name="twitter:label1" content="Tiempo de lectura" />
	<meta name="twitter:data1" content="3 minutos" />
<script type="application/ld+json" class="yoast-schema-graph">{"@context":"https://schema.org","@graph":[{"@type":"WebPage","@id":"https://medicina.udd.cl/icim/vida-y-salud-del-amigo-forastero/","url":"https://medicina.udd.cl/icim/vida-y-salud-del-amigo-forastero/","name":"Vida y salud del amigo forastero - ICIM","isPartOf":{"@id":"https://medicina.udd.cl/icim/#website"},"datePublished":"2017-08-08T19:33:36+00:00","breadcrumb":{"@id":"https://medicina.udd.cl/icim/vida-y-salud-del-amigo-forastero/#breadcrumb"},"inLanguage":"es","potentialAction":[{"@type":"ReadAction","target":["https://medicina.udd.cl/icim/vida-y-salud-del-amigo-forastero/"]}]},{"@type":"BreadcrumbList","@id":"https://medicina.udd.cl/icim/vida-y-salud-del-amigo-forastero/#breadcrumb","itemListElement":[{"@type":"ListItem","position":1,"name":"Inicio","item":"https://medicina.udd.cl/icim/"},{"@type":"ListItem","position":2,"name":"Vida y salud del amigo forastero"}]},{"@type":"WebSite","@id":"https://medicina.udd.cl/icim/#website","url":"https://medicina.udd.cl/icim/","name":"ICIM","description":"Una iniciativa de Universidad del Desarrollo y Clínica Alemana","inLanguage":"es"}]}</script>
<!-- / Yoast SEO plugin. -->

Vida y salud del amigo forastero Báltica Cabieses Directora Programa de Estudios Sociales en Salud ICIM «Voces», Diario La Tercera 23/03/2017 &nbsp; A propósito del día de la eliminación de la discriminación racial, es necesario reflexionar acerca de nuestra creciente población migrante internacional. Los movimientos migratorios son tan antiguos como el hombre. Este se movilizaba [&hellip;]

Una iniciativa de Universidad del Desarrollo y Clínica Alemana
