{"id":6479,"date":"2018-01-29T17:37:40","date_gmt":"2018-01-29T17:37:40","guid":{"rendered":"http:\/\/medicina.udd.cl\/icim\/?page_id=6479"},"modified":"2018-01-29T17:40:15","modified_gmt":"2018-01-29T17:40:15","slug":"concurso-fondef-idea-id","status":"publish","type":"page","link":"https:\/\/medicina.udd.cl\/icim\/concurso-fondef-idea-id\/","title":{"rendered":"Concurso Fondef IDeA I+D"},"content":{"rendered":"<p style=\"font-weight: 400\">El\u00a0<strong>Concurso IDeA I+D\u00a0<\/strong>\u00a0tiene como prop\u00f3sito apoyar financieramente\u00a0 la ejecuci\u00f3n de proyectos de investigaci\u00f3n cient\u00edfica y tecnol\u00f3gica, en todas las \u00e1reas de las ciencias que cuenten con antecedentes previos que sustenten una hip\u00f3tesis de aplicaci\u00f3n de una tecnolog\u00eda, producto o servicio y que, con el desarrollo de la investigaci\u00f3n, logren su validaci\u00f3n a trav\u00e9s de una prueba de concepto a nivel de prototipo en un plazo breve de dos a\u00f1os.<\/p>\n<p style=\"font-weight: 400\">Los antecedentes previos entregados deben reducir el riesgo de validaci\u00f3n de la hip\u00f3tesis, la cual debe ser verificable en la escala propuesta al final del proyecto.<\/p>\n<p style=\"font-weight: 400\">A la presente convocatoria pueden presentarse proyectos a las distintas \u00e1reas de FONDEF Gen\u00e9rico (Agropecuaria; Ciencias Sociales y Educaci\u00f3n; Salud; Manufactura, Infraestructura y Miner\u00eda; Energ\u00eda, Agua, Medio Ambiente; Forestal; y TIC), como tambi\u00e9n a las siguientes l\u00edneas de financiamiento tem\u00e1ticas:<\/p>\n<ul>\n<li style=\"font-weight: 400\">Adulto Mayor<\/li>\n<li style=\"font-weight: 400\">Inocuidad y Calidad Alimentaria<\/li>\n<li style=\"font-weight: 400\">Sistema Pesquero Acu\u00edcola Frente a Florecimientos Algales Nocivos, FANS<\/li>\n<\/ul>\n<p style=\"font-weight: 400\">Al momento de postular, el Director de Proyecto deber\u00e1 indicar la l\u00ednea de financiamiento a la cual est\u00e1 optando: Proyectos I+D Gen\u00e9rico; Tem\u00e1tico Adulto Mayor; Tem\u00e1tico Inocuidad Alimentaria y Tem\u00e1tico FANs<\/p>\n<p style=\"font-weight: 400\">Los procesos de postulaci\u00f3n, evaluaci\u00f3n y adjudicaci\u00f3n se realizar\u00e1n de manera paralela e independiente dentro del presente concurso todos regidos por las presentes bases concursales.<\/p>\n<p style=\"font-weight: 400\"><strong>Duraci\u00f3n:<\/strong><\/p>\n<p style=\"font-weight: 400\">Hasta 24 meses<\/p>\n<p style=\"font-weight: 400\"><strong>Requisitos y beneficios<\/strong><\/p>\n<ul>\n<li style=\"font-weight: 400\">Fondef de CONICYT financia hasta el 70% del costo total del proyecto con un m\u00e1ximo de 200 millones de pesos.<\/li>\n<li style=\"font-weight: 400\">Las instituciones beneficiarias deben aportar un m\u00ednimo del 20% (incremental o no incremental).<\/li>\n<li style=\"font-weight: 400\">Debe tener al menos\u00a0 dos asociadas que deben hacer un aporte m\u00ednimo del 10% del costo total del proyecto, no incremental.<\/li>\n<li style=\"font-weight: 400\">Incluir en el presupuesto a dos profesionales grado doctor, con 50% de dedicaci\u00f3n por 24 meses, los que deber\u00e1n ser individualizados toda vez que se adjudique un proyecto.<\/li>\n<\/ul>\n<p style=\"font-weight: 400\">Para m\u00e1s informaci\u00f3n sobre este concurso haz click <a href=\"http:\/\/www.conicyt.cl\/fondef\/2018\/01\/24\/concurso-idea-de-investigacion-y-desarrollo-2018\/#tab-01\">aqu\u00ed.<\/a><\/p>\n<p style=\"font-weight: 400\"><strong><u>Fechas importantes:<\/u><\/strong><\/p>\n<p style=\"font-weight: 400\"><strong>Fecha para presentar VB Patrocinio Institucional Facultad de Medicina y DID: 13 de Marzo 2018<\/strong><\/p>\n<p style=\"font-weight: 400\">Enviar documentos a\u00a0<a href=\"mailto:iabarzua@udd.cl\">iabarzua@udd.cl<\/a>\u00a0y\u00a0<a href=\"mailto:xballivian@udd.cl\">xballivian@udd.cl<\/a><\/p>\n<ul>\n<li style=\"font-weight: 400\">Fecha de inicio del concurso: 24 de enero de 2018.<\/li>\n<li style=\"font-weight: 400\">Fecha de cierre del concurso: 3 de abril de 2018 a las 17:00 horas (seg\u00fan horario de Chile Continental)<\/li>\n<\/ul>\n<p style=\"font-weight: 400\">Documentos a enviar:<\/p>\n<p style=\"font-weight: 400\">&#8211;\u00a0\u00a0\u00a0\u00a0\u00a0\u00a0\u00a0Presentaci\u00f3n del Proyecto en etapa avanzada, Formato Fondef<\/p>\n<p style=\"font-weight: 400\">&#8211;\u00a0\u00a0\u00a0\u00a0\u00a0\u00a0\u00a0Planilla de costos, especificando el 20% de la Instituci\u00f3n Beneficiaria (incremental o no incremental). En el caso de ser Incremental, especificando cual ser\u00e1 la fuente de financiamiento UDD.<\/p>\n<p style=\"font-weight: 400\">&#8211;\u00a0\u00a0\u00a0\u00a0\u00a0\u00a0\u00a0Carta de Compromiso de Instituci\u00f3n Beneficiaria, Formato Fondef, con toda la informaci\u00f3n correcta para enviar a firma.<\/p>\n<p style=\"font-weight: 400\">&#8211;\u00a0\u00a0\u00a0\u00a0\u00a0\u00a0\u00a0Cartas de VB de la Direcci\u00f3n del Centro.<\/p>\n","protected":false},"excerpt":{"rendered":"<p>El\u00a0Concurso IDeA I+D\u00a0\u00a0tiene como prop\u00f3sito apoyar financieramente\u00a0 la ejecuci\u00f3n de proyectos de investigaci\u00f3n cient\u00edfica y tecnol\u00f3gica, en todas las \u00e1reas de las ciencias que cuenten con antecedentes previos que sustenten una hip\u00f3tesis de aplicaci\u00f3n de una tecnolog\u00eda, producto o servicio y que, con el desarrollo de la investigaci\u00f3n, logren su validaci\u00f3n a trav\u00e9s de una [&hellip;]<\/p>\n","protected":false},"author":9192194,"featured_media":0,"parent":0,"menu_order":0,"comment_status":"closed","ping_status":"closed","template":"","meta":{"footnotes":""},"class_list":["post-6479","page","type-page","status-publish","hentry"],"yoast_head":"<!-- This site is optimized with the Yoast SEO plugin v26.9 - https:\/\/yoast.com\/product\/yoast-seo-wordpress\/ -->\n<title>Concurso Fondef IDeA I+D - ICIM<\/title>\n<meta name=\"robots\" content=\"index, follow, max-snippet:-1, max-image-preview:large, max-video-preview:-1\" \/>\n<link rel=\"canonical\" href=\"https:\/\/medicina.udd.cl\/icim\/concurso-fondef-idea-id\/\" \/>\n<meta property=\"og:locale\" content=\"es_ES\" \/>\n<meta property=\"og:type\" content=\"article\" \/>\n<meta property=\"og:title\" content=\"Concurso Fondef IDeA I+D - ICIM\" \/>\n<meta property=\"og:description\" content=\"El\u00a0Concurso IDeA I+D\u00a0\u00a0tiene como prop\u00f3sito apoyar financieramente\u00a0 la ejecuci\u00f3n de proyectos de investigaci\u00f3n cient\u00edfica y tecnol\u00f3gica, en todas las \u00e1reas de las ciencias que cuenten con antecedentes previos que sustenten una hip\u00f3tesis de aplicaci\u00f3n de una tecnolog\u00eda, producto o servicio y que, con el desarrollo de la investigaci\u00f3n, logren su validaci\u00f3n a trav\u00e9s de una [&hellip;]\" \/>\n<meta property=\"og:url\" content=\"https:\/\/medicina.udd.cl\/icim\/concurso-fondef-idea-id\/\" \/>\n<meta property=\"og:site_name\" content=\"ICIM\" \/>\n<meta property=\"article:modified_time\" content=\"2018-01-29T17:40:15+00:00\" \/>\n<meta name=\"twitter:card\" content=\"summary_large_image\" \/>\n<meta name=\"twitter:label1\" content=\"Tiempo de lectura\" \/>\n\t<meta name=\"twitter:data1\" content=\"2 minutos\" \/>\n<script type=\"application\/ld+json\" class=\"yoast-schema-graph\">{\"@context\":\"https:\/\/schema.org\",\"@graph\":[{\"@type\":\"WebPage\",\"@id\":\"https:\/\/medicina.udd.cl\/icim\/concurso-fondef-idea-id\/\",\"url\":\"https:\/\/medicina.udd.cl\/icim\/concurso-fondef-idea-id\/\",\"name\":\"Concurso Fondef IDeA I+D - ICIM\",\"isPartOf\":{\"@id\":\"https:\/\/medicina.udd.cl\/icim\/#website\"},\"datePublished\":\"2018-01-29T17:37:40+00:00\",\"dateModified\":\"2018-01-29T17:40:15+00:00\",\"breadcrumb\":{\"@id\":\"https:\/\/medicina.udd.cl\/icim\/concurso-fondef-idea-id\/#breadcrumb\"},\"inLanguage\":\"es\",\"potentialAction\":[{\"@type\":\"ReadAction\",\"target\":[\"https:\/\/medicina.udd.cl\/icim\/concurso-fondef-idea-id\/\"]}]},{\"@type\":\"BreadcrumbList\",\"@id\":\"https:\/\/medicina.udd.cl\/icim\/concurso-fondef-idea-id\/#breadcrumb\",\"itemListElement\":[{\"@type\":\"ListItem\",\"position\":1,\"name\":\"Inicio\",\"item\":\"https:\/\/medicina.udd.cl\/icim\/\"},{\"@type\":\"ListItem\",\"position\":2,\"name\":\"Concurso Fondef IDeA I+D\"}]},{\"@type\":\"WebSite\",\"@id\":\"https:\/\/medicina.udd.cl\/icim\/#website\",\"url\":\"https:\/\/medicina.udd.cl\/icim\/\",\"name\":\"ICIM\",\"description\":\"Una iniciativa de Universidad del Desarrollo y Cl\u00ednica Alemana\",\"inLanguage\":\"es\"}]}<\/script>\n<!-- \/ Yoast SEO plugin. -->","yoast_head_json":{"title":"Concurso Fondef IDeA I+D - ICIM","robots":{"index":"index","follow":"follow","max-snippet":"max-snippet:-1","max-image-preview":"max-image-preview:large","max-video-preview":"max-video-preview:-1"},"canonical":"https:\/\/medicina.udd.cl\/icim\/concurso-fondef-idea-id\/","og_locale":"es_ES","og_type":"article","og_title":"Concurso Fondef IDeA I+D - ICIM","og_description":"El\u00a0Concurso IDeA I+D\u00a0\u00a0tiene como prop\u00f3sito apoyar financieramente\u00a0 la ejecuci\u00f3n de proyectos de investigaci\u00f3n cient\u00edfica y tecnol\u00f3gica, en todas las \u00e1reas de las ciencias que cuenten con antecedentes previos que sustenten una hip\u00f3tesis de aplicaci\u00f3n de una tecnolog\u00eda, producto o servicio y que, con el desarrollo de la investigaci\u00f3n, logren su validaci\u00f3n a trav\u00e9s de una [&hellip;]","og_url":"https:\/\/medicina.udd.cl\/icim\/concurso-fondef-idea-id\/","og_site_name":"ICIM","article_modified_time":"2018-01-29T17:40:15+00:00","twitter_card":"summary_large_image","twitter_misc":{"Tiempo de lectura":"2 minutos"},"schema":{"@context":"https:\/\/schema.org","@graph":[{"@type":"WebPage","@id":"https:\/\/medicina.udd.cl\/icim\/concurso-fondef-idea-id\/","url":"https:\/\/medicina.udd.cl\/icim\/concurso-fondef-idea-id\/","name":"Concurso Fondef IDeA I+D - ICIM","isPartOf":{"@id":"https:\/\/medicina.udd.cl\/icim\/#website"},"datePublished":"2018-01-29T17:37:40+00:00","dateModified":"2018-01-29T17:40:15+00:00","breadcrumb":{"@id":"https:\/\/medicina.udd.cl\/icim\/concurso-fondef-idea-id\/#breadcrumb"},"inLanguage":"es","potentialAction":[{"@type":"ReadAction","target":["https:\/\/medicina.udd.cl\/icim\/concurso-fondef-idea-id\/"]}]},{"@type":"BreadcrumbList","@id":"https:\/\/medicina.udd.cl\/icim\/concurso-fondef-idea-id\/#breadcrumb","itemListElement":[{"@type":"ListItem","position":1,"name":"Inicio","item":"https:\/\/medicina.udd.cl\/icim\/"},{"@type":"ListItem","position":2,"name":"Concurso Fondef IDeA I+D"}]},{"@type":"WebSite","@id":"https:\/\/medicina.udd.cl\/icim\/#website","url":"https:\/\/medicina.udd.cl\/icim\/","name":"ICIM","description":"Una iniciativa de Universidad del Desarrollo y Cl\u00ednica Alemana","inLanguage":"es"}]}},"_links":{"self":[{"href":"https:\/\/medicina.udd.cl\/icim\/wp-json\/wp\/v2\/pages\/6479","targetHints":{"allow":["GET"]}}],"collection":[{"href":"https:\/\/medicina.udd.cl\/icim\/wp-json\/wp\/v2\/pages"}],"about":[{"href":"https:\/\/medicina.udd.cl\/icim\/wp-json\/wp\/v2\/types\/page"}],"author":[{"embeddable":true,"href":"https:\/\/medicina.udd.cl\/icim\/wp-json\/wp\/v2\/users\/9192194"}],"replies":[{"embeddable":true,"href":"https:\/\/medicina.udd.cl\/icim\/wp-json\/wp\/v2\/comments?post=6479"}],"version-history":[{"count":3,"href":"https:\/\/medicina.udd.cl\/icim\/wp-json\/wp\/v2\/pages\/6479\/revisions"}],"predecessor-version":[{"id":6482,"href":"https:\/\/medicina.udd.cl\/icim\/wp-json\/wp\/v2\/pages\/6479\/revisions\/6482"}],"wp:attachment":[{"href":"https:\/\/medicina.udd.cl\/icim\/wp-json\/wp\/v2\/media?parent=6479"}],"curies":[{"name":"wp","href":"https:\/\/api.w.org\/{rel}","templated":true}]}}

<p style="font-weight: 400">El <strong>Concurso IDeA I+D </strong> tiene como propósito apoyar financieramente  la ejecución de proyectos de investigación científica y tecnológica, en todas las áreas de las ciencias que cuenten con antecedentes previos que sustenten una hipótesis de aplicación de una tecnología, producto o servicio y que, con el desarrollo de la investigación, logren su validación a través de una prueba de concepto a nivel de prototipo en un plazo breve de dos años.</p>
<p style="font-weight: 400">Los antecedentes previos entregados deben reducir el riesgo de validación de la hipótesis, la cual debe ser verificable en la escala propuesta al final del proyecto.</p>
<p style="font-weight: 400">A la presente convocatoria pueden presentarse proyectos a las distintas áreas de FONDEF Genérico (Agropecuaria; Ciencias Sociales y Educación; Salud; Manufactura, Infraestructura y Minería; Energía, Agua, Medio Ambiente; Forestal; y TIC), como también a las siguientes líneas de financiamiento temáticas:</p>
<ul>
<li style="font-weight: 400">Adulto Mayor</li>
<li style="font-weight: 400">Inocuidad y Calidad Alimentaria</li>
<li style="font-weight: 400">Sistema Pesquero Acuícola Frente a Florecimientos Algales Nocivos, FANS</li>
</ul>
<p style="font-weight: 400">Al momento de postular, el Director de Proyecto deberá indicar la línea de financiamiento a la cual está optando: Proyectos I+D Genérico; Temático Adulto Mayor; Temático Inocuidad Alimentaria y Temático FANs</p>
<p style="font-weight: 400">Los procesos de postulación, evaluación y adjudicación se realizarán de manera paralela e independiente dentro del presente concurso todos regidos por las presentes bases concursales.</p>
<p style="font-weight: 400"><strong>Duración:</strong></p>
<p style="font-weight: 400">Hasta 24 meses</p>
<p style="font-weight: 400"><strong>Requisitos y beneficios</strong></p>
<ul>
<li style="font-weight: 400">Fondef de CONICYT financia hasta el 70% del costo total del proyecto con un máximo de 200 millones de pesos.</li>
<li style="font-weight: 400">Las instituciones beneficiarias deben aportar un mínimo del 20% (incremental o no incremental).</li>
<li style="font-weight: 400">Debe tener al menos  dos asociadas que deben hacer un aporte mínimo del 10% del costo total del proyecto, no incremental.</li>
<li style="font-weight: 400">Incluir en el presupuesto a dos profesionales grado doctor, con 50% de dedicación por 24 meses, los que deberán ser individualizados toda vez que se adjudique un proyecto.</li>
</ul>
<p style="font-weight: 400">Para más información sobre este concurso haz click <a href="http://www.conicyt.cl/fondef/2018/01/24/concurso-idea-de-investigacion-y-desarrollo-2018/#tab-01">aquí.</a></p>
<p style="font-weight: 400"><strong><u>Fechas importantes:</u></strong></p>
<p style="font-weight: 400"><strong>Fecha para presentar VB Patrocinio Institucional Facultad de Medicina y DID: 13 de Marzo 2018</strong></p>
<p style="font-weight: 400">Enviar documentos a <a href="mailto:iabarzua@udd.cl">iabarzua@udd.cl</a> y <a href="mailto:xballivian@udd.cl">xballivian@udd.cl</a></p>
<ul>
<li style="font-weight: 400">Fecha de inicio del concurso: 24 de enero de 2018.</li>
<li style="font-weight: 400">Fecha de cierre del concurso: 3 de abril de 2018 a las 17:00 horas (según horario de Chile Continental)</li>
</ul>
<p style="font-weight: 400">Documentos a enviar:</p>
<p style="font-weight: 400">&#8211;       Presentación del Proyecto en etapa avanzada, Formato Fondef</p>
<p style="font-weight: 400">&#8211;       Planilla de costos, especificando el 20% de la Institución Beneficiaria (incremental o no incremental). En el caso de ser Incremental, especificando cual será la fuente de financiamiento UDD.</p>
<p style="font-weight: 400">&#8211;       Carta de Compromiso de Institución Beneficiaria, Formato Fondef, con toda la información correcta para enviar a firma.</p>
<p style="font-weight: 400">&#8211;       Cartas de VB de la Dirección del Centro.</p>

<p>El Concurso IDeA I+D  tiene como propósito apoyar financieramente  la ejecución de proyectos de investigación científica y tecnológica, en todas las áreas de las ciencias que cuenten con antecedentes previos que sustenten una hipótesis de aplicación de una tecnología, producto o servicio y que, con el desarrollo de la investigación, logren su validación a través de una [&hellip;]</p>

<!-- This site is optimized with the Yoast SEO plugin v26.9 - https://yoast.com/product/yoast-seo-wordpress/ -->
<title>Concurso Fondef IDeA I+D - ICIM</title>
<meta name="robots" content="index, follow, max-snippet:-1, max-image-preview:large, max-video-preview:-1" />
<link rel="canonical" href="https://medicina.udd.cl/icim/concurso-fondef-idea-id/" />
<meta property="og:locale" content="es_ES" />
<meta property="og:type" content="article" />
<meta property="og:title" content="Concurso Fondef IDeA I+D - ICIM" />
<meta property="og:description" content="El Concurso IDeA I+D  tiene como propósito apoyar financieramente  la ejecución de proyectos de investigación científica y tecnológica, en todas las áreas de las ciencias que cuenten con antecedentes previos que sustenten una hipótesis de aplicación de una tecnología, producto o servicio y que, con el desarrollo de la investigación, logren su validación a través de una [&hellip;]" />
<meta property="og:url" content="https://medicina.udd.cl/icim/concurso-fondef-idea-id/" />
<meta property="og:site_name" content="ICIM" />
<meta property="article:modified_time" content="2018-01-29T17:40:15+00:00" />
<meta name="twitter:card" content="summary_large_image" />
<meta name="twitter:label1" content="Tiempo de lectura" />
	<meta name="twitter:data1" content="2 minutos" />
<script type="application/ld+json" class="yoast-schema-graph">{"@context":"https://schema.org","@graph":[{"@type":"WebPage","@id":"https://medicina.udd.cl/icim/concurso-fondef-idea-id/","url":"https://medicina.udd.cl/icim/concurso-fondef-idea-id/","name":"Concurso Fondef IDeA I+D - ICIM","isPartOf":{"@id":"https://medicina.udd.cl/icim/#website"},"datePublished":"2018-01-29T17:37:40+00:00","dateModified":"2018-01-29T17:40:15+00:00","breadcrumb":{"@id":"https://medicina.udd.cl/icim/concurso-fondef-idea-id/#breadcrumb"},"inLanguage":"es","potentialAction":[{"@type":"ReadAction","target":["https://medicina.udd.cl/icim/concurso-fondef-idea-id/"]}]},{"@type":"BreadcrumbList","@id":"https://medicina.udd.cl/icim/concurso-fondef-idea-id/#breadcrumb","itemListElement":[{"@type":"ListItem","position":1,"name":"Inicio","item":"https://medicina.udd.cl/icim/"},{"@type":"ListItem","position":2,"name":"Concurso Fondef IDeA I+D"}]},{"@type":"WebSite","@id":"https://medicina.udd.cl/icim/#website","url":"https://medicina.udd.cl/icim/","name":"ICIM","description":"Una iniciativa de Universidad del Desarrollo y Clínica Alemana","inLanguage":"es"}]}</script>
<!-- / Yoast SEO plugin. -->

El Concurso IDeA I+D  tiene como propósito apoyar financieramente  la ejecución de proyectos de investigación científica y tecnológica, en todas las áreas de las ciencias que cuenten con antecedentes previos que sustenten una hipótesis de aplicación de una tecnología, producto o servicio y que, con el desarrollo de la investigación, logren su validación a través de una [&hellip;]

Una iniciativa de Universidad del Desarrollo y Clínica Alemana
