{"id":6728,"date":"2018-05-24T13:34:28","date_gmt":"2018-05-24T13:34:28","guid":{"rendered":"http:\/\/medicina.udd.cl\/icim\/?page_id=6728"},"modified":"2018-05-24T13:55:56","modified_gmt":"2018-05-24T13:55:56","slug":"6728-2","status":"publish","type":"page","link":"https:\/\/medicina.udd.cl\/icim\/6728-2\/","title":{"rendered":"Concurso Fondecyt Iniciaci\u00f3n 2018"},"content":{"rendered":"<p style=\"font-weight: 400; text-align: justify;\">La convocatoria, que invita a proponer proyectos en todas las \u00e1reas del conocimiento, estar\u00e1 abierta entre el\u00a0<strong>18 de abril y el 24 de mayo de 2018 para los postulantes<\/strong>.<\/p>\n<p style=\"font-weight: 400; text-align: justify;\">El objetivo de esta convocatoria, que ya tiene trece versiones, es fomentar y fortalecer el desarrollo de la investigaci\u00f3n cient\u00edfica y tecnol\u00f3gica de excelencia a trav\u00e9s del financiamiento de proyectos con patrocinio institucional y que sean presentados por\u00a0<strong>personas que hayan obtenido el grado de doctor o especialidad del \u00e1rea de la salud, a partir del uno de enero de 2010 y hasta el 30 de mayo de 2018, antes de la fecha y hora de cierre de patrocinio institucional.<\/strong><\/p>\n<p style=\"font-weight: 400; text-align: justify;\">Para las investigadoras que hayan tenido hijos a contar del a\u00f1o 2010, el plazo a considerar para cumplir el requisito anterior es a partir del primero de enero de 2009. Aquellas investigadoras que certifiquen el nacimiento de m\u00e1s de un hijo desde el a\u00f1o 2010, tendr\u00e1n la posibilidad de adicionar un a\u00f1o por cada uno, a partir del segundo hijo.<\/p>\n<p style=\"font-weight: 400; text-align: justify;\">Las iniciativas presentadas deben crear conocimientos nuevos o aplicaciones previstas a trav\u00e9s de hip\u00f3tesis de trabajo explicitadas en el proyecto, que son seleccionados teniendo en cuenta su calidad intr\u00ednseca y el m\u00e9rito de los postulantes, sin distinci\u00f3n de \u00e1reas, procedencia institucional o g\u00e9nero.<\/p>\n<p style=\"font-weight: 400; text-align: justify;\">Las certificaciones de grado de doctor o especialidad del \u00e1rea de la salud, extendidas en idioma distinto a espa\u00f1ol o ingl\u00e9s, deber\u00e1n adjuntar a la postulaci\u00f3n traducci\u00f3n simple al idioma espa\u00f1ol, adicionalmente al documento original.<\/p>\n<p style=\"font-weight: 400; text-align: justify;\">Para mayor informaci\u00f3n, ver este link:\u00a0<span style=\"color: #ff9900;\"><a style=\"color: #ff9900;\" href=\"http:\/\/www.conicyt.cl\/fondecyt\/2018\/04\/04\/concurso-iniciacion-en-investigacion-2018\/\" data-saferedirecturl=\"https:\/\/www.google.com\/url?hl=es&amp;q=http:\/\/www.conicyt.cl\/fondecyt\/2018\/04\/04\/concurso-iniciacion-en-investigacion-2018\/&amp;source=gmail&amp;ust=1527254853058000&amp;usg=AFQjCNGie3op0tcXnpgrE0mB5oqLSFgY-A\">http:\/\/www.conicyt.cl\/fondecyt\/2018\/04\/04\/concurso-iniciacion-en-investigacion-2018\/<\/a><\/span><\/p>\n<p style=\"font-weight: 400; text-align: justify;\">Bases:\u00a0<span style=\"color: #ff9900;\"><a style=\"color: #ff9900;\" href=\"http:\/\/www.conicyt.cl\/fondecyt\/files\/2018\/04\/Bases-Iniciacion-2018-web.pdf\" data-saferedirecturl=\"https:\/\/www.google.com\/url?hl=es&amp;q=http:\/\/www.conicyt.cl\/fondecyt\/files\/2018\/04\/Bases-Iniciacion-2018-web.pdf&amp;source=gmail&amp;ust=1527254853059000&amp;usg=AFQjCNG0DlhKhIgs_PudbmOriOFXZPd9Cg\">http:\/\/www.conicyt.cl\/fondecyt\/files\/2018\/04\/Bases-Iniciacion-2018-web.pdf<\/a><\/span><\/p>\n<p style=\"text-align: justify;\"><span style=\"text-decoration: underline;\"><b>Fechas importantes\u00a0<\/b><\/span><\/p>\n<ol>\n<li style=\"font-weight: 400; text-align: justify;\">Revisi\u00f3n de propuestas y recepci\u00f3n de patrocinio Decanato: semana del 10 al 18 de mayo (solo en ese periodo se revisar\u00e1n propuestas)<\/li>\n<li style=\"font-weight: 400; text-align: justify;\">Los postulantes deber\u00e1n enviar su propuesta a solicitud de patrocinio institucional hasta el 24 de mayo de 2018 a las 16:00 horas (hora chilena continental).<\/li>\n<li style=\"font-weight: 400; text-align: justify;\">Fecha de cierre de patrocinio institucional: hasta el 30 de mayo de 2018 a las 16:00 horas (hora chilena continental).<\/li>\n<li style=\"font-weight: 400; text-align: justify;\">Inicio de los proyectos: 01 de noviembre de 2018.<\/li>\n<\/ol>\n","protected":false},"excerpt":{"rendered":"<p>La convocatoria, que invita a proponer proyectos en todas las \u00e1reas del conocimiento, estar\u00e1 abierta entre el\u00a018 de abril y el 24 de mayo de 2018 para los postulantes. El objetivo de esta convocatoria, que ya tiene trece versiones, es fomentar y fortalecer el desarrollo de la investigaci\u00f3n cient\u00edfica y tecnol\u00f3gica de excelencia a trav\u00e9s [&hellip;]<\/p>\n","protected":false},"author":42,"featured_media":0,"parent":0,"menu_order":0,"comment_status":"closed","ping_status":"closed","template":"","meta":{"footnotes":""},"class_list":["post-6728","page","type-page","status-publish","hentry"],"yoast_head":"<!-- This site is optimized with the Yoast SEO plugin v26.9 - https:\/\/yoast.com\/product\/yoast-seo-wordpress\/ -->\n<title>Concurso Fondecyt Iniciaci\u00f3n 2018 - ICIM<\/title>\n<meta name=\"robots\" content=\"index, follow, max-snippet:-1, max-image-preview:large, max-video-preview:-1\" \/>\n<link rel=\"canonical\" href=\"https:\/\/medicina.udd.cl\/icim\/6728-2\/\" \/>\n<meta property=\"og:locale\" content=\"es_ES\" \/>\n<meta property=\"og:type\" content=\"article\" \/>\n<meta property=\"og:title\" content=\"Concurso Fondecyt Iniciaci\u00f3n 2018 - ICIM\" \/>\n<meta property=\"og:description\" content=\"La convocatoria, que invita a proponer proyectos en todas las \u00e1reas del conocimiento, estar\u00e1 abierta entre el\u00a018 de abril y el 24 de mayo de 2018 para los postulantes. El objetivo de esta convocatoria, que ya tiene trece versiones, es fomentar y fortalecer el desarrollo de la investigaci\u00f3n cient\u00edfica y tecnol\u00f3gica de excelencia a trav\u00e9s [&hellip;]\" \/>\n<meta property=\"og:url\" content=\"https:\/\/medicina.udd.cl\/icim\/6728-2\/\" \/>\n<meta property=\"og:site_name\" content=\"ICIM\" \/>\n<meta property=\"article:modified_time\" content=\"2018-05-24T13:55:56+00:00\" \/>\n<meta name=\"twitter:card\" content=\"summary_large_image\" \/>\n<meta name=\"twitter:label1\" content=\"Tiempo de lectura\" \/>\n\t<meta name=\"twitter:data1\" content=\"2 minutos\" \/>\n<script type=\"application\/ld+json\" class=\"yoast-schema-graph\">{\"@context\":\"https:\/\/schema.org\",\"@graph\":[{\"@type\":\"WebPage\",\"@id\":\"https:\/\/medicina.udd.cl\/icim\/6728-2\/\",\"url\":\"https:\/\/medicina.udd.cl\/icim\/6728-2\/\",\"name\":\"Concurso Fondecyt Iniciaci\u00f3n 2018 - ICIM\",\"isPartOf\":{\"@id\":\"https:\/\/medicina.udd.cl\/icim\/#website\"},\"datePublished\":\"2018-05-24T13:34:28+00:00\",\"dateModified\":\"2018-05-24T13:55:56+00:00\",\"breadcrumb\":{\"@id\":\"https:\/\/medicina.udd.cl\/icim\/6728-2\/#breadcrumb\"},\"inLanguage\":\"es\",\"potentialAction\":[{\"@type\":\"ReadAction\",\"target\":[\"https:\/\/medicina.udd.cl\/icim\/6728-2\/\"]}]},{\"@type\":\"BreadcrumbList\",\"@id\":\"https:\/\/medicina.udd.cl\/icim\/6728-2\/#breadcrumb\",\"itemListElement\":[{\"@type\":\"ListItem\",\"position\":1,\"name\":\"Inicio\",\"item\":\"https:\/\/medicina.udd.cl\/icim\/\"},{\"@type\":\"ListItem\",\"position\":2,\"name\":\"Concurso Fondecyt Iniciaci\u00f3n 2018\"}]},{\"@type\":\"WebSite\",\"@id\":\"https:\/\/medicina.udd.cl\/icim\/#website\",\"url\":\"https:\/\/medicina.udd.cl\/icim\/\",\"name\":\"ICIM\",\"description\":\"Una iniciativa de Universidad del Desarrollo y Cl\u00ednica Alemana\",\"inLanguage\":\"es\"}]}<\/script>\n<!-- \/ Yoast SEO plugin. -->","yoast_head_json":{"title":"Concurso Fondecyt Iniciaci\u00f3n 2018 - ICIM","robots":{"index":"index","follow":"follow","max-snippet":"max-snippet:-1","max-image-preview":"max-image-preview:large","max-video-preview":"max-video-preview:-1"},"canonical":"https:\/\/medicina.udd.cl\/icim\/6728-2\/","og_locale":"es_ES","og_type":"article","og_title":"Concurso Fondecyt Iniciaci\u00f3n 2018 - ICIM","og_description":"La convocatoria, que invita a proponer proyectos en todas las \u00e1reas del conocimiento, estar\u00e1 abierta entre el\u00a018 de abril y el 24 de mayo de 2018 para los postulantes. El objetivo de esta convocatoria, que ya tiene trece versiones, es fomentar y fortalecer el desarrollo de la investigaci\u00f3n cient\u00edfica y tecnol\u00f3gica de excelencia a trav\u00e9s [&hellip;]","og_url":"https:\/\/medicina.udd.cl\/icim\/6728-2\/","og_site_name":"ICIM","article_modified_time":"2018-05-24T13:55:56+00:00","twitter_card":"summary_large_image","twitter_misc":{"Tiempo de lectura":"2 minutos"},"schema":{"@context":"https:\/\/schema.org","@graph":[{"@type":"WebPage","@id":"https:\/\/medicina.udd.cl\/icim\/6728-2\/","url":"https:\/\/medicina.udd.cl\/icim\/6728-2\/","name":"Concurso Fondecyt Iniciaci\u00f3n 2018 - ICIM","isPartOf":{"@id":"https:\/\/medicina.udd.cl\/icim\/#website"},"datePublished":"2018-05-24T13:34:28+00:00","dateModified":"2018-05-24T13:55:56+00:00","breadcrumb":{"@id":"https:\/\/medicina.udd.cl\/icim\/6728-2\/#breadcrumb"},"inLanguage":"es","potentialAction":[{"@type":"ReadAction","target":["https:\/\/medicina.udd.cl\/icim\/6728-2\/"]}]},{"@type":"BreadcrumbList","@id":"https:\/\/medicina.udd.cl\/icim\/6728-2\/#breadcrumb","itemListElement":[{"@type":"ListItem","position":1,"name":"Inicio","item":"https:\/\/medicina.udd.cl\/icim\/"},{"@type":"ListItem","position":2,"name":"Concurso Fondecyt Iniciaci\u00f3n 2018"}]},{"@type":"WebSite","@id":"https:\/\/medicina.udd.cl\/icim\/#website","url":"https:\/\/medicina.udd.cl\/icim\/","name":"ICIM","description":"Una iniciativa de Universidad del Desarrollo y Cl\u00ednica Alemana","inLanguage":"es"}]}},"_links":{"self":[{"href":"https:\/\/medicina.udd.cl\/icim\/wp-json\/wp\/v2\/pages\/6728","targetHints":{"allow":["GET"]}}],"collection":[{"href":"https:\/\/medicina.udd.cl\/icim\/wp-json\/wp\/v2\/pages"}],"about":[{"href":"https:\/\/medicina.udd.cl\/icim\/wp-json\/wp\/v2\/types\/page"}],"author":[{"embeddable":true,"href":"https:\/\/medicina.udd.cl\/icim\/wp-json\/wp\/v2\/users\/42"}],"replies":[{"embeddable":true,"href":"https:\/\/medicina.udd.cl\/icim\/wp-json\/wp\/v2\/comments?post=6728"}],"version-history":[{"count":2,"href":"https:\/\/medicina.udd.cl\/icim\/wp-json\/wp\/v2\/pages\/6728\/revisions"}],"predecessor-version":[{"id":6749,"href":"https:\/\/medicina.udd.cl\/icim\/wp-json\/wp\/v2\/pages\/6728\/revisions\/6749"}],"wp:attachment":[{"href":"https:\/\/medicina.udd.cl\/icim\/wp-json\/wp\/v2\/media?parent=6728"}],"curies":[{"name":"wp","href":"https:\/\/api.w.org\/{rel}","templated":true}]}}

Concurso Fondecyt Iniciación 2018

<p style="font-weight: 400; text-align: justify;">La convocatoria, que invita a proponer proyectos en todas las áreas del conocimiento, estará abierta entre el <strong>18 de abril y el 24 de mayo de 2018 para los postulantes</strong>.</p>
<p style="font-weight: 400; text-align: justify;">El objetivo de esta convocatoria, que ya tiene trece versiones, es fomentar y fortalecer el desarrollo de la investigación científica y tecnológica de excelencia a través del financiamiento de proyectos con patrocinio institucional y que sean presentados por <strong>personas que hayan obtenido el grado de doctor o especialidad del área de la salud, a partir del uno de enero de 2010 y hasta el 30 de mayo de 2018, antes de la fecha y hora de cierre de patrocinio institucional.</strong></p>
<p style="font-weight: 400; text-align: justify;">Para las investigadoras que hayan tenido hijos a contar del año 2010, el plazo a considerar para cumplir el requisito anterior es a partir del primero de enero de 2009. Aquellas investigadoras que certifiquen el nacimiento de más de un hijo desde el año 2010, tendrán la posibilidad de adicionar un año por cada uno, a partir del segundo hijo.</p>
<p style="font-weight: 400; text-align: justify;">Las iniciativas presentadas deben crear conocimientos nuevos o aplicaciones previstas a través de hipótesis de trabajo explicitadas en el proyecto, que son seleccionados teniendo en cuenta su calidad intrínseca y el mérito de los postulantes, sin distinción de áreas, procedencia institucional o género.</p>
<p style="font-weight: 400; text-align: justify;">Las certificaciones de grado de doctor o especialidad del área de la salud, extendidas en idioma distinto a español o inglés, deberán adjuntar a la postulación traducción simple al idioma español, adicionalmente al documento original.</p>
<p style="font-weight: 400; text-align: justify;">Para mayor información, ver este link: <span style="color: #ff9900;"><a style="color: #ff9900;" href="http://www.conicyt.cl/fondecyt/2018/04/04/concurso-iniciacion-en-investigacion-2018/" data-saferedirecturl="https://www.google.com/url?hl=es&amp;q=http://www.conicyt.cl/fondecyt/2018/04/04/concurso-iniciacion-en-investigacion-2018/&amp;source=gmail&amp;ust=1527254853058000&amp;usg=AFQjCNGie3op0tcXnpgrE0mB5oqLSFgY-A">http://www.conicyt.cl/fondecyt/2018/04/04/concurso-iniciacion-en-investigacion-2018/</a></span></p>
<p style="font-weight: 400; text-align: justify;">Bases: <span style="color: #ff9900;"><a style="color: #ff9900;" href="http://www.conicyt.cl/fondecyt/files/2018/04/Bases-Iniciacion-2018-web.pdf" data-saferedirecturl="https://www.google.com/url?hl=es&amp;q=http://www.conicyt.cl/fondecyt/files/2018/04/Bases-Iniciacion-2018-web.pdf&amp;source=gmail&amp;ust=1527254853059000&amp;usg=AFQjCNG0DlhKhIgs_PudbmOriOFXZPd9Cg">http://www.conicyt.cl/fondecyt/files/2018/04/Bases-Iniciacion-2018-web.pdf</a></span></p>
<p style="text-align: justify;"><span style="text-decoration: underline;"><b>Fechas importantes </b></span></p>
<ol>
<li style="font-weight: 400; text-align: justify;">Revisión de propuestas y recepción de patrocinio Decanato: semana del 10 al 18 de mayo (solo en ese periodo se revisarán propuestas)</li>
<li style="font-weight: 400; text-align: justify;">Los postulantes deberán enviar su propuesta a solicitud de patrocinio institucional hasta el 24 de mayo de 2018 a las 16:00 horas (hora chilena continental).</li>
<li style="font-weight: 400; text-align: justify;">Fecha de cierre de patrocinio institucional: hasta el 30 de mayo de 2018 a las 16:00 horas (hora chilena continental).</li>
<li style="font-weight: 400; text-align: justify;">Inicio de los proyectos: 01 de noviembre de 2018.</li>
</ol>

<p>La convocatoria, que invita a proponer proyectos en todas las áreas del conocimiento, estará abierta entre el 18 de abril y el 24 de mayo de 2018 para los postulantes. El objetivo de esta convocatoria, que ya tiene trece versiones, es fomentar y fortalecer el desarrollo de la investigación científica y tecnológica de excelencia a través [&hellip;]</p>

<!-- This site is optimized with the Yoast SEO plugin v26.9 - https://yoast.com/product/yoast-seo-wordpress/ -->
<title>Concurso Fondecyt Iniciación 2018 - ICIM</title>
<meta name="robots" content="index, follow, max-snippet:-1, max-image-preview:large, max-video-preview:-1" />
<link rel="canonical" href="https://medicina.udd.cl/icim/6728-2/" />
<meta property="og:locale" content="es_ES" />
<meta property="og:type" content="article" />
<meta property="og:title" content="Concurso Fondecyt Iniciación 2018 - ICIM" />
<meta property="og:description" content="La convocatoria, que invita a proponer proyectos en todas las áreas del conocimiento, estará abierta entre el 18 de abril y el 24 de mayo de 2018 para los postulantes. El objetivo de esta convocatoria, que ya tiene trece versiones, es fomentar y fortalecer el desarrollo de la investigación científica y tecnológica de excelencia a través [&hellip;]" />
<meta property="og:url" content="https://medicina.udd.cl/icim/6728-2/" />
<meta property="og:site_name" content="ICIM" />
<meta property="article:modified_time" content="2018-05-24T13:55:56+00:00" />
<meta name="twitter:card" content="summary_large_image" />
<meta name="twitter:label1" content="Tiempo de lectura" />
	<meta name="twitter:data1" content="2 minutos" />
<script type="application/ld+json" class="yoast-schema-graph">{"@context":"https://schema.org","@graph":[{"@type":"WebPage","@id":"https://medicina.udd.cl/icim/6728-2/","url":"https://medicina.udd.cl/icim/6728-2/","name":"Concurso Fondecyt Iniciación 2018 - ICIM","isPartOf":{"@id":"https://medicina.udd.cl/icim/#website"},"datePublished":"2018-05-24T13:34:28+00:00","dateModified":"2018-05-24T13:55:56+00:00","breadcrumb":{"@id":"https://medicina.udd.cl/icim/6728-2/#breadcrumb"},"inLanguage":"es","potentialAction":[{"@type":"ReadAction","target":["https://medicina.udd.cl/icim/6728-2/"]}]},{"@type":"BreadcrumbList","@id":"https://medicina.udd.cl/icim/6728-2/#breadcrumb","itemListElement":[{"@type":"ListItem","position":1,"name":"Inicio","item":"https://medicina.udd.cl/icim/"},{"@type":"ListItem","position":2,"name":"Concurso Fondecyt Iniciación 2018"}]},{"@type":"WebSite","@id":"https://medicina.udd.cl/icim/#website","url":"https://medicina.udd.cl/icim/","name":"ICIM","description":"Una iniciativa de Universidad del Desarrollo y Clínica Alemana","inLanguage":"es"}]}</script>
<!-- / Yoast SEO plugin. -->

Concurso Fondecyt Iniciación 2018 - ICIM

La convocatoria, que invita a proponer proyectos en todas las áreas del conocimiento, estará abierta entre el 18 de abril y el 24 de mayo de 2018 para los postulantes. El objetivo de esta convocatoria, que ya tiene trece versiones, es fomentar y fortalecer el desarrollo de la investigación científica y tecnológica de excelencia a través [&hellip;]

Una iniciativa de Universidad del Desarrollo y Clínica Alemana
