{"id":6754,"date":"2018-05-30T13:54:49","date_gmt":"2018-05-30T13:54:49","guid":{"rendered":"http:\/\/medicina.udd.cl\/icim\/?page_id=6754"},"modified":"2018-05-30T13:54:49","modified_gmt":"2018-05-30T13:54:49","slug":"confirmacion-inauguracion-centro-de-estudios-clinicos-del-icim","status":"publish","type":"page","link":"https:\/\/medicina.udd.cl\/icim\/confirmacion-inauguracion-centro-de-estudios-clinicos-del-icim\/","title":{"rendered":"Confirmaci\u00f3n &#8211; Inauguraci\u00f3n Centro de Estudios Cl\u00ednicos del ICIM"},"content":{"rendered":"<p>Gracias. Su confirmaci\u00f3n se ha enviado con \u00e9xito.<\/p>\n","protected":false},"excerpt":{"rendered":"<p>Gracias. Su confirmaci\u00f3n se ha enviado con \u00e9xito.<\/p>\n","protected":false},"author":1,"featured_media":0,"parent":0,"menu_order":0,"comment_status":"closed","ping_status":"closed","template":"","meta":{"footnotes":""},"class_list":["post-6754","page","type-page","status-publish","hentry"],"yoast_head":"<!-- This site is optimized with the Yoast SEO plugin v26.9 - https:\/\/yoast.com\/product\/yoast-seo-wordpress\/ -->\n<title>Confirmaci\u00f3n - Inauguraci\u00f3n Centro de Estudios Cl\u00ednicos del ICIM - ICIM<\/title>\n<meta name=\"robots\" content=\"index, follow, max-snippet:-1, max-image-preview:large, max-video-preview:-1\" \/>\n<link rel=\"canonical\" href=\"https:\/\/medicina.udd.cl\/icim\/confirmacion-inauguracion-centro-de-estudios-clinicos-del-icim\/\" \/>\n<meta property=\"og:locale\" content=\"es_ES\" \/>\n<meta property=\"og:type\" content=\"article\" \/>\n<meta property=\"og:title\" content=\"Confirmaci\u00f3n - Inauguraci\u00f3n Centro de Estudios Cl\u00ednicos del ICIM - ICIM\" \/>\n<meta property=\"og:description\" content=\"Gracias. Su confirmaci\u00f3n se ha enviado con \u00e9xito.\" \/>\n<meta property=\"og:url\" content=\"https:\/\/medicina.udd.cl\/icim\/confirmacion-inauguracion-centro-de-estudios-clinicos-del-icim\/\" \/>\n<meta property=\"og:site_name\" content=\"ICIM\" \/>\n<meta name=\"twitter:card\" content=\"summary_large_image\" \/>\n<script type=\"application\/ld+json\" class=\"yoast-schema-graph\">{\"@context\":\"https:\/\/schema.org\",\"@graph\":[{\"@type\":\"WebPage\",\"@id\":\"https:\/\/medicina.udd.cl\/icim\/confirmacion-inauguracion-centro-de-estudios-clinicos-del-icim\/\",\"url\":\"https:\/\/medicina.udd.cl\/icim\/confirmacion-inauguracion-centro-de-estudios-clinicos-del-icim\/\",\"name\":\"Confirmaci\u00f3n - Inauguraci\u00f3n Centro de Estudios Cl\u00ednicos del ICIM - ICIM\",\"isPartOf\":{\"@id\":\"https:\/\/medicina.udd.cl\/icim\/#website\"},\"datePublished\":\"2018-05-30T13:54:49+00:00\",\"breadcrumb\":{\"@id\":\"https:\/\/medicina.udd.cl\/icim\/confirmacion-inauguracion-centro-de-estudios-clinicos-del-icim\/#breadcrumb\"},\"inLanguage\":\"es\",\"potentialAction\":[{\"@type\":\"ReadAction\",\"target\":[\"https:\/\/medicina.udd.cl\/icim\/confirmacion-inauguracion-centro-de-estudios-clinicos-del-icim\/\"]}]},{\"@type\":\"BreadcrumbList\",\"@id\":\"https:\/\/medicina.udd.cl\/icim\/confirmacion-inauguracion-centro-de-estudios-clinicos-del-icim\/#breadcrumb\",\"itemListElement\":[{\"@type\":\"ListItem\",\"position\":1,\"name\":\"Inicio\",\"item\":\"https:\/\/medicina.udd.cl\/icim\/\"},{\"@type\":\"ListItem\",\"position\":2,\"name\":\"Confirmaci\u00f3n &#8211; Inauguraci\u00f3n Centro de Estudios Cl\u00ednicos del ICIM\"}]},{\"@type\":\"WebSite\",\"@id\":\"https:\/\/medicina.udd.cl\/icim\/#website\",\"url\":\"https:\/\/medicina.udd.cl\/icim\/\",\"name\":\"ICIM\",\"description\":\"Una iniciativa de Universidad del Desarrollo y Cl\u00ednica Alemana\",\"inLanguage\":\"es\"}]}<\/script>\n<!-- \/ Yoast SEO plugin. -->","yoast_head_json":{"title":"Confirmaci\u00f3n - Inauguraci\u00f3n Centro de Estudios Cl\u00ednicos del ICIM - ICIM","robots":{"index":"index","follow":"follow","max-snippet":"max-snippet:-1","max-image-preview":"max-image-preview:large","max-video-preview":"max-video-preview:-1"},"canonical":"https:\/\/medicina.udd.cl\/icim\/confirmacion-inauguracion-centro-de-estudios-clinicos-del-icim\/","og_locale":"es_ES","og_type":"article","og_title":"Confirmaci\u00f3n - Inauguraci\u00f3n Centro de Estudios Cl\u00ednicos del ICIM - ICIM","og_description":"Gracias. Su confirmaci\u00f3n se ha enviado con \u00e9xito.","og_url":"https:\/\/medicina.udd.cl\/icim\/confirmacion-inauguracion-centro-de-estudios-clinicos-del-icim\/","og_site_name":"ICIM","twitter_card":"summary_large_image","schema":{"@context":"https:\/\/schema.org","@graph":[{"@type":"WebPage","@id":"https:\/\/medicina.udd.cl\/icim\/confirmacion-inauguracion-centro-de-estudios-clinicos-del-icim\/","url":"https:\/\/medicina.udd.cl\/icim\/confirmacion-inauguracion-centro-de-estudios-clinicos-del-icim\/","name":"Confirmaci\u00f3n - Inauguraci\u00f3n Centro de Estudios Cl\u00ednicos del ICIM - ICIM","isPartOf":{"@id":"https:\/\/medicina.udd.cl\/icim\/#website"},"datePublished":"2018-05-30T13:54:49+00:00","breadcrumb":{"@id":"https:\/\/medicina.udd.cl\/icim\/confirmacion-inauguracion-centro-de-estudios-clinicos-del-icim\/#breadcrumb"},"inLanguage":"es","potentialAction":[{"@type":"ReadAction","target":["https:\/\/medicina.udd.cl\/icim\/confirmacion-inauguracion-centro-de-estudios-clinicos-del-icim\/"]}]},{"@type":"BreadcrumbList","@id":"https:\/\/medicina.udd.cl\/icim\/confirmacion-inauguracion-centro-de-estudios-clinicos-del-icim\/#breadcrumb","itemListElement":[{"@type":"ListItem","position":1,"name":"Inicio","item":"https:\/\/medicina.udd.cl\/icim\/"},{"@type":"ListItem","position":2,"name":"Confirmaci\u00f3n &#8211; Inauguraci\u00f3n Centro de Estudios Cl\u00ednicos del ICIM"}]},{"@type":"WebSite","@id":"https:\/\/medicina.udd.cl\/icim\/#website","url":"https:\/\/medicina.udd.cl\/icim\/","name":"ICIM","description":"Una iniciativa de Universidad del Desarrollo y Cl\u00ednica Alemana","inLanguage":"es"}]}},"_links":{"self":[{"href":"https:\/\/medicina.udd.cl\/icim\/wp-json\/wp\/v2\/pages\/6754","targetHints":{"allow":["GET"]}}],"collection":[{"href":"https:\/\/medicina.udd.cl\/icim\/wp-json\/wp\/v2\/pages"}],"about":[{"href":"https:\/\/medicina.udd.cl\/icim\/wp-json\/wp\/v2\/types\/page"}],"author":[{"embeddable":true,"href":"https:\/\/medicina.udd.cl\/icim\/wp-json\/wp\/v2\/users\/1"}],"replies":[{"embeddable":true,"href":"https:\/\/medicina.udd.cl\/icim\/wp-json\/wp\/v2\/comments?post=6754"}],"version-history":[{"count":1,"href":"https:\/\/medicina.udd.cl\/icim\/wp-json\/wp\/v2\/pages\/6754\/revisions"}],"predecessor-version":[{"id":6755,"href":"https:\/\/medicina.udd.cl\/icim\/wp-json\/wp\/v2\/pages\/6754\/revisions\/6755"}],"wp:attachment":[{"href":"https:\/\/medicina.udd.cl\/icim\/wp-json\/wp\/v2\/media?parent=6754"}],"curies":[{"name":"wp","href":"https:\/\/api.w.org\/{rel}","templated":true}]}}

Confirmación &#8211; Inauguración Centro de Estudios Clínicos del ICIM

<p>Gracias. Su confirmación se ha enviado con éxito.</p>

<!-- This site is optimized with the Yoast SEO plugin v26.9 - https://yoast.com/product/yoast-seo-wordpress/ -->
<title>Confirmación - Inauguración Centro de Estudios Clínicos del ICIM - ICIM</title>
<meta name="robots" content="index, follow, max-snippet:-1, max-image-preview:large, max-video-preview:-1" />
<link rel="canonical" href="https://medicina.udd.cl/icim/confirmacion-inauguracion-centro-de-estudios-clinicos-del-icim/" />
<meta property="og:locale" content="es_ES" />
<meta property="og:type" content="article" />
<meta property="og:title" content="Confirmación - Inauguración Centro de Estudios Clínicos del ICIM - ICIM" />
<meta property="og:description" content="Gracias. Su confirmación se ha enviado con éxito." />
<meta property="og:url" content="https://medicina.udd.cl/icim/confirmacion-inauguracion-centro-de-estudios-clinicos-del-icim/" />
<meta property="og:site_name" content="ICIM" />
<meta name="twitter:card" content="summary_large_image" />
<script type="application/ld+json" class="yoast-schema-graph">{"@context":"https://schema.org","@graph":[{"@type":"WebPage","@id":"https://medicina.udd.cl/icim/confirmacion-inauguracion-centro-de-estudios-clinicos-del-icim/","url":"https://medicina.udd.cl/icim/confirmacion-inauguracion-centro-de-estudios-clinicos-del-icim/","name":"Confirmación - Inauguración Centro de Estudios Clínicos del ICIM - ICIM","isPartOf":{"@id":"https://medicina.udd.cl/icim/#website"},"datePublished":"2018-05-30T13:54:49+00:00","breadcrumb":{"@id":"https://medicina.udd.cl/icim/confirmacion-inauguracion-centro-de-estudios-clinicos-del-icim/#breadcrumb"},"inLanguage":"es","potentialAction":[{"@type":"ReadAction","target":["https://medicina.udd.cl/icim/confirmacion-inauguracion-centro-de-estudios-clinicos-del-icim/"]}]},{"@type":"BreadcrumbList","@id":"https://medicina.udd.cl/icim/confirmacion-inauguracion-centro-de-estudios-clinicos-del-icim/#breadcrumb","itemListElement":[{"@type":"ListItem","position":1,"name":"Inicio","item":"https://medicina.udd.cl/icim/"},{"@type":"ListItem","position":2,"name":"Confirmación &#8211; Inauguración Centro de Estudios Clínicos del ICIM"}]},{"@type":"WebSite","@id":"https://medicina.udd.cl/icim/#website","url":"https://medicina.udd.cl/icim/","name":"ICIM","description":"Una iniciativa de Universidad del Desarrollo y Clínica Alemana","inLanguage":"es"}]}</script>
<!-- / Yoast SEO plugin. -->

Confirmación - Inauguración Centro de Estudios Clínicos del ICIM - ICIM

Gracias. Su confirmación se ha enviado con éxito.

Una iniciativa de Universidad del Desarrollo y Clínica Alemana
