{"id":7026,"date":"2018-08-14T15:15:55","date_gmt":"2018-08-14T15:15:55","guid":{"rendered":"http:\/\/medicina.udd.cl\/icim\/?page_id=7026"},"modified":"2018-08-14T15:17:07","modified_gmt":"2018-08-14T15:17:07","slug":"concurso-fondecyt-regular-2019","status":"publish","type":"page","link":"https:\/\/medicina.udd.cl\/icim\/concursos-abiertos\/concurso-fondecyt-regular-2019\/","title":{"rendered":"Concurso Fondecyt Regular 2019"},"content":{"rendered":"<p style=\"text-align: center;\"><strong>Convocatoria al Concurso FONDECYT Regular 2019<\/strong><\/p>\n<p>Las bases de dicho Concurso se encuentran disponibles en <a href=\"http:\/\/tracker.cl1.fidelizador.com\/LC4E819GF4E14CHF477473ECCJF4E11434KC4E81958F8156DFEC9056AA65B\">www.conicyt.cl\/fondecyt<\/a>.\u00a0 La presentaci\u00f3n de proyectos se realizar\u00e1 exclusivamente a trav\u00e9s de nuestra plataforma de postulaci\u00f3n en l\u00ednea.<\/p>\n<p>Para esta convocatoria se destaca los siguientes cambios en las bases:<\/p>\n<ul>\n<li>Para investigadoras responsables que hayan tenido hijos(as) a partir del a\u00f1o 2013, se incorpora al beneficio de adicionar un a\u00f1o de productividad cient\u00edfica por cada hijo(a), a partir del segundo hijo(a).\u00a0 Lo anterior, se hace extensivo a investigadores(as) responsables que en el mismo per\u00edodo les hayan otorgado judicialmente la tuici\u00f3n o cuidado personal de un menor.<\/li>\n<li>Los proyectos del \u00e1rea de investigaci\u00f3n biom\u00e9dica en seres humanos que resulten adjudicados, deber\u00e1n presentar certificaciones aprobatorias emitidas por un Comit\u00e9 \u00c9tico Cient\u00edfico acreditado, de acuerdo a lo establecido en la Ley N\u00ba 20.120 y su reglamento.<\/li>\n<li>Se establecen nuevos montos m\u00e1ximos en algunos de los \u00edtems financiables.<\/li>\n<\/ul>\n<p>Los plazos de cierre para el Concurso son los siguientes:<\/p>\n<table width=\"0\">\n<tbody>\n<tr>\n<td width=\"302\">Fecha env\u00edo de solicitud de patrocinio<\/td>\n<td width=\"284\">Fecha cierre para Instituciones<\/td>\n<\/tr>\n<tr>\n<td width=\"302\">martes 28 de agosto de 2018 a las 16:00 Hrs. de Chile continental<\/td>\n<td width=\"284\">martes 4 de septiembre de 2018 a las 16:00 Hrs. de Chile continental<\/td>\n<\/tr>\n<\/tbody>\n<\/table>\n","protected":false},"excerpt":{"rendered":"<p>Convocatoria al Concurso FONDECYT Regular 2019 Las bases de dicho Concurso se encuentran disponibles en www.conicyt.cl\/fondecyt.\u00a0 La presentaci\u00f3n de proyectos se realizar\u00e1 exclusivamente a trav\u00e9s de nuestra plataforma de postulaci\u00f3n en l\u00ednea. Para esta convocatoria se destaca los siguientes cambios en las bases: Para investigadoras responsables que hayan tenido hijos(as) a partir del a\u00f1o 2013, [&hellip;]<\/p>\n","protected":false},"author":42,"featured_media":0,"parent":6449,"menu_order":0,"comment_status":"closed","ping_status":"closed","template":"","meta":{"footnotes":""},"class_list":["post-7026","page","type-page","status-publish","hentry"],"yoast_head":"<!-- This site is optimized with the Yoast SEO plugin v26.9 - https:\/\/yoast.com\/product\/yoast-seo-wordpress\/ -->\n<title>Concurso Fondecyt Regular 2019 - ICIM<\/title>\n<meta name=\"robots\" content=\"index, follow, max-snippet:-1, max-image-preview:large, max-video-preview:-1\" \/>\n<link rel=\"canonical\" href=\"https:\/\/medicina.udd.cl\/icim\/concursos-abiertos\/concurso-fondecyt-regular-2019\/\" \/>\n<meta property=\"og:locale\" content=\"es_ES\" \/>\n<meta property=\"og:type\" content=\"article\" \/>\n<meta property=\"og:title\" content=\"Concurso Fondecyt Regular 2019 - ICIM\" \/>\n<meta property=\"og:description\" content=\"Convocatoria al Concurso FONDECYT Regular 2019 Las bases de dicho Concurso se encuentran disponibles en www.conicyt.cl\/fondecyt.\u00a0 La presentaci\u00f3n de proyectos se realizar\u00e1 exclusivamente a trav\u00e9s de nuestra plataforma de postulaci\u00f3n en l\u00ednea. Para esta convocatoria se destaca los siguientes cambios en las bases: Para investigadoras responsables que hayan tenido hijos(as) a partir del a\u00f1o 2013, [&hellip;]\" \/>\n<meta property=\"og:url\" content=\"https:\/\/medicina.udd.cl\/icim\/concursos-abiertos\/concurso-fondecyt-regular-2019\/\" \/>\n<meta property=\"og:site_name\" content=\"ICIM\" \/>\n<meta property=\"article:modified_time\" content=\"2018-08-14T15:17:07+00:00\" \/>\n<meta name=\"twitter:card\" content=\"summary_large_image\" \/>\n<meta name=\"twitter:label1\" content=\"Tiempo de lectura\" \/>\n\t<meta name=\"twitter:data1\" content=\"1 minuto\" \/>\n<script type=\"application\/ld+json\" class=\"yoast-schema-graph\">{\"@context\":\"https:\/\/schema.org\",\"@graph\":[{\"@type\":\"WebPage\",\"@id\":\"https:\/\/medicina.udd.cl\/icim\/concursos-abiertos\/concurso-fondecyt-regular-2019\/\",\"url\":\"https:\/\/medicina.udd.cl\/icim\/concursos-abiertos\/concurso-fondecyt-regular-2019\/\",\"name\":\"Concurso Fondecyt Regular 2019 - ICIM\",\"isPartOf\":{\"@id\":\"https:\/\/medicina.udd.cl\/icim\/#website\"},\"datePublished\":\"2018-08-14T15:15:55+00:00\",\"dateModified\":\"2018-08-14T15:17:07+00:00\",\"breadcrumb\":{\"@id\":\"https:\/\/medicina.udd.cl\/icim\/concursos-abiertos\/concurso-fondecyt-regular-2019\/#breadcrumb\"},\"inLanguage\":\"es\",\"potentialAction\":[{\"@type\":\"ReadAction\",\"target\":[\"https:\/\/medicina.udd.cl\/icim\/concursos-abiertos\/concurso-fondecyt-regular-2019\/\"]}]},{\"@type\":\"BreadcrumbList\",\"@id\":\"https:\/\/medicina.udd.cl\/icim\/concursos-abiertos\/concurso-fondecyt-regular-2019\/#breadcrumb\",\"itemListElement\":[{\"@type\":\"ListItem\",\"position\":1,\"name\":\"Inicio\",\"item\":\"https:\/\/medicina.udd.cl\/icim\/\"},{\"@type\":\"ListItem\",\"position\":2,\"name\":\"Concursos abiertos\",\"item\":\"https:\/\/medicina.udd.cl\/icim\/?page_id=6449\"},{\"@type\":\"ListItem\",\"position\":3,\"name\":\"Concurso Fondecyt Regular 2019\"}]},{\"@type\":\"WebSite\",\"@id\":\"https:\/\/medicina.udd.cl\/icim\/#website\",\"url\":\"https:\/\/medicina.udd.cl\/icim\/\",\"name\":\"ICIM\",\"description\":\"Una iniciativa de Universidad del Desarrollo y Cl\u00ednica Alemana\",\"inLanguage\":\"es\"}]}<\/script>\n<!-- \/ Yoast SEO plugin. -->","yoast_head_json":{"title":"Concurso Fondecyt Regular 2019 - ICIM","robots":{"index":"index","follow":"follow","max-snippet":"max-snippet:-1","max-image-preview":"max-image-preview:large","max-video-preview":"max-video-preview:-1"},"canonical":"https:\/\/medicina.udd.cl\/icim\/concursos-abiertos\/concurso-fondecyt-regular-2019\/","og_locale":"es_ES","og_type":"article","og_title":"Concurso Fondecyt Regular 2019 - ICIM","og_description":"Convocatoria al Concurso FONDECYT Regular 2019 Las bases de dicho Concurso se encuentran disponibles en www.conicyt.cl\/fondecyt.\u00a0 La presentaci\u00f3n de proyectos se realizar\u00e1 exclusivamente a trav\u00e9s de nuestra plataforma de postulaci\u00f3n en l\u00ednea. Para esta convocatoria se destaca los siguientes cambios en las bases: Para investigadoras responsables que hayan tenido hijos(as) a partir del a\u00f1o 2013, [&hellip;]","og_url":"https:\/\/medicina.udd.cl\/icim\/concursos-abiertos\/concurso-fondecyt-regular-2019\/","og_site_name":"ICIM","article_modified_time":"2018-08-14T15:17:07+00:00","twitter_card":"summary_large_image","twitter_misc":{"Tiempo de lectura":"1 minuto"},"schema":{"@context":"https:\/\/schema.org","@graph":[{"@type":"WebPage","@id":"https:\/\/medicina.udd.cl\/icim\/concursos-abiertos\/concurso-fondecyt-regular-2019\/","url":"https:\/\/medicina.udd.cl\/icim\/concursos-abiertos\/concurso-fondecyt-regular-2019\/","name":"Concurso Fondecyt Regular 2019 - ICIM","isPartOf":{"@id":"https:\/\/medicina.udd.cl\/icim\/#website"},"datePublished":"2018-08-14T15:15:55+00:00","dateModified":"2018-08-14T15:17:07+00:00","breadcrumb":{"@id":"https:\/\/medicina.udd.cl\/icim\/concursos-abiertos\/concurso-fondecyt-regular-2019\/#breadcrumb"},"inLanguage":"es","potentialAction":[{"@type":"ReadAction","target":["https:\/\/medicina.udd.cl\/icim\/concursos-abiertos\/concurso-fondecyt-regular-2019\/"]}]},{"@type":"BreadcrumbList","@id":"https:\/\/medicina.udd.cl\/icim\/concursos-abiertos\/concurso-fondecyt-regular-2019\/#breadcrumb","itemListElement":[{"@type":"ListItem","position":1,"name":"Inicio","item":"https:\/\/medicina.udd.cl\/icim\/"},{"@type":"ListItem","position":2,"name":"Concursos abiertos","item":"https:\/\/medicina.udd.cl\/icim\/?page_id=6449"},{"@type":"ListItem","position":3,"name":"Concurso Fondecyt Regular 2019"}]},{"@type":"WebSite","@id":"https:\/\/medicina.udd.cl\/icim\/#website","url":"https:\/\/medicina.udd.cl\/icim\/","name":"ICIM","description":"Una iniciativa de Universidad del Desarrollo y Cl\u00ednica Alemana","inLanguage":"es"}]}},"_links":{"self":[{"href":"https:\/\/medicina.udd.cl\/icim\/wp-json\/wp\/v2\/pages\/7026","targetHints":{"allow":["GET"]}}],"collection":[{"href":"https:\/\/medicina.udd.cl\/icim\/wp-json\/wp\/v2\/pages"}],"about":[{"href":"https:\/\/medicina.udd.cl\/icim\/wp-json\/wp\/v2\/types\/page"}],"author":[{"embeddable":true,"href":"https:\/\/medicina.udd.cl\/icim\/wp-json\/wp\/v2\/users\/42"}],"replies":[{"embeddable":true,"href":"https:\/\/medicina.udd.cl\/icim\/wp-json\/wp\/v2\/comments?post=7026"}],"version-history":[{"count":2,"href":"https:\/\/medicina.udd.cl\/icim\/wp-json\/wp\/v2\/pages\/7026\/revisions"}],"predecessor-version":[{"id":7029,"href":"https:\/\/medicina.udd.cl\/icim\/wp-json\/wp\/v2\/pages\/7026\/revisions\/7029"}],"up":[{"embeddable":true,"href":"https:\/\/medicina.udd.cl\/icim\/wp-json\/wp\/v2\/pages\/6449"}],"wp:attachment":[{"href":"https:\/\/medicina.udd.cl\/icim\/wp-json\/wp\/v2\/media?parent=7026"}],"curies":[{"name":"wp","href":"https:\/\/api.w.org\/{rel}","templated":true}]}}

<p style="text-align: center;"><strong>Convocatoria al Concurso FONDECYT Regular 2019</strong></p>
<p>Las bases de dicho Concurso se encuentran disponibles en <a href="http://tracker.cl1.fidelizador.com/LC4E819GF4E14CHF477473ECCJF4E11434KC4E81958F8156DFEC9056AA65B">www.conicyt.cl/fondecyt</a>.  La presentación de proyectos se realizará exclusivamente a través de nuestra plataforma de postulación en línea.</p>
<p>Para esta convocatoria se destaca los siguientes cambios en las bases:</p>
<ul>
<li>Para investigadoras responsables que hayan tenido hijos(as) a partir del año 2013, se incorpora al beneficio de adicionar un año de productividad científica por cada hijo(a), a partir del segundo hijo(a).  Lo anterior, se hace extensivo a investigadores(as) responsables que en el mismo período les hayan otorgado judicialmente la tuición o cuidado personal de un menor.</li>
<li>Los proyectos del área de investigación biomédica en seres humanos que resulten adjudicados, deberán presentar certificaciones aprobatorias emitidas por un Comité Ético Científico acreditado, de acuerdo a lo establecido en la Ley Nº 20.120 y su reglamento.</li>
<li>Se establecen nuevos montos máximos en algunos de los ítems financiables.</li>
</ul>
<p>Los plazos de cierre para el Concurso son los siguientes:</p>
<table width="0">
<tbody>
<tr>
<td width="302">Fecha envío de solicitud de patrocinio</td>
<td width="284">Fecha cierre para Instituciones</td>
</tr>
<tr>
<td width="302">martes 28 de agosto de 2018 a las 16:00 Hrs. de Chile continental</td>
<td width="284">martes 4 de septiembre de 2018 a las 16:00 Hrs. de Chile continental</td>
</tr>
</tbody>
</table>

<p>Convocatoria al Concurso FONDECYT Regular 2019 Las bases de dicho Concurso se encuentran disponibles en www.conicyt.cl/fondecyt.  La presentación de proyectos se realizará exclusivamente a través de nuestra plataforma de postulación en línea. Para esta convocatoria se destaca los siguientes cambios en las bases: Para investigadoras responsables que hayan tenido hijos(as) a partir del año 2013, [&hellip;]</p>

<!-- This site is optimized with the Yoast SEO plugin v26.9 - https://yoast.com/product/yoast-seo-wordpress/ -->
<title>Concurso Fondecyt Regular 2019 - ICIM</title>
<meta name="robots" content="index, follow, max-snippet:-1, max-image-preview:large, max-video-preview:-1" />
<link rel="canonical" href="https://medicina.udd.cl/icim/concursos-abiertos/concurso-fondecyt-regular-2019/" />
<meta property="og:locale" content="es_ES" />
<meta property="og:type" content="article" />
<meta property="og:title" content="Concurso Fondecyt Regular 2019 - ICIM" />
<meta property="og:description" content="Convocatoria al Concurso FONDECYT Regular 2019 Las bases de dicho Concurso se encuentran disponibles en www.conicyt.cl/fondecyt.  La presentación de proyectos se realizará exclusivamente a través de nuestra plataforma de postulación en línea. Para esta convocatoria se destaca los siguientes cambios en las bases: Para investigadoras responsables que hayan tenido hijos(as) a partir del año 2013, [&hellip;]" />
<meta property="og:url" content="https://medicina.udd.cl/icim/concursos-abiertos/concurso-fondecyt-regular-2019/" />
<meta property="og:site_name" content="ICIM" />
<meta property="article:modified_time" content="2018-08-14T15:17:07+00:00" />
<meta name="twitter:card" content="summary_large_image" />
<meta name="twitter:label1" content="Tiempo de lectura" />
	<meta name="twitter:data1" content="1 minuto" />
<script type="application/ld+json" class="yoast-schema-graph">{"@context":"https://schema.org","@graph":[{"@type":"WebPage","@id":"https://medicina.udd.cl/icim/concursos-abiertos/concurso-fondecyt-regular-2019/","url":"https://medicina.udd.cl/icim/concursos-abiertos/concurso-fondecyt-regular-2019/","name":"Concurso Fondecyt Regular 2019 - ICIM","isPartOf":{"@id":"https://medicina.udd.cl/icim/#website"},"datePublished":"2018-08-14T15:15:55+00:00","dateModified":"2018-08-14T15:17:07+00:00","breadcrumb":{"@id":"https://medicina.udd.cl/icim/concursos-abiertos/concurso-fondecyt-regular-2019/#breadcrumb"},"inLanguage":"es","potentialAction":[{"@type":"ReadAction","target":["https://medicina.udd.cl/icim/concursos-abiertos/concurso-fondecyt-regular-2019/"]}]},{"@type":"BreadcrumbList","@id":"https://medicina.udd.cl/icim/concursos-abiertos/concurso-fondecyt-regular-2019/#breadcrumb","itemListElement":[{"@type":"ListItem","position":1,"name":"Inicio","item":"https://medicina.udd.cl/icim/"},{"@type":"ListItem","position":2,"name":"Concursos abiertos","item":"https://medicina.udd.cl/icim/?page_id=6449"},{"@type":"ListItem","position":3,"name":"Concurso Fondecyt Regular 2019"}]},{"@type":"WebSite","@id":"https://medicina.udd.cl/icim/#website","url":"https://medicina.udd.cl/icim/","name":"ICIM","description":"Una iniciativa de Universidad del Desarrollo y Clínica Alemana","inLanguage":"es"}]}</script>
<!-- / Yoast SEO plugin. -->

Convocatoria al Concurso FONDECYT Regular 2019 Las bases de dicho Concurso se encuentran disponibles en www.conicyt.cl/fondecyt.  La presentación de proyectos se realizará exclusivamente a través de nuestra plataforma de postulación en línea. Para esta convocatoria se destaca los siguientes cambios en las bases: Para investigadoras responsables que hayan tenido hijos(as) a partir del año 2013, [&hellip;]

Una iniciativa de Universidad del Desarrollo y Clínica Alemana
