{"id":7195,"date":"2018-11-05T18:06:14","date_gmt":"2018-11-05T18:06:14","guid":{"rendered":"http:\/\/medicina.udd.cl\/icim\/?page_id=7195"},"modified":"2018-11-06T12:41:22","modified_gmt":"2018-11-06T12:41:22","slug":"biosketch-erik-boot-md-phd","status":"publish","type":"page","link":"https:\/\/medicina.udd.cl\/icim\/biosketch-erik-boot-md-phd\/","title":{"rendered":"Biosketch: Erik Boot, MD, PhD"},"content":{"rendered":"<p>El Dr. Erik Boot es m\u00e9dico,\u00a0 especializado en medicina para personas con discapacidad intelectual. Sus intereses cl\u00ednicos y de investigaci\u00f3n incluyen trastornos gen\u00f3micos, sus consecuencias biol\u00f3gicas y sus manifestaciones de disfunci\u00f3n cerebral, como discapacidades intelectuales, trastornos psiqui\u00e1tricos y\u00a0 del movimiento. Complet\u00f3 su tesis doctoral sobre adultos con s\u00edndrome de deleci\u00f3n 22q11.2 y sistemas de neurotransmisores en 2010.<\/p>\n<p>Se form\u00f3 como \u00abfellow\u00bb postdoctoral en el Departamento de Psiquiatr\u00eda de la Universidad de Toronto, Canad\u00e1, en el programa cl\u00ednico y de investigaci\u00f3n en la cl\u00ednica The Dalglish Family para 22q, la primera cl\u00ednica integral e interdisciplinaria del mundo dedicada a adultos con s\u00edndrome de deleci\u00f3n 22q11.2 y sus familias. Durante su beca, recibi\u00f3 el Premio McLaughlin para investigadores j\u00f3venes, el premio Max Alexandroff y el premio de investigaci\u00f3n de becarios (que gan\u00f3 dos a\u00f1os consecutivos).<\/p>\n<p>El Dr. Boot es autor y coautor de m\u00e1s de 50 art\u00edculos de revistas y cap\u00edtulos de libros.<\/p>\n","protected":false},"excerpt":{"rendered":"<p>El Dr. Erik Boot es m\u00e9dico,\u00a0 especializado en medicina para personas con discapacidad intelectual. Sus intereses cl\u00ednicos y de investigaci\u00f3n incluyen trastornos gen\u00f3micos, sus consecuencias biol\u00f3gicas y sus manifestaciones de disfunci\u00f3n cerebral, como discapacidades intelectuales, trastornos psiqui\u00e1tricos y\u00a0 del movimiento. Complet\u00f3 su tesis doctoral sobre adultos con s\u00edndrome de deleci\u00f3n 22q11.2 y sistemas de neurotransmisores [&hellip;]<\/p>\n","protected":false},"author":42,"featured_media":0,"parent":0,"menu_order":0,"comment_status":"closed","ping_status":"closed","template":"","meta":{"footnotes":""},"class_list":["post-7195","page","type-page","status-publish","hentry"],"yoast_head":"<!-- This site is optimized with the Yoast SEO plugin v26.9 - https:\/\/yoast.com\/product\/yoast-seo-wordpress\/ -->\n<title>Biosketch: Erik Boot, MD, PhD - ICIM<\/title>\n<meta name=\"robots\" content=\"index, follow, max-snippet:-1, max-image-preview:large, max-video-preview:-1\" \/>\n<link rel=\"canonical\" href=\"https:\/\/medicina.udd.cl\/icim\/biosketch-erik-boot-md-phd\/\" \/>\n<meta property=\"og:locale\" content=\"es_ES\" \/>\n<meta property=\"og:type\" content=\"article\" \/>\n<meta property=\"og:title\" content=\"Biosketch: Erik Boot, MD, PhD - ICIM\" \/>\n<meta property=\"og:description\" content=\"El Dr. Erik Boot es m\u00e9dico,\u00a0 especializado en medicina para personas con discapacidad intelectual. Sus intereses cl\u00ednicos y de investigaci\u00f3n incluyen trastornos gen\u00f3micos, sus consecuencias biol\u00f3gicas y sus manifestaciones de disfunci\u00f3n cerebral, como discapacidades intelectuales, trastornos psiqui\u00e1tricos y\u00a0 del movimiento. Complet\u00f3 su tesis doctoral sobre adultos con s\u00edndrome de deleci\u00f3n 22q11.2 y sistemas de neurotransmisores [&hellip;]\" \/>\n<meta property=\"og:url\" content=\"https:\/\/medicina.udd.cl\/icim\/biosketch-erik-boot-md-phd\/\" \/>\n<meta property=\"og:site_name\" content=\"ICIM\" \/>\n<meta property=\"article:modified_time\" content=\"2018-11-06T12:41:22+00:00\" \/>\n<meta name=\"twitter:card\" content=\"summary_large_image\" \/>\n<meta name=\"twitter:label1\" content=\"Tiempo de lectura\" \/>\n\t<meta name=\"twitter:data1\" content=\"1 minuto\" \/>\n<script type=\"application\/ld+json\" class=\"yoast-schema-graph\">{\"@context\":\"https:\/\/schema.org\",\"@graph\":[{\"@type\":\"WebPage\",\"@id\":\"https:\/\/medicina.udd.cl\/icim\/biosketch-erik-boot-md-phd\/\",\"url\":\"https:\/\/medicina.udd.cl\/icim\/biosketch-erik-boot-md-phd\/\",\"name\":\"Biosketch: Erik Boot, MD, PhD - ICIM\",\"isPartOf\":{\"@id\":\"https:\/\/medicina.udd.cl\/icim\/#website\"},\"datePublished\":\"2018-11-05T18:06:14+00:00\",\"dateModified\":\"2018-11-06T12:41:22+00:00\",\"breadcrumb\":{\"@id\":\"https:\/\/medicina.udd.cl\/icim\/biosketch-erik-boot-md-phd\/#breadcrumb\"},\"inLanguage\":\"es\",\"potentialAction\":[{\"@type\":\"ReadAction\",\"target\":[\"https:\/\/medicina.udd.cl\/icim\/biosketch-erik-boot-md-phd\/\"]}]},{\"@type\":\"BreadcrumbList\",\"@id\":\"https:\/\/medicina.udd.cl\/icim\/biosketch-erik-boot-md-phd\/#breadcrumb\",\"itemListElement\":[{\"@type\":\"ListItem\",\"position\":1,\"name\":\"Inicio\",\"item\":\"https:\/\/medicina.udd.cl\/icim\/\"},{\"@type\":\"ListItem\",\"position\":2,\"name\":\"Biosketch: Erik Boot, MD, PhD\"}]},{\"@type\":\"WebSite\",\"@id\":\"https:\/\/medicina.udd.cl\/icim\/#website\",\"url\":\"https:\/\/medicina.udd.cl\/icim\/\",\"name\":\"ICIM\",\"description\":\"Una iniciativa de Universidad del Desarrollo y Cl\u00ednica Alemana\",\"inLanguage\":\"es\"}]}<\/script>\n<!-- \/ Yoast SEO plugin. -->","yoast_head_json":{"title":"Biosketch: Erik Boot, MD, PhD - ICIM","robots":{"index":"index","follow":"follow","max-snippet":"max-snippet:-1","max-image-preview":"max-image-preview:large","max-video-preview":"max-video-preview:-1"},"canonical":"https:\/\/medicina.udd.cl\/icim\/biosketch-erik-boot-md-phd\/","og_locale":"es_ES","og_type":"article","og_title":"Biosketch: Erik Boot, MD, PhD - ICIM","og_description":"El Dr. Erik Boot es m\u00e9dico,\u00a0 especializado en medicina para personas con discapacidad intelectual. Sus intereses cl\u00ednicos y de investigaci\u00f3n incluyen trastornos gen\u00f3micos, sus consecuencias biol\u00f3gicas y sus manifestaciones de disfunci\u00f3n cerebral, como discapacidades intelectuales, trastornos psiqui\u00e1tricos y\u00a0 del movimiento. Complet\u00f3 su tesis doctoral sobre adultos con s\u00edndrome de deleci\u00f3n 22q11.2 y sistemas de neurotransmisores [&hellip;]","og_url":"https:\/\/medicina.udd.cl\/icim\/biosketch-erik-boot-md-phd\/","og_site_name":"ICIM","article_modified_time":"2018-11-06T12:41:22+00:00","twitter_card":"summary_large_image","twitter_misc":{"Tiempo de lectura":"1 minuto"},"schema":{"@context":"https:\/\/schema.org","@graph":[{"@type":"WebPage","@id":"https:\/\/medicina.udd.cl\/icim\/biosketch-erik-boot-md-phd\/","url":"https:\/\/medicina.udd.cl\/icim\/biosketch-erik-boot-md-phd\/","name":"Biosketch: Erik Boot, MD, PhD - ICIM","isPartOf":{"@id":"https:\/\/medicina.udd.cl\/icim\/#website"},"datePublished":"2018-11-05T18:06:14+00:00","dateModified":"2018-11-06T12:41:22+00:00","breadcrumb":{"@id":"https:\/\/medicina.udd.cl\/icim\/biosketch-erik-boot-md-phd\/#breadcrumb"},"inLanguage":"es","potentialAction":[{"@type":"ReadAction","target":["https:\/\/medicina.udd.cl\/icim\/biosketch-erik-boot-md-phd\/"]}]},{"@type":"BreadcrumbList","@id":"https:\/\/medicina.udd.cl\/icim\/biosketch-erik-boot-md-phd\/#breadcrumb","itemListElement":[{"@type":"ListItem","position":1,"name":"Inicio","item":"https:\/\/medicina.udd.cl\/icim\/"},{"@type":"ListItem","position":2,"name":"Biosketch: Erik Boot, MD, PhD"}]},{"@type":"WebSite","@id":"https:\/\/medicina.udd.cl\/icim\/#website","url":"https:\/\/medicina.udd.cl\/icim\/","name":"ICIM","description":"Una iniciativa de Universidad del Desarrollo y Cl\u00ednica Alemana","inLanguage":"es"}]}},"_links":{"self":[{"href":"https:\/\/medicina.udd.cl\/icim\/wp-json\/wp\/v2\/pages\/7195","targetHints":{"allow":["GET"]}}],"collection":[{"href":"https:\/\/medicina.udd.cl\/icim\/wp-json\/wp\/v2\/pages"}],"about":[{"href":"https:\/\/medicina.udd.cl\/icim\/wp-json\/wp\/v2\/types\/page"}],"author":[{"embeddable":true,"href":"https:\/\/medicina.udd.cl\/icim\/wp-json\/wp\/v2\/users\/42"}],"replies":[{"embeddable":true,"href":"https:\/\/medicina.udd.cl\/icim\/wp-json\/wp\/v2\/comments?post=7195"}],"version-history":[{"count":3,"href":"https:\/\/medicina.udd.cl\/icim\/wp-json\/wp\/v2\/pages\/7195\/revisions"}],"predecessor-version":[{"id":7198,"href":"https:\/\/medicina.udd.cl\/icim\/wp-json\/wp\/v2\/pages\/7195\/revisions\/7198"}],"wp:attachment":[{"href":"https:\/\/medicina.udd.cl\/icim\/wp-json\/wp\/v2\/media?parent=7195"}],"curies":[{"name":"wp","href":"https:\/\/api.w.org\/{rel}","templated":true}]}}