{"id":7418,"date":"2019-01-10T18:05:32","date_gmt":"2019-01-10T18:05:32","guid":{"rendered":"http:\/\/medicina.udd.cl\/icim\/?page_id=7418"},"modified":"2019-01-10T18:14:47","modified_gmt":"2019-01-10T18:14:47","slug":"concurso-fonis-2019","status":"publish","type":"page","link":"https:\/\/medicina.udd.cl\/icim\/concurso-fonis-2019\/","title":{"rendered":"Concurso Fonis 2019"},"content":{"rendered":"<ul>\n<li>\n<h4><a href=\"https:\/\/medicina.udd.cl\/icim\/files\/2019\/01\/Carta-Institucion-Beneficiaria-UDD-FONIS-2019.pdf\"><strong>Carta Compromiso Instituci\u00f3n Beneficiaria<\/strong><\/a><\/h4>\n<\/li>\n<li>\n<h4><a href=\"https:\/\/medicina.udd.cl\/icim\/files\/2019\/01\/Protocolo-de-Gestion-para-la-Postulaci\u00f3n-Fondos-de-Investigaci\u00f3n-2019.pdf\"><strong>Protocolo de Gesti\u00f3n para la Postulaci\u00f3n de Fondos de Investigaci\u00f3n 2019<\/strong><\/a><\/h4>\n<\/li>\n<li>\n<h4><a href=\"https:\/\/medicina.udd.cl\/icim\/files\/2019\/01\/Resolucion-Aprueba-Bases-XVI-Concurso-FONIS-2019.pdf\"><strong>Resoluci\u00f3n aprueba bases XVI Concurso Fonis 2019<\/strong><\/a><\/h4>\n<\/li>\n<\/ul>\n","protected":false},"excerpt":{"rendered":"<p>Carta Compromiso Instituci\u00f3n Beneficiaria Protocolo de Gesti\u00f3n para la Postulaci\u00f3n de Fondos de Investigaci\u00f3n 2019 Resoluci\u00f3n aprueba bases XVI Concurso Fonis 2019<\/p>\n","protected":false},"author":42,"featured_media":0,"parent":0,"menu_order":0,"comment_status":"closed","ping_status":"closed","template":"","meta":{"footnotes":""},"class_list":["post-7418","page","type-page","status-publish","hentry"],"yoast_head":"<!-- This site is optimized with the Yoast SEO plugin v26.9 - https:\/\/yoast.com\/product\/yoast-seo-wordpress\/ -->\n<title>Concurso Fonis 2019 - ICIM<\/title>\n<meta name=\"robots\" content=\"index, follow, max-snippet:-1, max-image-preview:large, max-video-preview:-1\" \/>\n<link rel=\"canonical\" href=\"https:\/\/medicina.udd.cl\/icim\/concurso-fonis-2019\/\" \/>\n<meta property=\"og:locale\" content=\"es_ES\" \/>\n<meta property=\"og:type\" content=\"article\" \/>\n<meta property=\"og:title\" content=\"Concurso Fonis 2019 - ICIM\" \/>\n<meta property=\"og:description\" content=\"Carta Compromiso Instituci\u00f3n Beneficiaria Protocolo de Gesti\u00f3n para la Postulaci\u00f3n de Fondos de Investigaci\u00f3n 2019 Resoluci\u00f3n aprueba bases XVI Concurso Fonis 2019\" \/>\n<meta property=\"og:url\" content=\"https:\/\/medicina.udd.cl\/icim\/concurso-fonis-2019\/\" \/>\n<meta property=\"og:site_name\" content=\"ICIM\" \/>\n<meta property=\"article:modified_time\" content=\"2019-01-10T18:14:47+00:00\" \/>\n<meta name=\"twitter:card\" content=\"summary_large_image\" \/>\n<script type=\"application\/ld+json\" class=\"yoast-schema-graph\">{\"@context\":\"https:\/\/schema.org\",\"@graph\":[{\"@type\":\"WebPage\",\"@id\":\"https:\/\/medicina.udd.cl\/icim\/concurso-fonis-2019\/\",\"url\":\"https:\/\/medicina.udd.cl\/icim\/concurso-fonis-2019\/\",\"name\":\"Concurso Fonis 2019 - ICIM\",\"isPartOf\":{\"@id\":\"https:\/\/medicina.udd.cl\/icim\/#website\"},\"datePublished\":\"2019-01-10T18:05:32+00:00\",\"dateModified\":\"2019-01-10T18:14:47+00:00\",\"breadcrumb\":{\"@id\":\"https:\/\/medicina.udd.cl\/icim\/concurso-fonis-2019\/#breadcrumb\"},\"inLanguage\":\"es\",\"potentialAction\":[{\"@type\":\"ReadAction\",\"target\":[\"https:\/\/medicina.udd.cl\/icim\/concurso-fonis-2019\/\"]}]},{\"@type\":\"BreadcrumbList\",\"@id\":\"https:\/\/medicina.udd.cl\/icim\/concurso-fonis-2019\/#breadcrumb\",\"itemListElement\":[{\"@type\":\"ListItem\",\"position\":1,\"name\":\"Inicio\",\"item\":\"https:\/\/medicina.udd.cl\/icim\/\"},{\"@type\":\"ListItem\",\"position\":2,\"name\":\"Concurso Fonis 2019\"}]},{\"@type\":\"WebSite\",\"@id\":\"https:\/\/medicina.udd.cl\/icim\/#website\",\"url\":\"https:\/\/medicina.udd.cl\/icim\/\",\"name\":\"ICIM\",\"description\":\"Una iniciativa de Universidad del Desarrollo y Cl\u00ednica Alemana\",\"inLanguage\":\"es\"}]}<\/script>\n<!-- \/ Yoast SEO plugin. -->","yoast_head_json":{"title":"Concurso Fonis 2019 - ICIM","robots":{"index":"index","follow":"follow","max-snippet":"max-snippet:-1","max-image-preview":"max-image-preview:large","max-video-preview":"max-video-preview:-1"},"canonical":"https:\/\/medicina.udd.cl\/icim\/concurso-fonis-2019\/","og_locale":"es_ES","og_type":"article","og_title":"Concurso Fonis 2019 - ICIM","og_description":"Carta Compromiso Instituci\u00f3n Beneficiaria Protocolo de Gesti\u00f3n para la Postulaci\u00f3n de Fondos de Investigaci\u00f3n 2019 Resoluci\u00f3n aprueba bases XVI Concurso Fonis 2019","og_url":"https:\/\/medicina.udd.cl\/icim\/concurso-fonis-2019\/","og_site_name":"ICIM","article_modified_time":"2019-01-10T18:14:47+00:00","twitter_card":"summary_large_image","schema":{"@context":"https:\/\/schema.org","@graph":[{"@type":"WebPage","@id":"https:\/\/medicina.udd.cl\/icim\/concurso-fonis-2019\/","url":"https:\/\/medicina.udd.cl\/icim\/concurso-fonis-2019\/","name":"Concurso Fonis 2019 - ICIM","isPartOf":{"@id":"https:\/\/medicina.udd.cl\/icim\/#website"},"datePublished":"2019-01-10T18:05:32+00:00","dateModified":"2019-01-10T18:14:47+00:00","breadcrumb":{"@id":"https:\/\/medicina.udd.cl\/icim\/concurso-fonis-2019\/#breadcrumb"},"inLanguage":"es","potentialAction":[{"@type":"ReadAction","target":["https:\/\/medicina.udd.cl\/icim\/concurso-fonis-2019\/"]}]},{"@type":"BreadcrumbList","@id":"https:\/\/medicina.udd.cl\/icim\/concurso-fonis-2019\/#breadcrumb","itemListElement":[{"@type":"ListItem","position":1,"name":"Inicio","item":"https:\/\/medicina.udd.cl\/icim\/"},{"@type":"ListItem","position":2,"name":"Concurso Fonis 2019"}]},{"@type":"WebSite","@id":"https:\/\/medicina.udd.cl\/icim\/#website","url":"https:\/\/medicina.udd.cl\/icim\/","name":"ICIM","description":"Una iniciativa de Universidad del Desarrollo y Cl\u00ednica Alemana","inLanguage":"es"}]}},"_links":{"self":[{"href":"https:\/\/medicina.udd.cl\/icim\/wp-json\/wp\/v2\/pages\/7418","targetHints":{"allow":["GET"]}}],"collection":[{"href":"https:\/\/medicina.udd.cl\/icim\/wp-json\/wp\/v2\/pages"}],"about":[{"href":"https:\/\/medicina.udd.cl\/icim\/wp-json\/wp\/v2\/types\/page"}],"author":[{"embeddable":true,"href":"https:\/\/medicina.udd.cl\/icim\/wp-json\/wp\/v2\/users\/42"}],"replies":[{"embeddable":true,"href":"https:\/\/medicina.udd.cl\/icim\/wp-json\/wp\/v2\/comments?post=7418"}],"version-history":[{"count":4,"href":"https:\/\/medicina.udd.cl\/icim\/wp-json\/wp\/v2\/pages\/7418\/revisions"}],"predecessor-version":[{"id":7426,"href":"https:\/\/medicina.udd.cl\/icim\/wp-json\/wp\/v2\/pages\/7418\/revisions\/7426"}],"wp:attachment":[{"href":"https:\/\/medicina.udd.cl\/icim\/wp-json\/wp\/v2\/media?parent=7418"}],"curies":[{"name":"wp","href":"https:\/\/api.w.org\/{rel}","templated":true}]}}

<ul>
<li>
<h4><a href="https://medicina.udd.cl/icim/files/2019/01/Carta-Institucion-Beneficiaria-UDD-FONIS-2019.pdf"><strong>Carta Compromiso Institución Beneficiaria</strong></a></h4>
</li>
<li>
<h4><a href="https://medicina.udd.cl/icim/files/2019/01/Protocolo-de-Gestion-para-la-Postulación-Fondos-de-Investigación-2019.pdf"><strong>Protocolo de Gestión para la Postulación de Fondos de Investigación 2019</strong></a></h4>
</li>
<li>
<h4><a href="https://medicina.udd.cl/icim/files/2019/01/Resolucion-Aprueba-Bases-XVI-Concurso-FONIS-2019.pdf"><strong>Resolución aprueba bases XVI Concurso Fonis 2019</strong></a></h4>
</li>
</ul>

<p>Carta Compromiso Institución Beneficiaria Protocolo de Gestión para la Postulación de Fondos de Investigación 2019 Resolución aprueba bases XVI Concurso Fonis 2019</p>

<!-- This site is optimized with the Yoast SEO plugin v26.9 - https://yoast.com/product/yoast-seo-wordpress/ -->
<title>Concurso Fonis 2019 - ICIM</title>
<meta name="robots" content="index, follow, max-snippet:-1, max-image-preview:large, max-video-preview:-1" />
<link rel="canonical" href="https://medicina.udd.cl/icim/concurso-fonis-2019/" />
<meta property="og:locale" content="es_ES" />
<meta property="og:type" content="article" />
<meta property="og:title" content="Concurso Fonis 2019 - ICIM" />
<meta property="og:description" content="Carta Compromiso Institución Beneficiaria Protocolo de Gestión para la Postulación de Fondos de Investigación 2019 Resolución aprueba bases XVI Concurso Fonis 2019" />
<meta property="og:url" content="https://medicina.udd.cl/icim/concurso-fonis-2019/" />
<meta property="og:site_name" content="ICIM" />
<meta property="article:modified_time" content="2019-01-10T18:14:47+00:00" />
<meta name="twitter:card" content="summary_large_image" />
<script type="application/ld+json" class="yoast-schema-graph">{"@context":"https://schema.org","@graph":[{"@type":"WebPage","@id":"https://medicina.udd.cl/icim/concurso-fonis-2019/","url":"https://medicina.udd.cl/icim/concurso-fonis-2019/","name":"Concurso Fonis 2019 - ICIM","isPartOf":{"@id":"https://medicina.udd.cl/icim/#website"},"datePublished":"2019-01-10T18:05:32+00:00","dateModified":"2019-01-10T18:14:47+00:00","breadcrumb":{"@id":"https://medicina.udd.cl/icim/concurso-fonis-2019/#breadcrumb"},"inLanguage":"es","potentialAction":[{"@type":"ReadAction","target":["https://medicina.udd.cl/icim/concurso-fonis-2019/"]}]},{"@type":"BreadcrumbList","@id":"https://medicina.udd.cl/icim/concurso-fonis-2019/#breadcrumb","itemListElement":[{"@type":"ListItem","position":1,"name":"Inicio","item":"https://medicina.udd.cl/icim/"},{"@type":"ListItem","position":2,"name":"Concurso Fonis 2019"}]},{"@type":"WebSite","@id":"https://medicina.udd.cl/icim/#website","url":"https://medicina.udd.cl/icim/","name":"ICIM","description":"Una iniciativa de Universidad del Desarrollo y Clínica Alemana","inLanguage":"es"}]}</script>
<!-- / Yoast SEO plugin. -->

Carta Compromiso Institución Beneficiaria Protocolo de Gestión para la Postulación de Fondos de Investigación 2019 Resolución aprueba bases XVI Concurso Fonis 2019

Una iniciativa de Universidad del Desarrollo y Clínica Alemana
