{"id":8277,"date":"2020-01-20T15:38:45","date_gmt":"2020-01-20T15:38:45","guid":{"rendered":"http:\/\/medicina.udd.cl\/icim\/?page_id=8277"},"modified":"2022-04-18T14:59:50","modified_gmt":"2022-04-18T18:59:50","slug":"instituto-de-ciencias-e-innovacion-en-medicina-icim","status":"publish","type":"page","link":"https:\/\/medicina.udd.cl\/icim\/instituto-de-ciencias-e-innovacion-en-medicina-icim\/","title":{"rendered":"Instituto de Ciencias e Innovaci\u00f3n en Medicina (ICIM)"},"content":{"rendered":"<section class=\"wp-block-udd-featured-link\">\n\t<div class=\"container\">\n\t\t<div class=\"featured-link\">\n\t\t\t\t\t\t<div class=\"featured-link__media\">\n\t\t\t<a href=\"https:\/\/medicina.udd.cl\/icim\/files\/2020\/01\/Dise%C3%B1o-Modelo-Funcional-ICIM.pdf\" data-url=\"https:\/\/medicina.udd.cl\/icim\/files\/2020\/01\/Dise%C3%B1o-Modelo-Funcional-ICIM.pdf\">\n\t\t\t\t\t<img loading=\"lazy\" decoding=\"async\" width=\"507\" height=\"382\" src=\"https:\/\/medicina.udd.cl\/icim\/files\/2021\/01\/IMG_20210118_195119_546-440x245.jpg\" class=\"featured-link__media-image lazyload\" alt=\"\" sizes=\"auto, (max-width: 507px) 100vw, 507px\" data-src=\"https:\/\/medicina.udd.cl\/icim\/files\/2021\/01\/IMG_20210118_195119_546.jpg\" data-srcset=\"https:\/\/medicina.udd.cl\/icim\/files\/2021\/01\/IMG_20210118_195119_546.jpg 1080w, https:\/\/medicina.udd.cl\/icim\/files\/2021\/01\/IMG_20210118_195119_546-300x226.jpg 300w, https:\/\/medicina.udd.cl\/icim\/files\/2021\/01\/IMG_20210118_195119_546-1024x772.jpg 1024w, https:\/\/medicina.udd.cl\/icim\/files\/2021\/01\/IMG_20210118_195119_546-768x579.jpg 768w\" \/>\t\t\t\t<\/a>\n\t\t\t<\/div>\n\t\t\t\t\t\t<div class=\"featured-link__content\">\n\t\t\t\t\t\t\t\t\t\t\t\t\t<h3 class=\"featured-link__title\">\n\t\t\t\t\t\t<a data-url=\"https:\/\/medicina.udd.cl\/icim\/files\/2020\/01\/Dise%C3%B1o-Modelo-Funcional-ICIM.pdf\" href=\"https:\/\/medicina.udd.cl\/icim\/files\/2020\/01\/Dise%C3%B1o-Modelo-Funcional-ICIM.pdf\">\n\t\t\t\t\t\t\tEl modelo ICIM\t\t\t\t\t\t<\/a>\n\t\t\t\t\t<\/h3>\n\t\t\t\t\t\t\t\t\t\t\t\t\t\t\t\t<p>La Facultad de  Medicina  Cl\u00ednica  Alemana  Universidad  del  Desarrollo,  con  la  ambici\u00f3n de estar en la vanguardia de la formaci\u00f3n e investigaci\u00f3n en salud en nuestro pa\u00eds, crea el Instituto de Ciencias e Innovaci\u00f3n en Medicina (ICIM), dando un paso significativo en su visi\u00f3n y quehacer de la investigaci\u00f3n. <\/p>\n<p> En los \u00faltimos a\u00f1os, la actividad de investigaci\u00f3n se  ha  fortalecido  con  la  adopci\u00f3n  de  un  modelo  funcional  que  permite no solo la realizaci\u00f3n de ciencia de primer nivel cuantificable con  la  m\u00e9trica  tradicional  de  impacto,  sino  que  tambi\u00e9n  busca  las  mejores  v\u00edas  para  que  el  conocimiento  desarrollado  genere  impacto en el sistema de salud nacional y alcance proyecci\u00f3n a nivel internacional.<\/p>\n\t\t\t\t\t\t\t\t\t\t\t\t<a href=\"https:\/\/medicina.udd.cl\/icim\/files\/2020\/01\/Dise%C3%B1o-Modelo-Funcional-ICIM.pdf\" data-url=\"https:\/\/medicina.udd.cl\/icim\/files\/2020\/01\/Dise%C3%B1o-Modelo-Funcional-ICIM.pdf\"\n\t\t\t\t\t class=\"featured-link__more\"\t\t\t\t>\n\t\t\t\t\tNuestro modelo funcional\t\t\t\t<\/a>\n\t\t\t\t\t\t\t<\/div>\n\t\t<\/div>\n\t<\/div>\n<\/section>\n\n\n\n<p><\/p>\n","protected":false},"excerpt":{"rendered":"","protected":false},"author":42,"featured_media":0,"parent":0,"menu_order":0,"comment_status":"closed","ping_status":"closed","template":"","meta":{"footnotes":""},"class_list":["post-8277","page","type-page","status-publish","hentry"],"yoast_head":"<!-- This site is optimized with the Yoast SEO plugin v26.9 - https:\/\/yoast.com\/product\/yoast-seo-wordpress\/ -->\n<title>Instituto de Ciencias e Innovaci\u00f3n en Medicina (ICIM) - ICIM<\/title>\n<meta name=\"robots\" content=\"index, follow, max-snippet:-1, max-image-preview:large, max-video-preview:-1\" \/>\n<link rel=\"canonical\" href=\"https:\/\/medicina.udd.cl\/icim\/instituto-de-ciencias-e-innovacion-en-medicina-icim\/\" \/>\n<meta property=\"og:locale\" content=\"es_ES\" \/>\n<meta property=\"og:type\" content=\"article\" \/>\n<meta property=\"og:title\" content=\"Instituto de Ciencias e Innovaci\u00f3n en Medicina (ICIM) - ICIM\" \/>\n<meta property=\"og:url\" content=\"https:\/\/medicina.udd.cl\/icim\/instituto-de-ciencias-e-innovacion-en-medicina-icim\/\" \/>\n<meta property=\"og:site_name\" content=\"ICIM\" \/>\n<meta property=\"article:modified_time\" content=\"2022-04-18T18:59:50+00:00\" \/>\n<meta name=\"twitter:card\" content=\"summary_large_image\" \/>\n<meta name=\"twitter:label1\" content=\"Tiempo de lectura\" \/>\n\t<meta name=\"twitter:data1\" content=\"1 minuto\" \/>\n<script type=\"application\/ld+json\" class=\"yoast-schema-graph\">{\"@context\":\"https:\/\/schema.org\",\"@graph\":[{\"@type\":\"WebPage\",\"@id\":\"https:\/\/medicina.udd.cl\/icim\/instituto-de-ciencias-e-innovacion-en-medicina-icim\/\",\"url\":\"https:\/\/medicina.udd.cl\/icim\/instituto-de-ciencias-e-innovacion-en-medicina-icim\/\",\"name\":\"Instituto de Ciencias e Innovaci\u00f3n en Medicina (ICIM) - ICIM\",\"isPartOf\":{\"@id\":\"https:\/\/medicina.udd.cl\/icim\/#website\"},\"datePublished\":\"2020-01-20T15:38:45+00:00\",\"dateModified\":\"2022-04-18T18:59:50+00:00\",\"breadcrumb\":{\"@id\":\"https:\/\/medicina.udd.cl\/icim\/instituto-de-ciencias-e-innovacion-en-medicina-icim\/#breadcrumb\"},\"inLanguage\":\"es\",\"potentialAction\":[{\"@type\":\"ReadAction\",\"target\":[\"https:\/\/medicina.udd.cl\/icim\/instituto-de-ciencias-e-innovacion-en-medicina-icim\/\"]}]},{\"@type\":\"BreadcrumbList\",\"@id\":\"https:\/\/medicina.udd.cl\/icim\/instituto-de-ciencias-e-innovacion-en-medicina-icim\/#breadcrumb\",\"itemListElement\":[{\"@type\":\"ListItem\",\"position\":1,\"name\":\"Inicio\",\"item\":\"https:\/\/medicina.udd.cl\/icim\/\"},{\"@type\":\"ListItem\",\"position\":2,\"name\":\"Instituto de Ciencias e Innovaci\u00f3n en Medicina (ICIM)\"}]},{\"@type\":\"WebSite\",\"@id\":\"https:\/\/medicina.udd.cl\/icim\/#website\",\"url\":\"https:\/\/medicina.udd.cl\/icim\/\",\"name\":\"ICIM\",\"description\":\"Una iniciativa de Universidad del Desarrollo y Cl\u00ednica Alemana\",\"inLanguage\":\"es\"}]}<\/script>\n<!-- \/ Yoast SEO plugin. -->","yoast_head_json":{"title":"Instituto de Ciencias e Innovaci\u00f3n en Medicina (ICIM) - ICIM","robots":{"index":"index","follow":"follow","max-snippet":"max-snippet:-1","max-image-preview":"max-image-preview:large","max-video-preview":"max-video-preview:-1"},"canonical":"https:\/\/medicina.udd.cl\/icim\/instituto-de-ciencias-e-innovacion-en-medicina-icim\/","og_locale":"es_ES","og_type":"article","og_title":"Instituto de Ciencias e Innovaci\u00f3n en Medicina (ICIM) - ICIM","og_url":"https:\/\/medicina.udd.cl\/icim\/instituto-de-ciencias-e-innovacion-en-medicina-icim\/","og_site_name":"ICIM","article_modified_time":"2022-04-18T18:59:50+00:00","twitter_card":"summary_large_image","twitter_misc":{"Tiempo de lectura":"1 minuto"},"schema":{"@context":"https:\/\/schema.org","@graph":[{"@type":"WebPage","@id":"https:\/\/medicina.udd.cl\/icim\/instituto-de-ciencias-e-innovacion-en-medicina-icim\/","url":"https:\/\/medicina.udd.cl\/icim\/instituto-de-ciencias-e-innovacion-en-medicina-icim\/","name":"Instituto de Ciencias e Innovaci\u00f3n en Medicina (ICIM) - ICIM","isPartOf":{"@id":"https:\/\/medicina.udd.cl\/icim\/#website"},"datePublished":"2020-01-20T15:38:45+00:00","dateModified":"2022-04-18T18:59:50+00:00","breadcrumb":{"@id":"https:\/\/medicina.udd.cl\/icim\/instituto-de-ciencias-e-innovacion-en-medicina-icim\/#breadcrumb"},"inLanguage":"es","potentialAction":[{"@type":"ReadAction","target":["https:\/\/medicina.udd.cl\/icim\/instituto-de-ciencias-e-innovacion-en-medicina-icim\/"]}]},{"@type":"BreadcrumbList","@id":"https:\/\/medicina.udd.cl\/icim\/instituto-de-ciencias-e-innovacion-en-medicina-icim\/#breadcrumb","itemListElement":[{"@type":"ListItem","position":1,"name":"Inicio","item":"https:\/\/medicina.udd.cl\/icim\/"},{"@type":"ListItem","position":2,"name":"Instituto de Ciencias e Innovaci\u00f3n en Medicina (ICIM)"}]},{"@type":"WebSite","@id":"https:\/\/medicina.udd.cl\/icim\/#website","url":"https:\/\/medicina.udd.cl\/icim\/","name":"ICIM","description":"Una iniciativa de Universidad del Desarrollo y Cl\u00ednica Alemana","inLanguage":"es"}]}},"_links":{"self":[{"href":"https:\/\/medicina.udd.cl\/icim\/wp-json\/wp\/v2\/pages\/8277","targetHints":{"allow":["GET"]}}],"collection":[{"href":"https:\/\/medicina.udd.cl\/icim\/wp-json\/wp\/v2\/pages"}],"about":[{"href":"https:\/\/medicina.udd.cl\/icim\/wp-json\/wp\/v2\/types\/page"}],"author":[{"embeddable":true,"href":"https:\/\/medicina.udd.cl\/icim\/wp-json\/wp\/v2\/users\/42"}],"replies":[{"embeddable":true,"href":"https:\/\/medicina.udd.cl\/icim\/wp-json\/wp\/v2\/comments?post=8277"}],"version-history":[{"count":39,"href":"https:\/\/medicina.udd.cl\/icim\/wp-json\/wp\/v2\/pages\/8277\/revisions"}],"predecessor-version":[{"id":10520,"href":"https:\/\/medicina.udd.cl\/icim\/wp-json\/wp\/v2\/pages\/8277\/revisions\/10520"}],"wp:attachment":[{"href":"https:\/\/medicina.udd.cl\/icim\/wp-json\/wp\/v2\/media?parent=8277"}],"curies":[{"name":"wp","href":"https:\/\/api.w.org\/{rel}","templated":true}]}}