{"id":8567,"date":"2020-05-09T01:29:49","date_gmt":"2020-05-09T01:29:49","guid":{"rendered":"http:\/\/medicina.udd.cl\/icim\/?page_id=8567"},"modified":"2020-05-26T02:35:24","modified_gmt":"2020-05-26T02:35:24","slug":"estudio-de-seroprevalencia-de-infeccion-por-coronavirus-sars-cov-2-en-la-region-metropolitana","status":"publish","type":"page","link":"https:\/\/medicina.udd.cl\/icim\/estudio-de-seroprevalencia-de-infeccion-por-coronavirus-sars-cov-2-en-la-region-metropolitana\/","title":{"rendered":"Estudio de seroprevalencia de infecci\u00f3n por coronavirus (Sars-Cov-2) en la Regi\u00f3n Metropolitana"},"content":{"rendered":"\n<p>La Universidad del Desarrollo\nest\u00e1 llevando a cabo un estudio para conocer cu\u00e1l es la proporci\u00f3n de personas\nque han sido afectadas por el coronavirus SARS-Cov-2 en distintos momentos de\nla pandemia en la Regi\u00f3n Metropolitana.<\/p>\n\n\n\n<p>El nuevo coronavirus surgi\u00f3 en\nChina a fines del 2019 y ha provocado numerosos casos y muertes en una gran\ncantidad de pa\u00edses alrededor del mundo, entre ellos Chile. <\/p>\n\n\n\n<p>La infecci\u00f3n por este virus puede\nprovocar desde una enfermedad severa a una enfermedad asintom\u00e1tica, por lo que\nes de suma importancia conocer c\u00f3mo se comporta en la poblaci\u00f3n chilena, para\npoder enfrentarlo de manera eficaz.<\/p>\n\n\n\n<p>Las personas seleccionadas para\nparticipar ser\u00e1n contactadas por la Universidad del Desarrollo para explicarles\nen qu\u00e9 consiste su participaci\u00f3n y solicitar su consentimiento. El estudio\nconsiste en la toma de una muestra de sangre para medir anticuerpos en tres\nmomentos diferentes: en el inicio de esta epidemia, es decir, en el momento\nactual; y, posteriormente, a los 3 y 9 meses de este contacto.&nbsp; <\/p>\n\n\n\n<p>Si usted ha sido contactado para este estudio y tiene alguna duda, le solicitamos llamar al siguiente tel\u00e9fono: 2 23279509 Consentimiento informado: <a href=\"https:\/\/medicina.udd.cl\/icim\/files\/2020\/05\/Consentimiento-timbrado-25-mayo-2020.pdf\">descargar aqu\u00ed  <\/a><\/p>\n","protected":false},"excerpt":{"rendered":"<p>La Universidad del Desarrollo est\u00e1 llevando a cabo un estudio para conocer cu\u00e1l es la proporci\u00f3n de personas que han sido afectadas por el coronavirus SARS-Cov-2 en distintos momentos de la pandemia en la Regi\u00f3n Metropolitana. El nuevo coronavirus surgi\u00f3 en China a fines del 2019 y ha provocado numerosos casos y muertes en una [&hellip;]<\/p>\n","protected":false},"author":42,"featured_media":0,"parent":0,"menu_order":0,"comment_status":"closed","ping_status":"closed","template":"","meta":{"footnotes":""},"class_list":["post-8567","page","type-page","status-publish","hentry"],"yoast_head":"<!-- This site is optimized with the Yoast SEO plugin v26.9 - https:\/\/yoast.com\/product\/yoast-seo-wordpress\/ -->\n<title>Estudio de seroprevalencia de infecci\u00f3n por coronavirus (Sars-Cov-2) en la Regi\u00f3n Metropolitana - ICIM<\/title>\n<meta name=\"robots\" content=\"index, follow, max-snippet:-1, max-image-preview:large, max-video-preview:-1\" \/>\n<link rel=\"canonical\" href=\"https:\/\/medicina.udd.cl\/icim\/estudio-de-seroprevalencia-de-infeccion-por-coronavirus-sars-cov-2-en-la-region-metropolitana\/\" \/>\n<meta property=\"og:locale\" content=\"es_ES\" \/>\n<meta property=\"og:type\" content=\"article\" \/>\n<meta property=\"og:title\" content=\"Estudio de seroprevalencia de infecci\u00f3n por coronavirus (Sars-Cov-2) en la Regi\u00f3n Metropolitana - ICIM\" \/>\n<meta property=\"og:description\" content=\"La Universidad del Desarrollo est\u00e1 llevando a cabo un estudio para conocer cu\u00e1l es la proporci\u00f3n de personas que han sido afectadas por el coronavirus SARS-Cov-2 en distintos momentos de la pandemia en la Regi\u00f3n Metropolitana. El nuevo coronavirus surgi\u00f3 en China a fines del 2019 y ha provocado numerosos casos y muertes en una [&hellip;]\" \/>\n<meta property=\"og:url\" content=\"https:\/\/medicina.udd.cl\/icim\/estudio-de-seroprevalencia-de-infeccion-por-coronavirus-sars-cov-2-en-la-region-metropolitana\/\" \/>\n<meta property=\"og:site_name\" content=\"ICIM\" \/>\n<meta property=\"article:modified_time\" content=\"2020-05-26T02:35:24+00:00\" \/>\n<meta name=\"twitter:card\" content=\"summary_large_image\" \/>\n<meta name=\"twitter:label1\" content=\"Tiempo de lectura\" \/>\n\t<meta name=\"twitter:data1\" content=\"1 minuto\" \/>\n<script type=\"application\/ld+json\" class=\"yoast-schema-graph\">{\"@context\":\"https:\/\/schema.org\",\"@graph\":[{\"@type\":\"WebPage\",\"@id\":\"https:\/\/medicina.udd.cl\/icim\/estudio-de-seroprevalencia-de-infeccion-por-coronavirus-sars-cov-2-en-la-region-metropolitana\/\",\"url\":\"https:\/\/medicina.udd.cl\/icim\/estudio-de-seroprevalencia-de-infeccion-por-coronavirus-sars-cov-2-en-la-region-metropolitana\/\",\"name\":\"Estudio de seroprevalencia de infecci\u00f3n por coronavirus (Sars-Cov-2) en la Regi\u00f3n Metropolitana - ICIM\",\"isPartOf\":{\"@id\":\"https:\/\/medicina.udd.cl\/icim\/#website\"},\"datePublished\":\"2020-05-09T01:29:49+00:00\",\"dateModified\":\"2020-05-26T02:35:24+00:00\",\"breadcrumb\":{\"@id\":\"https:\/\/medicina.udd.cl\/icim\/estudio-de-seroprevalencia-de-infeccion-por-coronavirus-sars-cov-2-en-la-region-metropolitana\/#breadcrumb\"},\"inLanguage\":\"es\",\"potentialAction\":[{\"@type\":\"ReadAction\",\"target\":[\"https:\/\/medicina.udd.cl\/icim\/estudio-de-seroprevalencia-de-infeccion-por-coronavirus-sars-cov-2-en-la-region-metropolitana\/\"]}]},{\"@type\":\"BreadcrumbList\",\"@id\":\"https:\/\/medicina.udd.cl\/icim\/estudio-de-seroprevalencia-de-infeccion-por-coronavirus-sars-cov-2-en-la-region-metropolitana\/#breadcrumb\",\"itemListElement\":[{\"@type\":\"ListItem\",\"position\":1,\"name\":\"Inicio\",\"item\":\"https:\/\/medicina.udd.cl\/icim\/\"},{\"@type\":\"ListItem\",\"position\":2,\"name\":\"Estudio de seroprevalencia de infecci\u00f3n por coronavirus (Sars-Cov-2) en la Regi\u00f3n Metropolitana\"}]},{\"@type\":\"WebSite\",\"@id\":\"https:\/\/medicina.udd.cl\/icim\/#website\",\"url\":\"https:\/\/medicina.udd.cl\/icim\/\",\"name\":\"ICIM\",\"description\":\"Una iniciativa de Universidad del Desarrollo y Cl\u00ednica Alemana\",\"inLanguage\":\"es\"}]}<\/script>\n<!-- \/ Yoast SEO plugin. -->","yoast_head_json":{"title":"Estudio de seroprevalencia de infecci\u00f3n por coronavirus (Sars-Cov-2) en la Regi\u00f3n Metropolitana - ICIM","robots":{"index":"index","follow":"follow","max-snippet":"max-snippet:-1","max-image-preview":"max-image-preview:large","max-video-preview":"max-video-preview:-1"},"canonical":"https:\/\/medicina.udd.cl\/icim\/estudio-de-seroprevalencia-de-infeccion-por-coronavirus-sars-cov-2-en-la-region-metropolitana\/","og_locale":"es_ES","og_type":"article","og_title":"Estudio de seroprevalencia de infecci\u00f3n por coronavirus (Sars-Cov-2) en la Regi\u00f3n Metropolitana - ICIM","og_description":"La Universidad del Desarrollo est\u00e1 llevando a cabo un estudio para conocer cu\u00e1l es la proporci\u00f3n de personas que han sido afectadas por el coronavirus SARS-Cov-2 en distintos momentos de la pandemia en la Regi\u00f3n Metropolitana. El nuevo coronavirus surgi\u00f3 en China a fines del 2019 y ha provocado numerosos casos y muertes en una [&hellip;]","og_url":"https:\/\/medicina.udd.cl\/icim\/estudio-de-seroprevalencia-de-infeccion-por-coronavirus-sars-cov-2-en-la-region-metropolitana\/","og_site_name":"ICIM","article_modified_time":"2020-05-26T02:35:24+00:00","twitter_card":"summary_large_image","twitter_misc":{"Tiempo de lectura":"1 minuto"},"schema":{"@context":"https:\/\/schema.org","@graph":[{"@type":"WebPage","@id":"https:\/\/medicina.udd.cl\/icim\/estudio-de-seroprevalencia-de-infeccion-por-coronavirus-sars-cov-2-en-la-region-metropolitana\/","url":"https:\/\/medicina.udd.cl\/icim\/estudio-de-seroprevalencia-de-infeccion-por-coronavirus-sars-cov-2-en-la-region-metropolitana\/","name":"Estudio de seroprevalencia de infecci\u00f3n por coronavirus (Sars-Cov-2) en la Regi\u00f3n Metropolitana - ICIM","isPartOf":{"@id":"https:\/\/medicina.udd.cl\/icim\/#website"},"datePublished":"2020-05-09T01:29:49+00:00","dateModified":"2020-05-26T02:35:24+00:00","breadcrumb":{"@id":"https:\/\/medicina.udd.cl\/icim\/estudio-de-seroprevalencia-de-infeccion-por-coronavirus-sars-cov-2-en-la-region-metropolitana\/#breadcrumb"},"inLanguage":"es","potentialAction":[{"@type":"ReadAction","target":["https:\/\/medicina.udd.cl\/icim\/estudio-de-seroprevalencia-de-infeccion-por-coronavirus-sars-cov-2-en-la-region-metropolitana\/"]}]},{"@type":"BreadcrumbList","@id":"https:\/\/medicina.udd.cl\/icim\/estudio-de-seroprevalencia-de-infeccion-por-coronavirus-sars-cov-2-en-la-region-metropolitana\/#breadcrumb","itemListElement":[{"@type":"ListItem","position":1,"name":"Inicio","item":"https:\/\/medicina.udd.cl\/icim\/"},{"@type":"ListItem","position":2,"name":"Estudio de seroprevalencia de infecci\u00f3n por coronavirus (Sars-Cov-2) en la Regi\u00f3n Metropolitana"}]},{"@type":"WebSite","@id":"https:\/\/medicina.udd.cl\/icim\/#website","url":"https:\/\/medicina.udd.cl\/icim\/","name":"ICIM","description":"Una iniciativa de Universidad del Desarrollo y Cl\u00ednica Alemana","inLanguage":"es"}]}},"_links":{"self":[{"href":"https:\/\/medicina.udd.cl\/icim\/wp-json\/wp\/v2\/pages\/8567","targetHints":{"allow":["GET"]}}],"collection":[{"href":"https:\/\/medicina.udd.cl\/icim\/wp-json\/wp\/v2\/pages"}],"about":[{"href":"https:\/\/medicina.udd.cl\/icim\/wp-json\/wp\/v2\/types\/page"}],"author":[{"embeddable":true,"href":"https:\/\/medicina.udd.cl\/icim\/wp-json\/wp\/v2\/users\/42"}],"replies":[{"embeddable":true,"href":"https:\/\/medicina.udd.cl\/icim\/wp-json\/wp\/v2\/comments?post=8567"}],"version-history":[{"count":3,"href":"https:\/\/medicina.udd.cl\/icim\/wp-json\/wp\/v2\/pages\/8567\/revisions"}],"predecessor-version":[{"id":8605,"href":"https:\/\/medicina.udd.cl\/icim\/wp-json\/wp\/v2\/pages\/8567\/revisions\/8605"}],"wp:attachment":[{"href":"https:\/\/medicina.udd.cl\/icim\/wp-json\/wp\/v2\/media?parent=8567"}],"curies":[{"name":"wp","href":"https:\/\/api.w.org\/{rel}","templated":true}]}}

Estudio de seroprevalencia de infección por coronavirus (Sars-Cov-2) en la Región Metropolitana

<p>La Universidad del Desarrollo
está llevando a cabo un estudio para conocer cuál es la proporción de personas
que han sido afectadas por el coronavirus SARS-Cov-2 en distintos momentos de
la pandemia en la Región Metropolitana.</p>



<p>El nuevo coronavirus surgió en
China a fines del 2019 y ha provocado numerosos casos y muertes en una gran
cantidad de países alrededor del mundo, entre ellos Chile. </p>



<p>La infección por este virus puede
provocar desde una enfermedad severa a una enfermedad asintomática, por lo que
es de suma importancia conocer cómo se comporta en la población chilena, para
poder enfrentarlo de manera eficaz.</p>



<p>Las personas seleccionadas para
participar serán contactadas por la Universidad del Desarrollo para explicarles
en qué consiste su participación y solicitar su consentimiento. El estudio
consiste en la toma de una muestra de sangre para medir anticuerpos en tres
momentos diferentes: en el inicio de esta epidemia, es decir, en el momento
actual; y, posteriormente, a los 3 y 9 meses de este contacto.&nbsp; </p>



<p>Si usted ha sido contactado para este estudio y tiene alguna duda, le solicitamos llamar al siguiente teléfono: 2 23279509 Consentimiento informado: <a href="https://medicina.udd.cl/icim/files/2020/05/Consentimiento-timbrado-25-mayo-2020.pdf">descargar aquí  </a></p>

<p>La Universidad del Desarrollo está llevando a cabo un estudio para conocer cuál es la proporción de personas que han sido afectadas por el coronavirus SARS-Cov-2 en distintos momentos de la pandemia en la Región Metropolitana. El nuevo coronavirus surgió en China a fines del 2019 y ha provocado numerosos casos y muertes en una [&hellip;]</p>

<!-- This site is optimized with the Yoast SEO plugin v26.9 - https://yoast.com/product/yoast-seo-wordpress/ -->
<title>Estudio de seroprevalencia de infección por coronavirus (Sars-Cov-2) en la Región Metropolitana - ICIM</title>
<meta name="robots" content="index, follow, max-snippet:-1, max-image-preview:large, max-video-preview:-1" />
<link rel="canonical" href="https://medicina.udd.cl/icim/estudio-de-seroprevalencia-de-infeccion-por-coronavirus-sars-cov-2-en-la-region-metropolitana/" />
<meta property="og:locale" content="es_ES" />
<meta property="og:type" content="article" />
<meta property="og:title" content="Estudio de seroprevalencia de infección por coronavirus (Sars-Cov-2) en la Región Metropolitana - ICIM" />
<meta property="og:description" content="La Universidad del Desarrollo está llevando a cabo un estudio para conocer cuál es la proporción de personas que han sido afectadas por el coronavirus SARS-Cov-2 en distintos momentos de la pandemia en la Región Metropolitana. El nuevo coronavirus surgió en China a fines del 2019 y ha provocado numerosos casos y muertes en una [&hellip;]" />
<meta property="og:url" content="https://medicina.udd.cl/icim/estudio-de-seroprevalencia-de-infeccion-por-coronavirus-sars-cov-2-en-la-region-metropolitana/" />
<meta property="og:site_name" content="ICIM" />
<meta property="article:modified_time" content="2020-05-26T02:35:24+00:00" />
<meta name="twitter:card" content="summary_large_image" />
<meta name="twitter:label1" content="Tiempo de lectura" />
	<meta name="twitter:data1" content="1 minuto" />
<script type="application/ld+json" class="yoast-schema-graph">{"@context":"https://schema.org","@graph":[{"@type":"WebPage","@id":"https://medicina.udd.cl/icim/estudio-de-seroprevalencia-de-infeccion-por-coronavirus-sars-cov-2-en-la-region-metropolitana/","url":"https://medicina.udd.cl/icim/estudio-de-seroprevalencia-de-infeccion-por-coronavirus-sars-cov-2-en-la-region-metropolitana/","name":"Estudio de seroprevalencia de infección por coronavirus (Sars-Cov-2) en la Región Metropolitana - ICIM","isPartOf":{"@id":"https://medicina.udd.cl/icim/#website"},"datePublished":"2020-05-09T01:29:49+00:00","dateModified":"2020-05-26T02:35:24+00:00","breadcrumb":{"@id":"https://medicina.udd.cl/icim/estudio-de-seroprevalencia-de-infeccion-por-coronavirus-sars-cov-2-en-la-region-metropolitana/#breadcrumb"},"inLanguage":"es","potentialAction":[{"@type":"ReadAction","target":["https://medicina.udd.cl/icim/estudio-de-seroprevalencia-de-infeccion-por-coronavirus-sars-cov-2-en-la-region-metropolitana/"]}]},{"@type":"BreadcrumbList","@id":"https://medicina.udd.cl/icim/estudio-de-seroprevalencia-de-infeccion-por-coronavirus-sars-cov-2-en-la-region-metropolitana/#breadcrumb","itemListElement":[{"@type":"ListItem","position":1,"name":"Inicio","item":"https://medicina.udd.cl/icim/"},{"@type":"ListItem","position":2,"name":"Estudio de seroprevalencia de infección por coronavirus (Sars-Cov-2) en la Región Metropolitana"}]},{"@type":"WebSite","@id":"https://medicina.udd.cl/icim/#website","url":"https://medicina.udd.cl/icim/","name":"ICIM","description":"Una iniciativa de Universidad del Desarrollo y Clínica Alemana","inLanguage":"es"}]}</script>
<!-- / Yoast SEO plugin. -->

Estudio de seroprevalencia de infección por coronavirus (Sars-Cov-2) en la Región Metropolitana - ICIM

La Universidad del Desarrollo está llevando a cabo un estudio para conocer cuál es la proporción de personas que han sido afectadas por el coronavirus SARS-Cov-2 en distintos momentos de la pandemia en la Región Metropolitana. El nuevo coronavirus surgió en China a fines del 2019 y ha provocado numerosos casos y muertes en una [&hellip;]

Una iniciativa de Universidad del Desarrollo y Clínica Alemana
