{"id":9001,"date":"2021-01-28T12:51:34","date_gmt":"2021-01-28T12:51:34","guid":{"rendered":"http:\/\/medicina.udd.cl\/icim\/?page_id=9001"},"modified":"2021-01-28T13:01:15","modified_gmt":"2021-01-28T13:01:15","slug":"fondef-2021","status":"publish","type":"page","link":"https:\/\/medicina.udd.cl\/icim\/fondef-2021\/","title":{"rendered":"FONDEF 2021"},"content":{"rendered":"\n<p> Se abri\u00f3 la convocatoria&nbsp;<strong>FONDEF hasta el 25 de marzo a las 17:00<\/strong><\/p>\n\n\n\n<p><strong>BIT\u00c1CORA FACULTA DE MEDICINA, ICIM<\/strong><\/p>\n\n\n\n<ol class=\"wp-block-list\"><li><strong>enviar email con intenci\u00f3n de postular: viernes 29 de enero 12:00 hrs<\/strong><\/li><li><strong>enviar propuesta completa con presupuesto viernes 12 de marzo 2021 hasta las 16:30 hrs para VB del ICIM_ Facultad de Medicina, VB\u00b0 Dr. Pablo Vial (<a href=\"mailto:iabarzua@udd.cl\" target=\"_blank\" rel=\"noreferrer noopener\">iabarzua@udd.cl<\/a>)<\/strong><\/li><li><strong>cargar borrador para revisi\u00f3n y VB en la plataforma SAI: 16 de marzo 23:59 hrs&nbsp;<a href=\"https:\/\/investigacion.udd.cl\/Pages\/Inicio.aspx\" target=\"_blank\" rel=\"noreferrer noopener\">https:\/\/investigacion.udd.cl\/Pages\/Inicio.aspx<\/a><\/strong><\/li><li><strong>ppto y carta final para la firma del representante legal: 22 de marzo a las 12:00 hrs<\/strong><\/li><li><strong>cierre concurso: 25 de marzo a las 17 hrs.<\/strong><\/li><\/ol>\n\n\n\n<p>El Concurso IDeA I+D tiene como prop\u00f3sito apoyar financieramente la ejecuci\u00f3n de proyectos de investigaci\u00f3n cient\u00edfica y tecnol\u00f3gica, en todas las \u00e1reas de las ciencias, que cuenten con resultados previos que sustentan una hip\u00f3tesis de aplicaci\u00f3n de un producto, proceso o servicio y que, con el desarrollo de la investigaci\u00f3n, logren su validaci\u00f3n a trav\u00e9s de un prototipo a peque\u00f1a escala en un plazo breve de dos a\u00f1os.<br><br>Los resultados previos entregados deben reducir el riesgo de validaci\u00f3n de la hip\u00f3tesis, la cual debe ser verificable en la escala propuesta al final del proyecto.<br><br>A la presente convocatoria pueden presentarse proyectos a las distintas \u00e1reas de FONDEF Gen\u00e9rico (Alimentos, Agropecuaria, Forestal; Educaci\u00f3n y Ciencias Sociales; Salud; Manufactura, Infraestructura, Miner\u00eda; Energ\u00eda, Agua, Medio Ambiente; Pesca y Acuicultura y TIC) como tambi\u00e9n se hace una convocatoria especial en el marco de l\u00edneas definidas como desaf\u00edos pa\u00eds y tem\u00e1ticos:<\/p>\n\n\n\n<ul class=\"wp-block-list\"><li>Adaptaci\u00f3n al cambio clim\u00e1tico y desastres de origen natural<\/li><li>Envejecimiento y Personas Mayores<\/li><li>Revoluci\u00f3n Tecnol\u00f3gica<\/li><li>Salud Resiliente<\/li><li>Astroingenier\u00eda<\/li><\/ul>\n\n\n\n<p>Al momento de postular, el Director de proyecto deber\u00e1 indicar la l\u00ednea de financiamiento a la cual est\u00e1 optando: proyectos I+D gen\u00e9rico; Tem\u00e1tico Adaptaci\u00f3n al Cambio Clim\u00e1tico y Desastres de Origen Natural; Tem\u00e1tico Envejecimiento y Personas Mayores; Tem\u00e1tico Revoluci\u00f3n Tecnol\u00f3gica; Tem\u00e1tico Salud Resiliente y Tem\u00e1tico Astroingenier\u00eda.<br><br>Los procesos de postulaci\u00f3n, evaluaci\u00f3n y adjudicaci\u00f3n se realizar\u00e1n de manera paralela e independiente dentro del presente concurso todos regidos por las presentes bases concursales.<\/p>\n\n\n\n<ul class=\"wp-block-list\"><li>Duraci\u00f3n de los proyectos: Hasta 24 meses<\/li><li>FONDEF de ANID financia un m\u00e1ximo de 200 millones de pesos.<\/li><li>Las instituciones beneficiarias deben aportar un m\u00ednimo del 30% (incremental o no incremental) del monto solicitado como subsidio a FONDEF.<\/li><li>Debe tener al menos dos asociadas que deben hacer un aporte m\u00ednimo del 15% del monto solicitado como subsidio a FONDEF, pudiendo ser incremental o no incremental.<\/li><\/ul>\n\n\n\n<p>Incluir en el presupuesto al menos un investigador con una dedicaci\u00f3n de 140 horas mensuales, o dos investigadores que juntos sumen al menos 140 horas mensuales de dedicaci\u00f3n, que posea(n) el grado de doctor, con una antig\u00fcedad m\u00e1xima de 5 a\u00f1os de obtenci\u00f3n, contando desde el a\u00f1o de la convocatoria hasta la obtenci\u00f3n del grado. Estos doctores deber\u00e1n estar asociados al proyecto como m\u00ednimo 18 meses de la ejecuci\u00f3n del mismo. Deber\u00e1n ser individualizados toda vez que se adjudique un proyecto.<\/p>\n\n\n\n<p>M\u00e1s informaci\u00f3n: <a href=\"https:\/\/www.conicyt.cl\/fondef\/lineas-de-programa\/instrumentos-vigentes\/programa-idea\/postulacion-en-linea\/\"><strong>Aqu\u00ed<\/strong><\/a><\/p>\n\n\n\n<p>Bases: <a href=\"https:\/\/s3.amazonaws.com\/documentos.anid.cl\/fondef\/2021\/ideaid\/Aprueba-Bases-Concurso-ID-2021.pdf\"><strong>Aqu\u00ed<\/strong><\/a><\/p>\n\n\n\n<figure class=\"wp-block-embed-youtube wp-block-embed is-type-video is-provider-youtube wp-embed-aspect-16-9 wp-has-aspect-ratio\"><div class=\"wp-block-embed__wrapper\">\n<iframe loading=\"lazy\" title=\"Charla Difusi\u00f3n Concurso IDeA I+D 2021\" width=\"500\" height=\"281\" src=\"https:\/\/www.youtube.com\/embed\/9QZspeHy9M8?feature=oembed\" frameborder=\"0\" allow=\"accelerometer; autoplay; clipboard-write; encrypted-media; gyroscope; picture-in-picture; web-share\" referrerpolicy=\"strict-origin-when-cross-origin\" allowfullscreen><\/iframe>\n<\/div><\/figure>\n","protected":false},"excerpt":{"rendered":"<p>Se abri\u00f3 la convocatoria&nbsp;FONDEF hasta el 25 de marzo a las 17:00 BIT\u00c1CORA FACULTA DE MEDICINA, ICIM enviar email con intenci\u00f3n de postular: viernes 29 de enero 12:00 hrs enviar propuesta completa con presupuesto viernes 12 de marzo 2021 hasta las 16:30 hrs para VB del ICIM_ Facultad de Medicina, VB\u00b0 Dr. Pablo Vial (iabarzua@udd.cl) [&hellip;]<\/p>\n","protected":false},"author":9192219,"featured_media":0,"parent":0,"menu_order":0,"comment_status":"closed","ping_status":"closed","template":"","meta":{"footnotes":""},"class_list":["post-9001","page","type-page","status-publish","hentry"],"yoast_head":"<!-- This site is optimized with the Yoast SEO plugin v26.9 - https:\/\/yoast.com\/product\/yoast-seo-wordpress\/ -->\n<title>FONDEF 2021 - ICIM<\/title>\n<meta name=\"robots\" content=\"index, follow, max-snippet:-1, max-image-preview:large, max-video-preview:-1\" \/>\n<link rel=\"canonical\" href=\"https:\/\/medicina.udd.cl\/icim\/fondef-2021\/\" \/>\n<meta property=\"og:locale\" content=\"es_ES\" \/>\n<meta property=\"og:type\" content=\"article\" \/>\n<meta property=\"og:title\" content=\"FONDEF 2021 - ICIM\" \/>\n<meta property=\"og:description\" content=\"Se abri\u00f3 la convocatoria&nbsp;FONDEF hasta el 25 de marzo a las 17:00 BIT\u00c1CORA FACULTA DE MEDICINA, ICIM enviar email con intenci\u00f3n de postular: viernes 29 de enero 12:00 hrs enviar propuesta completa con presupuesto viernes 12 de marzo 2021 hasta las 16:30 hrs para VB del ICIM_ Facultad de Medicina, VB\u00b0 Dr. Pablo Vial (iabarzua@udd.cl) [&hellip;]\" \/>\n<meta property=\"og:url\" content=\"https:\/\/medicina.udd.cl\/icim\/fondef-2021\/\" \/>\n<meta property=\"og:site_name\" content=\"ICIM\" \/>\n<meta property=\"article:modified_time\" content=\"2021-01-28T13:01:15+00:00\" \/>\n<meta name=\"twitter:card\" content=\"summary_large_image\" \/>\n<meta name=\"twitter:label1\" content=\"Tiempo de lectura\" \/>\n\t<meta name=\"twitter:data1\" content=\"3 minutos\" \/>\n<script type=\"application\/ld+json\" class=\"yoast-schema-graph\">{\"@context\":\"https:\/\/schema.org\",\"@graph\":[{\"@type\":\"WebPage\",\"@id\":\"https:\/\/medicina.udd.cl\/icim\/fondef-2021\/\",\"url\":\"https:\/\/medicina.udd.cl\/icim\/fondef-2021\/\",\"name\":\"FONDEF 2021 - ICIM\",\"isPartOf\":{\"@id\":\"https:\/\/medicina.udd.cl\/icim\/#website\"},\"datePublished\":\"2021-01-28T12:51:34+00:00\",\"dateModified\":\"2021-01-28T13:01:15+00:00\",\"breadcrumb\":{\"@id\":\"https:\/\/medicina.udd.cl\/icim\/fondef-2021\/#breadcrumb\"},\"inLanguage\":\"es\",\"potentialAction\":[{\"@type\":\"ReadAction\",\"target\":[\"https:\/\/medicina.udd.cl\/icim\/fondef-2021\/\"]}]},{\"@type\":\"BreadcrumbList\",\"@id\":\"https:\/\/medicina.udd.cl\/icim\/fondef-2021\/#breadcrumb\",\"itemListElement\":[{\"@type\":\"ListItem\",\"position\":1,\"name\":\"Inicio\",\"item\":\"https:\/\/medicina.udd.cl\/icim\/\"},{\"@type\":\"ListItem\",\"position\":2,\"name\":\"FONDEF 2021\"}]},{\"@type\":\"WebSite\",\"@id\":\"https:\/\/medicina.udd.cl\/icim\/#website\",\"url\":\"https:\/\/medicina.udd.cl\/icim\/\",\"name\":\"ICIM\",\"description\":\"Una iniciativa de Universidad del Desarrollo y Cl\u00ednica Alemana\",\"inLanguage\":\"es\"}]}<\/script>\n<!-- \/ Yoast SEO plugin. -->","yoast_head_json":{"title":"FONDEF 2021 - ICIM","robots":{"index":"index","follow":"follow","max-snippet":"max-snippet:-1","max-image-preview":"max-image-preview:large","max-video-preview":"max-video-preview:-1"},"canonical":"https:\/\/medicina.udd.cl\/icim\/fondef-2021\/","og_locale":"es_ES","og_type":"article","og_title":"FONDEF 2021 - ICIM","og_description":"Se abri\u00f3 la convocatoria&nbsp;FONDEF hasta el 25 de marzo a las 17:00 BIT\u00c1CORA FACULTA DE MEDICINA, ICIM enviar email con intenci\u00f3n de postular: viernes 29 de enero 12:00 hrs enviar propuesta completa con presupuesto viernes 12 de marzo 2021 hasta las 16:30 hrs para VB del ICIM_ Facultad de Medicina, VB\u00b0 Dr. Pablo Vial (iabarzua@udd.cl) [&hellip;]","og_url":"https:\/\/medicina.udd.cl\/icim\/fondef-2021\/","og_site_name":"ICIM","article_modified_time":"2021-01-28T13:01:15+00:00","twitter_card":"summary_large_image","twitter_misc":{"Tiempo de lectura":"3 minutos"},"schema":{"@context":"https:\/\/schema.org","@graph":[{"@type":"WebPage","@id":"https:\/\/medicina.udd.cl\/icim\/fondef-2021\/","url":"https:\/\/medicina.udd.cl\/icim\/fondef-2021\/","name":"FONDEF 2021 - ICIM","isPartOf":{"@id":"https:\/\/medicina.udd.cl\/icim\/#website"},"datePublished":"2021-01-28T12:51:34+00:00","dateModified":"2021-01-28T13:01:15+00:00","breadcrumb":{"@id":"https:\/\/medicina.udd.cl\/icim\/fondef-2021\/#breadcrumb"},"inLanguage":"es","potentialAction":[{"@type":"ReadAction","target":["https:\/\/medicina.udd.cl\/icim\/fondef-2021\/"]}]},{"@type":"BreadcrumbList","@id":"https:\/\/medicina.udd.cl\/icim\/fondef-2021\/#breadcrumb","itemListElement":[{"@type":"ListItem","position":1,"name":"Inicio","item":"https:\/\/medicina.udd.cl\/icim\/"},{"@type":"ListItem","position":2,"name":"FONDEF 2021"}]},{"@type":"WebSite","@id":"https:\/\/medicina.udd.cl\/icim\/#website","url":"https:\/\/medicina.udd.cl\/icim\/","name":"ICIM","description":"Una iniciativa de Universidad del Desarrollo y Cl\u00ednica Alemana","inLanguage":"es"}]}},"_links":{"self":[{"href":"https:\/\/medicina.udd.cl\/icim\/wp-json\/wp\/v2\/pages\/9001","targetHints":{"allow":["GET"]}}],"collection":[{"href":"https:\/\/medicina.udd.cl\/icim\/wp-json\/wp\/v2\/pages"}],"about":[{"href":"https:\/\/medicina.udd.cl\/icim\/wp-json\/wp\/v2\/types\/page"}],"author":[{"embeddable":true,"href":"https:\/\/medicina.udd.cl\/icim\/wp-json\/wp\/v2\/users\/9192219"}],"replies":[{"embeddable":true,"href":"https:\/\/medicina.udd.cl\/icim\/wp-json\/wp\/v2\/comments?post=9001"}],"version-history":[{"count":3,"href":"https:\/\/medicina.udd.cl\/icim\/wp-json\/wp\/v2\/pages\/9001\/revisions"}],"predecessor-version":[{"id":9004,"href":"https:\/\/medicina.udd.cl\/icim\/wp-json\/wp\/v2\/pages\/9001\/revisions\/9004"}],"wp:attachment":[{"href":"https:\/\/medicina.udd.cl\/icim\/wp-json\/wp\/v2\/media?parent=9001"}],"curies":[{"name":"wp","href":"https:\/\/api.w.org\/{rel}","templated":true}]}}

<p> Se abrió la convocatoria&nbsp;<strong>FONDEF hasta el 25 de marzo a las 17:00</strong></p>



<p><strong>BITÁCORA FACULTA DE MEDICINA, ICIM</strong></p>



<ol class="wp-block-list"><li><strong>enviar email con intención de postular: viernes 29 de enero 12:00 hrs</strong></li><li><strong>enviar propuesta completa con presupuesto viernes 12 de marzo 2021 hasta las 16:30 hrs para VB del ICIM_ Facultad de Medicina, VB° Dr. Pablo Vial (<a href="mailto:iabarzua@udd.cl" target="_blank" rel="noreferrer noopener">iabarzua@udd.cl</a>)</strong></li><li><strong>cargar borrador para revisión y VB en la plataforma SAI: 16 de marzo 23:59 hrs&nbsp;<a href="https://investigacion.udd.cl/Pages/Inicio.aspx" target="_blank" rel="noreferrer noopener">https://investigacion.udd.cl/Pages/Inicio.aspx</a></strong></li><li><strong>ppto y carta final para la firma del representante legal: 22 de marzo a las 12:00 hrs</strong></li><li><strong>cierre concurso: 25 de marzo a las 17 hrs.</strong></li></ol>



<p>El Concurso IDeA I+D tiene como propósito apoyar financieramente la ejecución de proyectos de investigación científica y tecnológica, en todas las áreas de las ciencias, que cuenten con resultados previos que sustentan una hipótesis de aplicación de un producto, proceso o servicio y que, con el desarrollo de la investigación, logren su validación a través de un prototipo a pequeña escala en un plazo breve de dos años.<br><br>Los resultados previos entregados deben reducir el riesgo de validación de la hipótesis, la cual debe ser verificable en la escala propuesta al final del proyecto.<br><br>A la presente convocatoria pueden presentarse proyectos a las distintas áreas de FONDEF Genérico (Alimentos, Agropecuaria, Forestal; Educación y Ciencias Sociales; Salud; Manufactura, Infraestructura, Minería; Energía, Agua, Medio Ambiente; Pesca y Acuicultura y TIC) como también se hace una convocatoria especial en el marco de líneas definidas como desafíos país y temáticos:</p>



<ul class="wp-block-list"><li>Adaptación al cambio climático y desastres de origen natural</li><li>Envejecimiento y Personas Mayores</li><li>Revolución Tecnológica</li><li>Salud Resiliente</li><li>Astroingeniería</li></ul>



<p>Al momento de postular, el Director de proyecto deberá indicar la línea de financiamiento a la cual está optando: proyectos I+D genérico; Temático Adaptación al Cambio Climático y Desastres de Origen Natural; Temático Envejecimiento y Personas Mayores; Temático Revolución Tecnológica; Temático Salud Resiliente y Temático Astroingeniería.<br><br>Los procesos de postulación, evaluación y adjudicación se realizarán de manera paralela e independiente dentro del presente concurso todos regidos por las presentes bases concursales.</p>



<ul class="wp-block-list"><li>Duración de los proyectos: Hasta 24 meses</li><li>FONDEF de ANID financia un máximo de 200 millones de pesos.</li><li>Las instituciones beneficiarias deben aportar un mínimo del 30% (incremental o no incremental) del monto solicitado como subsidio a FONDEF.</li><li>Debe tener al menos dos asociadas que deben hacer un aporte mínimo del 15% del monto solicitado como subsidio a FONDEF, pudiendo ser incremental o no incremental.</li></ul>



<p>Incluir en el presupuesto al menos un investigador con una dedicación de 140 horas mensuales, o dos investigadores que juntos sumen al menos 140 horas mensuales de dedicación, que posea(n) el grado de doctor, con una antigüedad máxima de 5 años de obtención, contando desde el año de la convocatoria hasta la obtención del grado. Estos doctores deberán estar asociados al proyecto como mínimo 18 meses de la ejecución del mismo. Deberán ser individualizados toda vez que se adjudique un proyecto.</p>



<p>Más información: <a href="https://www.conicyt.cl/fondef/lineas-de-programa/instrumentos-vigentes/programa-idea/postulacion-en-linea/"><strong>Aquí</strong></a></p>



<p>Bases: <a href="https://s3.amazonaws.com/documentos.anid.cl/fondef/2021/ideaid/Aprueba-Bases-Concurso-ID-2021.pdf"><strong>Aquí</strong></a></p>



<figure class="wp-block-embed-youtube wp-block-embed is-type-video is-provider-youtube wp-embed-aspect-16-9 wp-has-aspect-ratio"><div class="wp-block-embed__wrapper">
<iframe loading="lazy" title="Charla Difusión Concurso IDeA I+D 2021" width="500" height="281" src="https://www.youtube.com/embed/9QZspeHy9M8?feature=oembed" frameborder="0" allow="accelerometer; autoplay; clipboard-write; encrypted-media; gyroscope; picture-in-picture; web-share" referrerpolicy="strict-origin-when-cross-origin" allowfullscreen></iframe>
</div></figure>

<p>Se abrió la convocatoria&nbsp;FONDEF hasta el 25 de marzo a las 17:00 BITÁCORA FACULTA DE MEDICINA, ICIM enviar email con intención de postular: viernes 29 de enero 12:00 hrs enviar propuesta completa con presupuesto viernes 12 de marzo 2021 hasta las 16:30 hrs para VB del ICIM_ Facultad de Medicina, VB° Dr. Pablo Vial (iabarzua@udd.cl) [&hellip;]</p>

<!-- This site is optimized with the Yoast SEO plugin v26.9 - https://yoast.com/product/yoast-seo-wordpress/ -->
<title>FONDEF 2021 - ICIM</title>
<meta name="robots" content="index, follow, max-snippet:-1, max-image-preview:large, max-video-preview:-1" />
<link rel="canonical" href="https://medicina.udd.cl/icim/fondef-2021/" />
<meta property="og:locale" content="es_ES" />
<meta property="og:type" content="article" />
<meta property="og:title" content="FONDEF 2021 - ICIM" />
<meta property="og:description" content="Se abrió la convocatoria&nbsp;FONDEF hasta el 25 de marzo a las 17:00 BITÁCORA FACULTA DE MEDICINA, ICIM enviar email con intención de postular: viernes 29 de enero 12:00 hrs enviar propuesta completa con presupuesto viernes 12 de marzo 2021 hasta las 16:30 hrs para VB del ICIM_ Facultad de Medicina, VB° Dr. Pablo Vial (iabarzua@udd.cl) [&hellip;]" />
<meta property="og:url" content="https://medicina.udd.cl/icim/fondef-2021/" />
<meta property="og:site_name" content="ICIM" />
<meta property="article:modified_time" content="2021-01-28T13:01:15+00:00" />
<meta name="twitter:card" content="summary_large_image" />
<meta name="twitter:label1" content="Tiempo de lectura" />
	<meta name="twitter:data1" content="3 minutos" />
<script type="application/ld+json" class="yoast-schema-graph">{"@context":"https://schema.org","@graph":[{"@type":"WebPage","@id":"https://medicina.udd.cl/icim/fondef-2021/","url":"https://medicina.udd.cl/icim/fondef-2021/","name":"FONDEF 2021 - ICIM","isPartOf":{"@id":"https://medicina.udd.cl/icim/#website"},"datePublished":"2021-01-28T12:51:34+00:00","dateModified":"2021-01-28T13:01:15+00:00","breadcrumb":{"@id":"https://medicina.udd.cl/icim/fondef-2021/#breadcrumb"},"inLanguage":"es","potentialAction":[{"@type":"ReadAction","target":["https://medicina.udd.cl/icim/fondef-2021/"]}]},{"@type":"BreadcrumbList","@id":"https://medicina.udd.cl/icim/fondef-2021/#breadcrumb","itemListElement":[{"@type":"ListItem","position":1,"name":"Inicio","item":"https://medicina.udd.cl/icim/"},{"@type":"ListItem","position":2,"name":"FONDEF 2021"}]},{"@type":"WebSite","@id":"https://medicina.udd.cl/icim/#website","url":"https://medicina.udd.cl/icim/","name":"ICIM","description":"Una iniciativa de Universidad del Desarrollo y Clínica Alemana","inLanguage":"es"}]}</script>
<!-- / Yoast SEO plugin. -->

Se abrió la convocatoria&nbsp;FONDEF hasta el 25 de marzo a las 17:00 BITÁCORA FACULTA DE MEDICINA, ICIM enviar email con intención de postular: viernes 29 de enero 12:00 hrs enviar propuesta completa con presupuesto viernes 12 de marzo 2021 hasta las 16:30 hrs para VB del ICIM_ Facultad de Medicina, VB° Dr. Pablo Vial (iabarzua@udd.cl) [&hellip;]

Una iniciativa de Universidad del Desarrollo y Clínica Alemana
