{"id":11379,"date":"2023-03-20T13:05:21","date_gmt":"2023-03-20T16:05:21","guid":{"rendered":"https:\/\/medicina.udd.cl\/icim\/?post_type=person&#038;p=11379"},"modified":"2023-11-29T11:43:47","modified_gmt":"2023-11-29T14:43:47","slug":"francisca-bascur-gutierrez","status":"publish","type":"person","link":"https:\/\/medicina.udd.cl\/icim\/persona\/francisca-bascur-gutierrez\/","title":{"rendered":"Francisca  Bascur Guti\u00e9rrez"},"featured_media":11898,"template":"","people_tax":[15100,4037],"people_areas":[],"people_levels":[],"class_list":["post-11379","person","type-person","status-publish","has-post-thumbnail","hentry","people_tax-centro-de-estudios-clinicos","people_tax-equipo"],"yoast_head":"<!-- This site is optimized with the Yoast SEO plugin v26.9 - https:\/\/yoast.com\/product\/yoast-seo-wordpress\/ -->\n<title>Francisca Bascur Guti\u00e9rrez - ICIM<\/title>\n<meta name=\"robots\" content=\"index, follow, max-snippet:-1, max-image-preview:large, max-video-preview:-1\" \/>\n<link rel=\"canonical\" href=\"https:\/\/medicina.udd.cl\/icim\/persona\/francisca-bascur-gutierrez\/\" \/>\n<meta property=\"og:locale\" content=\"es_ES\" \/>\n<meta property=\"og:type\" content=\"article\" \/>\n<meta property=\"og:title\" content=\"Francisca Bascur Guti\u00e9rrez - ICIM\" \/>\n<meta property=\"og:url\" content=\"https:\/\/medicina.udd.cl\/icim\/persona\/francisca-bascur-gutierrez\/\" \/>\n<meta property=\"og:site_name\" content=\"ICIM\" \/>\n<meta property=\"article:modified_time\" content=\"2023-11-29T14:43:47+00:00\" \/>\n<meta property=\"og:image\" content=\"https:\/\/medicina.udd.cl\/icim\/files\/2023\/03\/francisca-bascur-1.jpg\" \/>\n\t<meta property=\"og:image:width\" content=\"1284\" \/>\n\t<meta property=\"og:image:height\" content=\"1600\" \/>\n\t<meta property=\"og:image:type\" content=\"image\/jpeg\" \/>\n<meta name=\"twitter:card\" content=\"summary_large_image\" \/>\n<script type=\"application\/ld+json\" class=\"yoast-schema-graph\">{\"@context\":\"https:\/\/schema.org\",\"@graph\":[{\"@type\":\"WebPage\",\"@id\":\"https:\/\/medicina.udd.cl\/icim\/persona\/francisca-bascur-gutierrez\/\",\"url\":\"https:\/\/medicina.udd.cl\/icim\/persona\/francisca-bascur-gutierrez\/\",\"name\":\"Francisca Bascur Guti\u00e9rrez - ICIM\",\"isPartOf\":{\"@id\":\"https:\/\/medicina.udd.cl\/icim\/#website\"},\"primaryImageOfPage\":{\"@id\":\"https:\/\/medicina.udd.cl\/icim\/persona\/francisca-bascur-gutierrez\/#primaryimage\"},\"image\":{\"@id\":\"https:\/\/medicina.udd.cl\/icim\/persona\/francisca-bascur-gutierrez\/#primaryimage\"},\"thumbnailUrl\":\"https:\/\/medicina.udd.cl\/icim\/files\/2023\/03\/francisca-bascur-1.jpg\",\"datePublished\":\"2023-03-20T16:05:21+00:00\",\"dateModified\":\"2023-11-29T14:43:47+00:00\",\"breadcrumb\":{\"@id\":\"https:\/\/medicina.udd.cl\/icim\/persona\/francisca-bascur-gutierrez\/#breadcrumb\"},\"inLanguage\":\"es\",\"potentialAction\":[{\"@type\":\"ReadAction\",\"target\":[\"https:\/\/medicina.udd.cl\/icim\/persona\/francisca-bascur-gutierrez\/\"]}]},{\"@type\":\"ImageObject\",\"inLanguage\":\"es\",\"@id\":\"https:\/\/medicina.udd.cl\/icim\/persona\/francisca-bascur-gutierrez\/#primaryimage\",\"url\":\"https:\/\/medicina.udd.cl\/icim\/files\/2023\/03\/francisca-bascur-1.jpg\",\"contentUrl\":\"https:\/\/medicina.udd.cl\/icim\/files\/2023\/03\/francisca-bascur-1.jpg\",\"width\":1284,\"height\":1600},{\"@type\":\"BreadcrumbList\",\"@id\":\"https:\/\/medicina.udd.cl\/icim\/persona\/francisca-bascur-gutierrez\/#breadcrumb\",\"itemListElement\":[{\"@type\":\"ListItem\",\"position\":1,\"name\":\"Inicio\",\"item\":\"https:\/\/medicina.udd.cl\/icim\/\"},{\"@type\":\"ListItem\",\"position\":2,\"name\":\"Personas\",\"item\":\"https:\/\/medicina.udd.cl\/icim\/persona\/\"},{\"@type\":\"ListItem\",\"position\":3,\"name\":\"Francisca Bascur Guti\u00e9rrez\"}]},{\"@type\":\"WebSite\",\"@id\":\"https:\/\/medicina.udd.cl\/icim\/#website\",\"url\":\"https:\/\/medicina.udd.cl\/icim\/\",\"name\":\"ICIM\",\"description\":\"Una iniciativa de Universidad del Desarrollo y Cl\u00ednica Alemana\",\"inLanguage\":\"es\"}]}<\/script>\n<!-- \/ Yoast SEO plugin. -->","yoast_head_json":{"title":"Francisca Bascur Guti\u00e9rrez - ICIM","robots":{"index":"index","follow":"follow","max-snippet":"max-snippet:-1","max-image-preview":"max-image-preview:large","max-video-preview":"max-video-preview:-1"},"canonical":"https:\/\/medicina.udd.cl\/icim\/persona\/francisca-bascur-gutierrez\/","og_locale":"es_ES","og_type":"article","og_title":"Francisca Bascur Guti\u00e9rrez - ICIM","og_url":"https:\/\/medicina.udd.cl\/icim\/persona\/francisca-bascur-gutierrez\/","og_site_name":"ICIM","article_modified_time":"2023-11-29T14:43:47+00:00","og_image":[{"width":1284,"height":1600,"url":"https:\/\/medicina.udd.cl\/icim\/files\/2023\/03\/francisca-bascur-1.jpg","type":"image\/jpeg"}],"twitter_card":"summary_large_image","schema":{"@context":"https:\/\/schema.org","@graph":[{"@type":"WebPage","@id":"https:\/\/medicina.udd.cl\/icim\/persona\/francisca-bascur-gutierrez\/","url":"https:\/\/medicina.udd.cl\/icim\/persona\/francisca-bascur-gutierrez\/","name":"Francisca Bascur Guti\u00e9rrez - ICIM","isPartOf":{"@id":"https:\/\/medicina.udd.cl\/icim\/#website"},"primaryImageOfPage":{"@id":"https:\/\/medicina.udd.cl\/icim\/persona\/francisca-bascur-gutierrez\/#primaryimage"},"image":{"@id":"https:\/\/medicina.udd.cl\/icim\/persona\/francisca-bascur-gutierrez\/#primaryimage"},"thumbnailUrl":"https:\/\/medicina.udd.cl\/icim\/files\/2023\/03\/francisca-bascur-1.jpg","datePublished":"2023-03-20T16:05:21+00:00","dateModified":"2023-11-29T14:43:47+00:00","breadcrumb":{"@id":"https:\/\/medicina.udd.cl\/icim\/persona\/francisca-bascur-gutierrez\/#breadcrumb"},"inLanguage":"es","potentialAction":[{"@type":"ReadAction","target":["https:\/\/medicina.udd.cl\/icim\/persona\/francisca-bascur-gutierrez\/"]}]},{"@type":"ImageObject","inLanguage":"es","@id":"https:\/\/medicina.udd.cl\/icim\/persona\/francisca-bascur-gutierrez\/#primaryimage","url":"https:\/\/medicina.udd.cl\/icim\/files\/2023\/03\/francisca-bascur-1.jpg","contentUrl":"https:\/\/medicina.udd.cl\/icim\/files\/2023\/03\/francisca-bascur-1.jpg","width":1284,"height":1600},{"@type":"BreadcrumbList","@id":"https:\/\/medicina.udd.cl\/icim\/persona\/francisca-bascur-gutierrez\/#breadcrumb","itemListElement":[{"@type":"ListItem","position":1,"name":"Inicio","item":"https:\/\/medicina.udd.cl\/icim\/"},{"@type":"ListItem","position":2,"name":"Personas","item":"https:\/\/medicina.udd.cl\/icim\/persona\/"},{"@type":"ListItem","position":3,"name":"Francisca Bascur Guti\u00e9rrez"}]},{"@type":"WebSite","@id":"https:\/\/medicina.udd.cl\/icim\/#website","url":"https:\/\/medicina.udd.cl\/icim\/","name":"ICIM","description":"Una iniciativa de Universidad del Desarrollo y Cl\u00ednica Alemana","inLanguage":"es"}]}},"label":"Francisca  Bascur Guti\u00e9rrez","role":"Coordinadora de Proyectos","thumbnail_url":"https:\/\/medicina.udd.cl\/icim\/files\/2023\/03\/francisca-bascur-1-500x500.jpg","email":"","tel_job":"","content":{"rendered":"<div class=\"person-modal person-modal--scl\">\n\t<header class=\"person-modal__header\">\n\t\t<div class=\"person-modal__bg\"><\/div>\n\t\t<div class=\"modal-container\">\n\t\t\t\t\t\t<div class=\"person-modal__media\">\n\t\t\t\t<img width=\"500\" height=\"500\" src=\"https:\/\/medicina.udd.cl\/icim\/files\/2023\/03\/francisca-bascur-1-62x62.jpg\" class=\"person-modal__image wp-post-image lazyload\" alt=\"\" decoding=\"async\" loading=\"lazy\" sizes=\"auto, (max-width: 500px) 100vw, 500px\" data-src=\"https:\/\/medicina.udd.cl\/icim\/files\/2023\/03\/francisca-bascur-1-500x500.jpg\" data-srcset=\"https:\/\/medicina.udd.cl\/icim\/files\/2023\/03\/francisca-bascur-1-500x500.jpg 500w, https:\/\/medicina.udd.cl\/icim\/files\/2023\/03\/francisca-bascur-1-150x150.jpg 150w, https:\/\/medicina.udd.cl\/icim\/files\/2023\/03\/francisca-bascur-1-62x62.jpg 62w, https:\/\/medicina.udd.cl\/icim\/files\/2023\/03\/francisca-bascur-1-750x750.jpg 750w, https:\/\/medicina.udd.cl\/icim\/files\/2023\/03\/francisca-bascur-1-250x250.jpg 250w, https:\/\/medicina.udd.cl\/icim\/files\/2023\/03\/francisca-bascur-1-126x126.jpg 126w\" \/>\t\t\t<\/div>\n\t\t\t\t\t\t<div class=\"person-modal__data\">\n\t\t\t\t<h1 class=\"person-modal__name\">Francisca  Bascur Guti\u00e9rrez<\/h1>\n\t\t\t\t\t\t\t<span class=\"person-modal__description\">Coordinadora de Proyectos<\/span>\n\t\t\t\t\t\t\t\t\t\t\t\t\t\t\t<\/div>\n\t\t<\/div>\n\t<\/header>\n\t<div class=\"modal-container\">\n\t\t\t<div class=\"person-modal__content text\">\n\t\t\t\t\t\t\t\t\t\t<ul>\n<li class=\"MsoNormal\"><span>Enfermera Matrona, Pontificia Universidad Cat\u00f3lica de Chile.<\/span><\/li>\n<li class=\"MsoNormal\"><span>Diplomado en Gesti\u00f3n de Estudios Cl\u00ednicos, Pontificia Universidad Cat\u00f3lica de Chile.<\/span><\/li>\n<\/ul>\n\t\t<\/div>\n\t<\/div>\n<\/div>\n"},"identifier":"1804a0aba70a441c291020a86376d36042a11b53","has_credential":[],"given_name":"Francisca ","family_name":"Bascur Guti\u00e9rrez","name":"Francisca  Bascur Guti\u00e9rrez","job_title":"Coordinadora de Proyectos","telephone":"","note":"","im":"","_self_schedule":null,"_links":{"self":[{"href":"https:\/\/medicina.udd.cl\/icim\/wp-json\/wp\/v2\/people\/11379","targetHints":{"allow":["GET"]}}],"collection":[{"href":"https:\/\/medicina.udd.cl\/icim\/wp-json\/wp\/v2\/people"}],"about":[{"href":"https:\/\/medicina.udd.cl\/icim\/wp-json\/wp\/v2\/types\/person"}],"wp:featuredmedia":[{"embeddable":true,"href":"https:\/\/medicina.udd.cl\/icim\/wp-json\/wp\/v2\/media\/11898"}],"wp:attachment":[{"href":"https:\/\/medicina.udd.cl\/icim\/wp-json\/wp\/v2\/media?parent=11379"}],"wp:term":[{"taxonomy":"people_tax","embeddable":true,"href":"https:\/\/medicina.udd.cl\/icim\/wp-json\/wp\/v2\/people_tax?post=11379"},{"taxonomy":"people_areas","embeddable":true,"href":"https:\/\/medicina.udd.cl\/icim\/wp-json\/wp\/v2\/people_areas?post=11379"},{"taxonomy":"people_levels","embeddable":true,"href":"https:\/\/medicina.udd.cl\/icim\/wp-json\/wp\/v2\/people_levels?post=11379"}],"curies":[{"name":"wp","href":"https:\/\/api.w.org\/{rel}","templated":true}]}}

Francisca  Bascur Gutiérrez

<!-- This site is optimized with the Yoast SEO plugin v26.9 - https://yoast.com/product/yoast-seo-wordpress/ -->
<title>Francisca Bascur Gutiérrez - ICIM</title>
<meta name="robots" content="index, follow, max-snippet:-1, max-image-preview:large, max-video-preview:-1" />
<link rel="canonical" href="https://medicina.udd.cl/icim/persona/francisca-bascur-gutierrez/" />
<meta property="og:locale" content="es_ES" />
<meta property="og:type" content="article" />
<meta property="og:title" content="Francisca Bascur Gutiérrez - ICIM" />
<meta property="og:url" content="https://medicina.udd.cl/icim/persona/francisca-bascur-gutierrez/" />
<meta property="og:site_name" content="ICIM" />
<meta property="article:modified_time" content="2023-11-29T14:43:47+00:00" />
<meta property="og:image" content="https://medicina.udd.cl/icim/files/2023/03/francisca-bascur-1.jpg" />
	<meta property="og:image:width" content="1284" />
	<meta property="og:image:height" content="1600" />
	<meta property="og:image:type" content="image/jpeg" />
<meta name="twitter:card" content="summary_large_image" />
<script type="application/ld+json" class="yoast-schema-graph">{"@context":"https://schema.org","@graph":[{"@type":"WebPage","@id":"https://medicina.udd.cl/icim/persona/francisca-bascur-gutierrez/","url":"https://medicina.udd.cl/icim/persona/francisca-bascur-gutierrez/","name":"Francisca Bascur Gutiérrez - ICIM","isPartOf":{"@id":"https://medicina.udd.cl/icim/#website"},"primaryImageOfPage":{"@id":"https://medicina.udd.cl/icim/persona/francisca-bascur-gutierrez/#primaryimage"},"image":{"@id":"https://medicina.udd.cl/icim/persona/francisca-bascur-gutierrez/#primaryimage"},"thumbnailUrl":"https://medicina.udd.cl/icim/files/2023/03/francisca-bascur-1.jpg","datePublished":"2023-03-20T16:05:21+00:00","dateModified":"2023-11-29T14:43:47+00:00","breadcrumb":{"@id":"https://medicina.udd.cl/icim/persona/francisca-bascur-gutierrez/#breadcrumb"},"inLanguage":"es","potentialAction":[{"@type":"ReadAction","target":["https://medicina.udd.cl/icim/persona/francisca-bascur-gutierrez/"]}]},{"@type":"ImageObject","inLanguage":"es","@id":"https://medicina.udd.cl/icim/persona/francisca-bascur-gutierrez/#primaryimage","url":"https://medicina.udd.cl/icim/files/2023/03/francisca-bascur-1.jpg","contentUrl":"https://medicina.udd.cl/icim/files/2023/03/francisca-bascur-1.jpg","width":1284,"height":1600},{"@type":"BreadcrumbList","@id":"https://medicina.udd.cl/icim/persona/francisca-bascur-gutierrez/#breadcrumb","itemListElement":[{"@type":"ListItem","position":1,"name":"Inicio","item":"https://medicina.udd.cl/icim/"},{"@type":"ListItem","position":2,"name":"Personas","item":"https://medicina.udd.cl/icim/persona/"},{"@type":"ListItem","position":3,"name":"Francisca Bascur Gutiérrez"}]},{"@type":"WebSite","@id":"https://medicina.udd.cl/icim/#website","url":"https://medicina.udd.cl/icim/","name":"ICIM","description":"Una iniciativa de Universidad del Desarrollo y Clínica Alemana","inLanguage":"es"}]}</script>
<!-- / Yoast SEO plugin. -->

Francisca Bascur Gutiérrez - ICIM

Francisca Bascur Gutiérrez

Una iniciativa de Universidad del Desarrollo y Clínica Alemana

<div class="person-modal person-modal--scl">
	<header class="person-modal__header">
		<div class="person-modal__bg"></div>
		<div class="modal-container">
						<div class="person-modal__media">
				<img width="500" height="500" src="https://medicina.udd.cl/icim/files/2023/03/francisca-bascur-1-62x62.jpg" class="person-modal__image wp-post-image lazyload" alt="" decoding="async" loading="lazy" sizes="auto, (max-width: 500px) 100vw, 500px" data-src="https://medicina.udd.cl/icim/files/2023/03/francisca-bascur-1-500x500.jpg" data-srcset="https://medicina.udd.cl/icim/files/2023/03/francisca-bascur-1-500x500.jpg 500w, https://medicina.udd.cl/icim/files/2023/03/francisca-bascur-1-150x150.jpg 150w, https://medicina.udd.cl/icim/files/2023/03/francisca-bascur-1-62x62.jpg 62w, https://medicina.udd.cl/icim/files/2023/03/francisca-bascur-1-750x750.jpg 750w, https://medicina.udd.cl/icim/files/2023/03/francisca-bascur-1-250x250.jpg 250w, https://medicina.udd.cl/icim/files/2023/03/francisca-bascur-1-126x126.jpg 126w" />			</div>
						<div class="person-modal__data">
				<h1 class="person-modal__name">Francisca  Bascur Gutiérrez</h1>
							<span class="person-modal__description">Coordinadora de Proyectos</span>
															</div>
		</div>
	</header>
	<div class="modal-container">
			<div class="person-modal__content text">
										<ul>
<li class="MsoNormal"><span>Enfermera Matrona, Pontificia Universidad Católica de Chile.</span></li>
<li class="MsoNormal"><span>Diplomado en Gestión de Estudios Clínicos, Pontificia Universidad Católica de Chile.</span></li>
</ul>
		</div>
	</div>
</div>

Bascur Gutiérrez
