{"id":7782,"date":"2019-07-09T21:14:52","date_gmt":"2019-07-09T21:14:52","guid":{"rendered":"http:\/\/medicina.udd.cl\/icim\/?post_type=person&#038;p=7782"},"modified":"2022-03-10T15:00:36","modified_gmt":"2022-03-10T18:00:36","slug":"herleyn-gonzalez","status":"publish","type":"person","link":"https:\/\/medicina.udd.cl\/icim\/persona\/herleyn-gonzalez\/","title":{"rendered":"Herleyn Agurto"},"featured_media":7783,"template":"","people_tax":[15079],"people_areas":[],"people_levels":[],"class_list":["post-7782","person","type-person","status-publish","has-post-thumbnail","hentry","people_tax-programa-de-estudios-sociales-en-salud"],"yoast_head":"<!-- This site is optimized with the Yoast SEO plugin v26.9 - https:\/\/yoast.com\/product\/yoast-seo-wordpress\/ -->\n<title>Herleyn Agurto - ICIM<\/title>\n<meta name=\"robots\" content=\"index, follow, max-snippet:-1, max-image-preview:large, max-video-preview:-1\" \/>\n<link rel=\"canonical\" href=\"https:\/\/medicina.udd.cl\/icim\/persona\/herleyn-gonzalez\/\" \/>\n<meta property=\"og:locale\" content=\"es_ES\" \/>\n<meta property=\"og:type\" content=\"article\" \/>\n<meta property=\"og:title\" content=\"Herleyn Agurto - ICIM\" \/>\n<meta property=\"og:url\" content=\"https:\/\/medicina.udd.cl\/icim\/persona\/herleyn-gonzalez\/\" \/>\n<meta property=\"og:site_name\" content=\"ICIM\" \/>\n<meta property=\"article:modified_time\" content=\"2022-03-10T18:00:36+00:00\" \/>\n<meta property=\"og:image\" content=\"https:\/\/medicina.udd.cl\/icim\/files\/2019\/07\/Herleyn.png\" \/>\n\t<meta property=\"og:image:width\" content=\"300\" \/>\n\t<meta property=\"og:image:height\" content=\"300\" \/>\n\t<meta property=\"og:image:type\" content=\"image\/png\" \/>\n<meta name=\"twitter:card\" content=\"summary_large_image\" \/>\n<script type=\"application\/ld+json\" class=\"yoast-schema-graph\">{\"@context\":\"https:\/\/schema.org\",\"@graph\":[{\"@type\":\"WebPage\",\"@id\":\"https:\/\/medicina.udd.cl\/icim\/persona\/herleyn-gonzalez\/\",\"url\":\"https:\/\/medicina.udd.cl\/icim\/persona\/herleyn-gonzalez\/\",\"name\":\"Herleyn Agurto - ICIM\",\"isPartOf\":{\"@id\":\"https:\/\/medicina.udd.cl\/icim\/#website\"},\"primaryImageOfPage\":{\"@id\":\"https:\/\/medicina.udd.cl\/icim\/persona\/herleyn-gonzalez\/#primaryimage\"},\"image\":{\"@id\":\"https:\/\/medicina.udd.cl\/icim\/persona\/herleyn-gonzalez\/#primaryimage\"},\"thumbnailUrl\":\"https:\/\/medicina.udd.cl\/icim\/files\/2019\/07\/Herleyn.png\",\"datePublished\":\"2019-07-09T21:14:52+00:00\",\"dateModified\":\"2022-03-10T18:00:36+00:00\",\"breadcrumb\":{\"@id\":\"https:\/\/medicina.udd.cl\/icim\/persona\/herleyn-gonzalez\/#breadcrumb\"},\"inLanguage\":\"es\",\"potentialAction\":[{\"@type\":\"ReadAction\",\"target\":[\"https:\/\/medicina.udd.cl\/icim\/persona\/herleyn-gonzalez\/\"]}]},{\"@type\":\"ImageObject\",\"inLanguage\":\"es\",\"@id\":\"https:\/\/medicina.udd.cl\/icim\/persona\/herleyn-gonzalez\/#primaryimage\",\"url\":\"https:\/\/medicina.udd.cl\/icim\/files\/2019\/07\/Herleyn.png\",\"contentUrl\":\"https:\/\/medicina.udd.cl\/icim\/files\/2019\/07\/Herleyn.png\",\"width\":300,\"height\":300},{\"@type\":\"BreadcrumbList\",\"@id\":\"https:\/\/medicina.udd.cl\/icim\/persona\/herleyn-gonzalez\/#breadcrumb\",\"itemListElement\":[{\"@type\":\"ListItem\",\"position\":1,\"name\":\"Inicio\",\"item\":\"https:\/\/medicina.udd.cl\/icim\/\"},{\"@type\":\"ListItem\",\"position\":2,\"name\":\"Personas\",\"item\":\"https:\/\/medicina.udd.cl\/icim\/persona\/\"},{\"@type\":\"ListItem\",\"position\":3,\"name\":\"Herleyn Agurto\"}]},{\"@type\":\"WebSite\",\"@id\":\"https:\/\/medicina.udd.cl\/icim\/#website\",\"url\":\"https:\/\/medicina.udd.cl\/icim\/\",\"name\":\"ICIM\",\"description\":\"Una iniciativa de Universidad del Desarrollo y Cl\u00ednica Alemana\",\"inLanguage\":\"es\"}]}<\/script>\n<!-- \/ Yoast SEO plugin. -->","yoast_head_json":{"title":"Herleyn Agurto - ICIM","robots":{"index":"index","follow":"follow","max-snippet":"max-snippet:-1","max-image-preview":"max-image-preview:large","max-video-preview":"max-video-preview:-1"},"canonical":"https:\/\/medicina.udd.cl\/icim\/persona\/herleyn-gonzalez\/","og_locale":"es_ES","og_type":"article","og_title":"Herleyn Agurto - ICIM","og_url":"https:\/\/medicina.udd.cl\/icim\/persona\/herleyn-gonzalez\/","og_site_name":"ICIM","article_modified_time":"2022-03-10T18:00:36+00:00","og_image":[{"width":300,"height":300,"url":"https:\/\/medicina.udd.cl\/icim\/files\/2019\/07\/Herleyn.png","type":"image\/png"}],"twitter_card":"summary_large_image","schema":{"@context":"https:\/\/schema.org","@graph":[{"@type":"WebPage","@id":"https:\/\/medicina.udd.cl\/icim\/persona\/herleyn-gonzalez\/","url":"https:\/\/medicina.udd.cl\/icim\/persona\/herleyn-gonzalez\/","name":"Herleyn Agurto - ICIM","isPartOf":{"@id":"https:\/\/medicina.udd.cl\/icim\/#website"},"primaryImageOfPage":{"@id":"https:\/\/medicina.udd.cl\/icim\/persona\/herleyn-gonzalez\/#primaryimage"},"image":{"@id":"https:\/\/medicina.udd.cl\/icim\/persona\/herleyn-gonzalez\/#primaryimage"},"thumbnailUrl":"https:\/\/medicina.udd.cl\/icim\/files\/2019\/07\/Herleyn.png","datePublished":"2019-07-09T21:14:52+00:00","dateModified":"2022-03-10T18:00:36+00:00","breadcrumb":{"@id":"https:\/\/medicina.udd.cl\/icim\/persona\/herleyn-gonzalez\/#breadcrumb"},"inLanguage":"es","potentialAction":[{"@type":"ReadAction","target":["https:\/\/medicina.udd.cl\/icim\/persona\/herleyn-gonzalez\/"]}]},{"@type":"ImageObject","inLanguage":"es","@id":"https:\/\/medicina.udd.cl\/icim\/persona\/herleyn-gonzalez\/#primaryimage","url":"https:\/\/medicina.udd.cl\/icim\/files\/2019\/07\/Herleyn.png","contentUrl":"https:\/\/medicina.udd.cl\/icim\/files\/2019\/07\/Herleyn.png","width":300,"height":300},{"@type":"BreadcrumbList","@id":"https:\/\/medicina.udd.cl\/icim\/persona\/herleyn-gonzalez\/#breadcrumb","itemListElement":[{"@type":"ListItem","position":1,"name":"Inicio","item":"https:\/\/medicina.udd.cl\/icim\/"},{"@type":"ListItem","position":2,"name":"Personas","item":"https:\/\/medicina.udd.cl\/icim\/persona\/"},{"@type":"ListItem","position":3,"name":"Herleyn Agurto"}]},{"@type":"WebSite","@id":"https:\/\/medicina.udd.cl\/icim\/#website","url":"https:\/\/medicina.udd.cl\/icim\/","name":"ICIM","description":"Una iniciativa de Universidad del Desarrollo y Cl\u00ednica Alemana","inLanguage":"es"}]}},"label":"Herleyn Agurto","role":"Investigadora Docente","thumbnail_url":"https:\/\/medicina.udd.cl\/icim\/files\/2019\/07\/Herleyn.png","email":"hd.agurto@udd.cl","tel_job":"","content":{"rendered":"<div class=\"person-modal person-modal--scl\">\n\t<header class=\"person-modal__header\">\n\t\t<div class=\"person-modal__bg\"><\/div>\n\t\t<div class=\"modal-container\">\n\t\t\t\t\t\t<div class=\"person-modal__media\">\n\t\t\t\t<img width=\"300\" height=\"300\" src=\"https:\/\/medicina.udd.cl\/icim\/files\/2019\/07\/Herleyn-62x62.png\" class=\"person-modal__image wp-post-image lazyload\" alt=\"\" decoding=\"async\" loading=\"lazy\" sizes=\"auto, (max-width: 300px) 100vw, 300px\" data-src=\"https:\/\/medicina.udd.cl\/icim\/files\/2019\/07\/Herleyn.png\" data-srcset=\"https:\/\/medicina.udd.cl\/icim\/files\/2019\/07\/Herleyn.png 300w, https:\/\/medicina.udd.cl\/icim\/files\/2019\/07\/Herleyn-150x150.png 150w, https:\/\/medicina.udd.cl\/icim\/files\/2019\/07\/Herleyn-62x62.png 62w, https:\/\/medicina.udd.cl\/icim\/files\/2019\/07\/Herleyn-126x126.png 126w\" \/>\t\t\t<\/div>\n\t\t\t\t\t\t<div class=\"person-modal__data\">\n\t\t\t\t<h1 class=\"person-modal__name\">Herleyn Agurto<\/h1>\n\t\t\t\t\t\t\t<span class=\"person-modal__description\">Investigadora Docente<\/span>\n\t\t\t\t\t\t\t\t\t\t\t\t\t<a href=\"mailto:&#104;&#100;&#046;a&#103;&#117;&#114;&#116;o&#064;&#117;&#100;d.&#099;&#108;\" class=\"person-modal__email\">hd&#46;ag&#117;&#114;&#116;&#111;&#64;u&#100;&#100;&#46;c&#108;<\/a>\n\t\t\t\t\t\t\t\t\t<\/div>\n\t\t<\/div>\n\t<\/header>\n\t<div class=\"modal-container\">\n\t\t\t<div class=\"person-modal__content text\">\n\t\t\t\t\t\t\t\t\t\t<p>Enfermera cl\u00ednica docente que se desempe\u00f1a en el \u00e1rea de ni\u00f1o y adolescente. Actualmente en el \u00e1rea de investigaci\u00f3n enfocada en migrantes y coordinadora de la Cl\u00ednica Migrantes.<\/p>\n\t\t<\/div>\n\t<\/div>\n<\/div>\n"},"identifier":"ec229db9d2c8aef68363e7f0c73fbf71461d4e55","has_credential":[],"given_name":"Herleyn","family_name":"Agurto","name":"Herleyn Agurto","job_title":"Investigadora Docente","telephone":"","note":"","im":"","_self_schedule":null,"_links":{"self":[{"href":"https:\/\/medicina.udd.cl\/icim\/wp-json\/wp\/v2\/people\/7782","targetHints":{"allow":["GET"]}}],"collection":[{"href":"https:\/\/medicina.udd.cl\/icim\/wp-json\/wp\/v2\/people"}],"about":[{"href":"https:\/\/medicina.udd.cl\/icim\/wp-json\/wp\/v2\/types\/person"}],"wp:featuredmedia":[{"embeddable":true,"href":"https:\/\/medicina.udd.cl\/icim\/wp-json\/wp\/v2\/media\/7783"}],"wp:attachment":[{"href":"https:\/\/medicina.udd.cl\/icim\/wp-json\/wp\/v2\/media?parent=7782"}],"wp:term":[{"taxonomy":"people_tax","embeddable":true,"href":"https:\/\/medicina.udd.cl\/icim\/wp-json\/wp\/v2\/people_tax?post=7782"},{"taxonomy":"people_areas","embeddable":true,"href":"https:\/\/medicina.udd.cl\/icim\/wp-json\/wp\/v2\/people_areas?post=7782"},{"taxonomy":"people_levels","embeddable":true,"href":"https:\/\/medicina.udd.cl\/icim\/wp-json\/wp\/v2\/people_levels?post=7782"}],"curies":[{"name":"wp","href":"https:\/\/api.w.org\/{rel}","templated":true}]}}

<!-- This site is optimized with the Yoast SEO plugin v26.9 - https://yoast.com/product/yoast-seo-wordpress/ -->
<title>Herleyn Agurto - ICIM</title>
<meta name="robots" content="index, follow, max-snippet:-1, max-image-preview:large, max-video-preview:-1" />
<link rel="canonical" href="https://medicina.udd.cl/icim/persona/herleyn-gonzalez/" />
<meta property="og:locale" content="es_ES" />
<meta property="og:type" content="article" />
<meta property="og:title" content="Herleyn Agurto - ICIM" />
<meta property="og:url" content="https://medicina.udd.cl/icim/persona/herleyn-gonzalez/" />
<meta property="og:site_name" content="ICIM" />
<meta property="article:modified_time" content="2022-03-10T18:00:36+00:00" />
<meta property="og:image" content="https://medicina.udd.cl/icim/files/2019/07/Herleyn.png" />
	<meta property="og:image:width" content="300" />
	<meta property="og:image:height" content="300" />
	<meta property="og:image:type" content="image/png" />
<meta name="twitter:card" content="summary_large_image" />
<script type="application/ld+json" class="yoast-schema-graph">{"@context":"https://schema.org","@graph":[{"@type":"WebPage","@id":"https://medicina.udd.cl/icim/persona/herleyn-gonzalez/","url":"https://medicina.udd.cl/icim/persona/herleyn-gonzalez/","name":"Herleyn Agurto - ICIM","isPartOf":{"@id":"https://medicina.udd.cl/icim/#website"},"primaryImageOfPage":{"@id":"https://medicina.udd.cl/icim/persona/herleyn-gonzalez/#primaryimage"},"image":{"@id":"https://medicina.udd.cl/icim/persona/herleyn-gonzalez/#primaryimage"},"thumbnailUrl":"https://medicina.udd.cl/icim/files/2019/07/Herleyn.png","datePublished":"2019-07-09T21:14:52+00:00","dateModified":"2022-03-10T18:00:36+00:00","breadcrumb":{"@id":"https://medicina.udd.cl/icim/persona/herleyn-gonzalez/#breadcrumb"},"inLanguage":"es","potentialAction":[{"@type":"ReadAction","target":["https://medicina.udd.cl/icim/persona/herleyn-gonzalez/"]}]},{"@type":"ImageObject","inLanguage":"es","@id":"https://medicina.udd.cl/icim/persona/herleyn-gonzalez/#primaryimage","url":"https://medicina.udd.cl/icim/files/2019/07/Herleyn.png","contentUrl":"https://medicina.udd.cl/icim/files/2019/07/Herleyn.png","width":300,"height":300},{"@type":"BreadcrumbList","@id":"https://medicina.udd.cl/icim/persona/herleyn-gonzalez/#breadcrumb","itemListElement":[{"@type":"ListItem","position":1,"name":"Inicio","item":"https://medicina.udd.cl/icim/"},{"@type":"ListItem","position":2,"name":"Personas","item":"https://medicina.udd.cl/icim/persona/"},{"@type":"ListItem","position":3,"name":"Herleyn Agurto"}]},{"@type":"WebSite","@id":"https://medicina.udd.cl/icim/#website","url":"https://medicina.udd.cl/icim/","name":"ICIM","description":"Una iniciativa de Universidad del Desarrollo y Clínica Alemana","inLanguage":"es"}]}</script>
<!-- / Yoast SEO plugin. -->

Una iniciativa de Universidad del Desarrollo y Clínica Alemana

<div class="person-modal person-modal--scl">
	<header class="person-modal__header">
		<div class="person-modal__bg"></div>
		<div class="modal-container">
						<div class="person-modal__media">
				<img width="300" height="300" src="https://medicina.udd.cl/icim/files/2019/07/Herleyn-62x62.png" class="person-modal__image wp-post-image lazyload" alt="" decoding="async" loading="lazy" sizes="auto, (max-width: 300px) 100vw, 300px" data-src="https://medicina.udd.cl/icim/files/2019/07/Herleyn.png" data-srcset="https://medicina.udd.cl/icim/files/2019/07/Herleyn.png 300w, https://medicina.udd.cl/icim/files/2019/07/Herleyn-150x150.png 150w, https://medicina.udd.cl/icim/files/2019/07/Herleyn-62x62.png 62w, https://medicina.udd.cl/icim/files/2019/07/Herleyn-126x126.png 126w" />			</div>
						<div class="person-modal__data">
				<h1 class="person-modal__name">Herleyn Agurto</h1>
							<span class="person-modal__description">Investigadora Docente</span>
													<a href="mailto:&#104;&#100;&#046;a&#103;&#117;&#114;&#116;o&#064;&#117;&#100;d.&#099;&#108;" class="person-modal__email">hd&#46;ag&#117;&#114;&#116;&#111;&#64;u&#100;&#100;&#46;c&#108;</a>
									</div>
		</div>
	</header>
	<div class="modal-container">
			<div class="person-modal__content text">
										<p>Enfermera clínica docente que se desempeña en el área de niño y adolescente. Actualmente en el área de investigación enfocada en migrantes y coordinadora de la Clínica Migrantes.</p>
		</div>
	</div>
</div>
