{"id":4615,"date":"2017-06-07T20:02:25","date_gmt":"2017-06-07T20:02:25","guid":{"rendered":"http:\/\/medicina.udd.cl\/icim\/?post_type=testimonial&#038;p=4615"},"modified":"2022-03-09T16:04:51","modified_gmt":"2022-03-09T19:04:51","slug":"prueba-de-experiencia","status":"publish","type":"testimonial","link":"https:\/\/medicina.udd.cl\/icim\/testimonio\/prueba-de-experiencia\/","title":{"rendered":"Paula Vergara"},"content":{"rendered":"<p style=\"text-align: center;\">\u00abEn nuestra familia la gen\u00e9tica ha tenido un rol tranquilizador. Poder hacernos un examen gen\u00e9tico y descartar que nuestra hija menor tuviera nuestro s\u00edndrome fue algo de mucha ayuda. Si bien sabemos que con mis otros dos hijos s\u00ed lo padecemos, al menos sabemos c\u00f3mo cuidarnos y tenemos claridad del diagn\u00f3stico. Por eso creo que hay que perder el miedo a los test gen\u00e9ticos pues, desde mi experiencia, contar con certezas hace bastante m\u00e1s llevadero el proceso\u00bb.<\/p>\n","protected":false},"featured_media":0,"template":"","testimonial-categories":[15105],"class_list":["post-4615","testimonial","type-testimonial","status-publish","hentry"],"yoast_head":"<!-- This site is optimized with the Yoast SEO plugin v26.9 - https:\/\/yoast.com\/product\/yoast-seo-wordpress\/ -->\n<title>Paula Vergara - ICIM<\/title>\n<meta name=\"robots\" content=\"index, follow, max-snippet:-1, max-image-preview:large, max-video-preview:-1\" \/>\n<link rel=\"canonical\" href=\"https:\/\/medicina.udd.cl\/icim\/testimonio\/prueba-de-experiencia\/\" \/>\n<meta property=\"og:locale\" content=\"es_ES\" \/>\n<meta property=\"og:type\" content=\"article\" \/>\n<meta property=\"og:title\" content=\"Paula Vergara - ICIM\" \/>\n<meta property=\"og:description\" content=\"\u00abEn nuestra familia la gen\u00e9tica ha tenido un rol tranquilizador. Poder hacernos un examen gen\u00e9tico y descartar que nuestra hija menor tuviera nuestro s\u00edndrome fue algo de mucha ayuda. Si bien sabemos que con mis otros dos hijos s\u00ed lo padecemos, al menos sabemos c\u00f3mo cuidarnos y tenemos claridad del diagn\u00f3stico. Por eso creo que [&hellip;]\" \/>\n<meta property=\"og:url\" content=\"https:\/\/medicina.udd.cl\/icim\/testimonio\/prueba-de-experiencia\/\" \/>\n<meta property=\"og:site_name\" content=\"ICIM\" \/>\n<meta property=\"article:modified_time\" content=\"2022-03-09T19:04:51+00:00\" \/>\n<meta name=\"twitter:card\" content=\"summary_large_image\" \/>\n<script type=\"application\/ld+json\" class=\"yoast-schema-graph\">{\"@context\":\"https:\/\/schema.org\",\"@graph\":[{\"@type\":\"WebPage\",\"@id\":\"https:\/\/medicina.udd.cl\/icim\/testimonio\/prueba-de-experiencia\/\",\"url\":\"https:\/\/medicina.udd.cl\/icim\/testimonio\/prueba-de-experiencia\/\",\"name\":\"Paula Vergara - ICIM\",\"isPartOf\":{\"@id\":\"https:\/\/medicina.udd.cl\/icim\/#website\"},\"datePublished\":\"2017-06-07T20:02:25+00:00\",\"dateModified\":\"2022-03-09T19:04:51+00:00\",\"breadcrumb\":{\"@id\":\"https:\/\/medicina.udd.cl\/icim\/testimonio\/prueba-de-experiencia\/#breadcrumb\"},\"inLanguage\":\"es\",\"potentialAction\":[{\"@type\":\"ReadAction\",\"target\":[\"https:\/\/medicina.udd.cl\/icim\/testimonio\/prueba-de-experiencia\/\"]}]},{\"@type\":\"BreadcrumbList\",\"@id\":\"https:\/\/medicina.udd.cl\/icim\/testimonio\/prueba-de-experiencia\/#breadcrumb\",\"itemListElement\":[{\"@type\":\"ListItem\",\"position\":1,\"name\":\"Inicio\",\"item\":\"https:\/\/medicina.udd.cl\/icim\/\"},{\"@type\":\"ListItem\",\"position\":2,\"name\":\"Testimonios\",\"item\":\"https:\/\/medicina.udd.cl\/icim\/testimonio\/\"},{\"@type\":\"ListItem\",\"position\":3,\"name\":\"Paula Vergara\"}]},{\"@type\":\"WebSite\",\"@id\":\"https:\/\/medicina.udd.cl\/icim\/#website\",\"url\":\"https:\/\/medicina.udd.cl\/icim\/\",\"name\":\"ICIM\",\"description\":\"Una iniciativa de Universidad del Desarrollo y Cl\u00ednica Alemana\",\"inLanguage\":\"es\"}]}<\/script>\n<!-- \/ Yoast SEO plugin. -->","yoast_head_json":{"title":"Paula Vergara - ICIM","robots":{"index":"index","follow":"follow","max-snippet":"max-snippet:-1","max-image-preview":"max-image-preview:large","max-video-preview":"max-video-preview:-1"},"canonical":"https:\/\/medicina.udd.cl\/icim\/testimonio\/prueba-de-experiencia\/","og_locale":"es_ES","og_type":"article","og_title":"Paula Vergara - ICIM","og_description":"\u00abEn nuestra familia la gen\u00e9tica ha tenido un rol tranquilizador. Poder hacernos un examen gen\u00e9tico y descartar que nuestra hija menor tuviera nuestro s\u00edndrome fue algo de mucha ayuda. Si bien sabemos que con mis otros dos hijos s\u00ed lo padecemos, al menos sabemos c\u00f3mo cuidarnos y tenemos claridad del diagn\u00f3stico. Por eso creo que [&hellip;]","og_url":"https:\/\/medicina.udd.cl\/icim\/testimonio\/prueba-de-experiencia\/","og_site_name":"ICIM","article_modified_time":"2022-03-09T19:04:51+00:00","twitter_card":"summary_large_image","schema":{"@context":"https:\/\/schema.org","@graph":[{"@type":"WebPage","@id":"https:\/\/medicina.udd.cl\/icim\/testimonio\/prueba-de-experiencia\/","url":"https:\/\/medicina.udd.cl\/icim\/testimonio\/prueba-de-experiencia\/","name":"Paula Vergara - ICIM","isPartOf":{"@id":"https:\/\/medicina.udd.cl\/icim\/#website"},"datePublished":"2017-06-07T20:02:25+00:00","dateModified":"2022-03-09T19:04:51+00:00","breadcrumb":{"@id":"https:\/\/medicina.udd.cl\/icim\/testimonio\/prueba-de-experiencia\/#breadcrumb"},"inLanguage":"es","potentialAction":[{"@type":"ReadAction","target":["https:\/\/medicina.udd.cl\/icim\/testimonio\/prueba-de-experiencia\/"]}]},{"@type":"BreadcrumbList","@id":"https:\/\/medicina.udd.cl\/icim\/testimonio\/prueba-de-experiencia\/#breadcrumb","itemListElement":[{"@type":"ListItem","position":1,"name":"Inicio","item":"https:\/\/medicina.udd.cl\/icim\/"},{"@type":"ListItem","position":2,"name":"Testimonios","item":"https:\/\/medicina.udd.cl\/icim\/testimonio\/"},{"@type":"ListItem","position":3,"name":"Paula Vergara"}]},{"@type":"WebSite","@id":"https:\/\/medicina.udd.cl\/icim\/#website","url":"https:\/\/medicina.udd.cl\/icim\/","name":"ICIM","description":"Una iniciativa de Universidad del Desarrollo y Cl\u00ednica Alemana","inLanguage":"es"}]}},"_links":{"self":[{"href":"https:\/\/medicina.udd.cl\/icim\/wp-json\/wp\/v2\/testimonials\/4615","targetHints":{"allow":["GET"]}}],"collection":[{"href":"https:\/\/medicina.udd.cl\/icim\/wp-json\/wp\/v2\/testimonials"}],"about":[{"href":"https:\/\/medicina.udd.cl\/icim\/wp-json\/wp\/v2\/types\/testimonial"}],"wp:attachment":[{"href":"https:\/\/medicina.udd.cl\/icim\/wp-json\/wp\/v2\/media?parent=4615"}],"wp:term":[{"taxonomy":"testimonial_category","embeddable":true,"href":"https:\/\/medicina.udd.cl\/icim\/wp-json\/wp\/v2\/testimonial-categories?post=4615"}],"curies":[{"name":"wp","href":"https:\/\/api.w.org\/{rel}","templated":true}]}}

<p style="text-align: center;">«En nuestra familia la genética ha tenido un rol tranquilizador. Poder hacernos un examen genético y descartar que nuestra hija menor tuviera nuestro síndrome fue algo de mucha ayuda. Si bien sabemos que con mis otros dos hijos sí lo padecemos, al menos sabemos cómo cuidarnos y tenemos claridad del diagnóstico. Por eso creo que hay que perder el miedo a los test genéticos pues, desde mi experiencia, contar con certezas hace bastante más llevadero el proceso».</p>

<!-- This site is optimized with the Yoast SEO plugin v26.9 - https://yoast.com/product/yoast-seo-wordpress/ -->
<title>Paula Vergara - ICIM</title>
<meta name="robots" content="index, follow, max-snippet:-1, max-image-preview:large, max-video-preview:-1" />
<link rel="canonical" href="https://medicina.udd.cl/icim/testimonio/prueba-de-experiencia/" />
<meta property="og:locale" content="es_ES" />
<meta property="og:type" content="article" />
<meta property="og:title" content="Paula Vergara - ICIM" />
<meta property="og:description" content="«En nuestra familia la genética ha tenido un rol tranquilizador. Poder hacernos un examen genético y descartar que nuestra hija menor tuviera nuestro síndrome fue algo de mucha ayuda. Si bien sabemos que con mis otros dos hijos sí lo padecemos, al menos sabemos cómo cuidarnos y tenemos claridad del diagnóstico. Por eso creo que [&hellip;]" />
<meta property="og:url" content="https://medicina.udd.cl/icim/testimonio/prueba-de-experiencia/" />
<meta property="og:site_name" content="ICIM" />
<meta property="article:modified_time" content="2022-03-09T19:04:51+00:00" />
<meta name="twitter:card" content="summary_large_image" />
<script type="application/ld+json" class="yoast-schema-graph">{"@context":"https://schema.org","@graph":[{"@type":"WebPage","@id":"https://medicina.udd.cl/icim/testimonio/prueba-de-experiencia/","url":"https://medicina.udd.cl/icim/testimonio/prueba-de-experiencia/","name":"Paula Vergara - ICIM","isPartOf":{"@id":"https://medicina.udd.cl/icim/#website"},"datePublished":"2017-06-07T20:02:25+00:00","dateModified":"2022-03-09T19:04:51+00:00","breadcrumb":{"@id":"https://medicina.udd.cl/icim/testimonio/prueba-de-experiencia/#breadcrumb"},"inLanguage":"es","potentialAction":[{"@type":"ReadAction","target":["https://medicina.udd.cl/icim/testimonio/prueba-de-experiencia/"]}]},{"@type":"BreadcrumbList","@id":"https://medicina.udd.cl/icim/testimonio/prueba-de-experiencia/#breadcrumb","itemListElement":[{"@type":"ListItem","position":1,"name":"Inicio","item":"https://medicina.udd.cl/icim/"},{"@type":"ListItem","position":2,"name":"Testimonios","item":"https://medicina.udd.cl/icim/testimonio/"},{"@type":"ListItem","position":3,"name":"Paula Vergara"}]},{"@type":"WebSite","@id":"https://medicina.udd.cl/icim/#website","url":"https://medicina.udd.cl/icim/","name":"ICIM","description":"Una iniciativa de Universidad del Desarrollo y Clínica Alemana","inLanguage":"es"}]}</script>
<!-- / Yoast SEO plugin. -->

«En nuestra familia la genética ha tenido un rol tranquilizador. Poder hacernos un examen genético y descartar que nuestra hija menor tuviera nuestro síndrome fue algo de mucha ayuda. Si bien sabemos que con mis otros dos hijos sí lo padecemos, al menos sabemos cómo cuidarnos y tenemos claridad del diagnóstico. Por eso creo que [&hellip;]

Una iniciativa de Universidad del Desarrollo y Clínica Alemana
