{"id":4649,"date":"2017-06-12T14:57:35","date_gmt":"2017-06-12T14:57:35","guid":{"rendered":"http:\/\/medicina.udd.cl\/icim\/?post_type=testimonial&#038;p=4649"},"modified":"2022-03-09T15:19:17","modified_gmt":"2022-03-09T18:19:17","slug":"dr-francis-palisson-profesor-titular-facultad-medicina-cas-udd-director-medico-fundacion-debra","status":"publish","type":"testimonial","link":"https:\/\/medicina.udd.cl\/icim\/testimonio\/dr-francis-palisson-profesor-titular-facultad-medicina-cas-udd-director-medico-fundacion-debra\/","title":{"rendered":"Dr. Francis Palisson"},"content":{"rendered":"<p style=\"text-align: center;\">\u00abEl apoyo del ICIM en investigaci\u00f3n en ni\u00f1os con Epiderm\u00f3lisis Bulosa, conocidos como ni\u00f1os Piel de Cristal, ha sido de suma importancia, espec\u00edficamente en el diagn\u00f3stico molecular de nuestros pacientes, permitiendo muy precozmente predecir y prevenir complicaciones. Con la informaci\u00f3n gen\u00e9tica hemos podido dar consejer\u00eda a las familias, lo que es cr\u00edtico en la toma de decisiones sobre los riesgos de que esta enfermedad se repita. El tratamiento de heridas cr\u00f3nicas ha sido de tal impacto, que ha permitido el manejo de otras enfermedades complejas de la piel\u00bb.<\/p>\n","protected":false},"featured_media":10222,"template":"","testimonial-categories":[15105],"class_list":["post-4649","testimonial","type-testimonial","status-publish","has-post-thumbnail","hentry"],"yoast_head":"<!-- This site is optimized with the Yoast SEO plugin v26.9 - https:\/\/yoast.com\/product\/yoast-seo-wordpress\/ -->\n<title>Dr. Francis Palisson - ICIM<\/title>\n<meta name=\"robots\" content=\"index, follow, max-snippet:-1, max-image-preview:large, max-video-preview:-1\" \/>\n<link rel=\"canonical\" href=\"https:\/\/medicina.udd.cl\/icim\/testimonio\/dr-francis-palisson-profesor-titular-facultad-medicina-cas-udd-director-medico-fundacion-debra\/\" \/>\n<meta property=\"og:locale\" content=\"es_ES\" \/>\n<meta property=\"og:type\" content=\"article\" \/>\n<meta property=\"og:title\" content=\"Dr. Francis Palisson - ICIM\" \/>\n<meta property=\"og:description\" content=\"\u00abEl apoyo del ICIM en investigaci\u00f3n en ni\u00f1os con Epiderm\u00f3lisis Bulosa, conocidos como ni\u00f1os Piel de Cristal, ha sido de suma importancia, espec\u00edficamente en el diagn\u00f3stico molecular de nuestros pacientes, permitiendo muy precozmente predecir y prevenir complicaciones. Con la informaci\u00f3n gen\u00e9tica hemos podido dar consejer\u00eda a las familias, lo que es cr\u00edtico en la toma [&hellip;]\" \/>\n<meta property=\"og:url\" content=\"https:\/\/medicina.udd.cl\/icim\/testimonio\/dr-francis-palisson-profesor-titular-facultad-medicina-cas-udd-director-medico-fundacion-debra\/\" \/>\n<meta property=\"og:site_name\" content=\"ICIM\" \/>\n<meta property=\"article:modified_time\" content=\"2022-03-09T18:19:17+00:00\" \/>\n<meta property=\"og:image\" content=\"https:\/\/medicina.udd.cl\/icim\/files\/2017\/06\/Palison.gif\" \/>\n\t<meta property=\"og:image:width\" content=\"300\" \/>\n\t<meta property=\"og:image:height\" content=\"348\" \/>\n\t<meta property=\"og:image:type\" content=\"image\/gif\" \/>\n<meta name=\"twitter:card\" content=\"summary_large_image\" \/>\n<script type=\"application\/ld+json\" class=\"yoast-schema-graph\">{\"@context\":\"https:\/\/schema.org\",\"@graph\":[{\"@type\":\"WebPage\",\"@id\":\"https:\/\/medicina.udd.cl\/icim\/testimonio\/dr-francis-palisson-profesor-titular-facultad-medicina-cas-udd-director-medico-fundacion-debra\/\",\"url\":\"https:\/\/medicina.udd.cl\/icim\/testimonio\/dr-francis-palisson-profesor-titular-facultad-medicina-cas-udd-director-medico-fundacion-debra\/\",\"name\":\"Dr. Francis Palisson - ICIM\",\"isPartOf\":{\"@id\":\"https:\/\/medicina.udd.cl\/icim\/#website\"},\"primaryImageOfPage\":{\"@id\":\"https:\/\/medicina.udd.cl\/icim\/testimonio\/dr-francis-palisson-profesor-titular-facultad-medicina-cas-udd-director-medico-fundacion-debra\/#primaryimage\"},\"image\":{\"@id\":\"https:\/\/medicina.udd.cl\/icim\/testimonio\/dr-francis-palisson-profesor-titular-facultad-medicina-cas-udd-director-medico-fundacion-debra\/#primaryimage\"},\"thumbnailUrl\":\"https:\/\/medicina.udd.cl\/icim\/files\/2017\/06\/Palison.gif\",\"datePublished\":\"2017-06-12T14:57:35+00:00\",\"dateModified\":\"2022-03-09T18:19:17+00:00\",\"breadcrumb\":{\"@id\":\"https:\/\/medicina.udd.cl\/icim\/testimonio\/dr-francis-palisson-profesor-titular-facultad-medicina-cas-udd-director-medico-fundacion-debra\/#breadcrumb\"},\"inLanguage\":\"es\",\"potentialAction\":[{\"@type\":\"ReadAction\",\"target\":[\"https:\/\/medicina.udd.cl\/icim\/testimonio\/dr-francis-palisson-profesor-titular-facultad-medicina-cas-udd-director-medico-fundacion-debra\/\"]}]},{\"@type\":\"ImageObject\",\"inLanguage\":\"es\",\"@id\":\"https:\/\/medicina.udd.cl\/icim\/testimonio\/dr-francis-palisson-profesor-titular-facultad-medicina-cas-udd-director-medico-fundacion-debra\/#primaryimage\",\"url\":\"https:\/\/medicina.udd.cl\/icim\/files\/2017\/06\/Palison.gif\",\"contentUrl\":\"https:\/\/medicina.udd.cl\/icim\/files\/2017\/06\/Palison.gif\",\"width\":300,\"height\":348},{\"@type\":\"BreadcrumbList\",\"@id\":\"https:\/\/medicina.udd.cl\/icim\/testimonio\/dr-francis-palisson-profesor-titular-facultad-medicina-cas-udd-director-medico-fundacion-debra\/#breadcrumb\",\"itemListElement\":[{\"@type\":\"ListItem\",\"position\":1,\"name\":\"Inicio\",\"item\":\"https:\/\/medicina.udd.cl\/icim\/\"},{\"@type\":\"ListItem\",\"position\":2,\"name\":\"Testimonios\",\"item\":\"https:\/\/medicina.udd.cl\/icim\/testimonio\/\"},{\"@type\":\"ListItem\",\"position\":3,\"name\":\"Dr. Francis Palisson\"}]},{\"@type\":\"WebSite\",\"@id\":\"https:\/\/medicina.udd.cl\/icim\/#website\",\"url\":\"https:\/\/medicina.udd.cl\/icim\/\",\"name\":\"ICIM\",\"description\":\"Una iniciativa de Universidad del Desarrollo y Cl\u00ednica Alemana\",\"inLanguage\":\"es\"}]}<\/script>\n<!-- \/ Yoast SEO plugin. -->","yoast_head_json":{"title":"Dr. Francis Palisson - ICIM","robots":{"index":"index","follow":"follow","max-snippet":"max-snippet:-1","max-image-preview":"max-image-preview:large","max-video-preview":"max-video-preview:-1"},"canonical":"https:\/\/medicina.udd.cl\/icim\/testimonio\/dr-francis-palisson-profesor-titular-facultad-medicina-cas-udd-director-medico-fundacion-debra\/","og_locale":"es_ES","og_type":"article","og_title":"Dr. Francis Palisson - ICIM","og_description":"\u00abEl apoyo del ICIM en investigaci\u00f3n en ni\u00f1os con Epiderm\u00f3lisis Bulosa, conocidos como ni\u00f1os Piel de Cristal, ha sido de suma importancia, espec\u00edficamente en el diagn\u00f3stico molecular de nuestros pacientes, permitiendo muy precozmente predecir y prevenir complicaciones. Con la informaci\u00f3n gen\u00e9tica hemos podido dar consejer\u00eda a las familias, lo que es cr\u00edtico en la toma [&hellip;]","og_url":"https:\/\/medicina.udd.cl\/icim\/testimonio\/dr-francis-palisson-profesor-titular-facultad-medicina-cas-udd-director-medico-fundacion-debra\/","og_site_name":"ICIM","article_modified_time":"2022-03-09T18:19:17+00:00","og_image":[{"width":300,"height":348,"url":"https:\/\/medicina.udd.cl\/icim\/files\/2017\/06\/Palison.gif","type":"image\/gif"}],"twitter_card":"summary_large_image","schema":{"@context":"https:\/\/schema.org","@graph":[{"@type":"WebPage","@id":"https:\/\/medicina.udd.cl\/icim\/testimonio\/dr-francis-palisson-profesor-titular-facultad-medicina-cas-udd-director-medico-fundacion-debra\/","url":"https:\/\/medicina.udd.cl\/icim\/testimonio\/dr-francis-palisson-profesor-titular-facultad-medicina-cas-udd-director-medico-fundacion-debra\/","name":"Dr. Francis Palisson - ICIM","isPartOf":{"@id":"https:\/\/medicina.udd.cl\/icim\/#website"},"primaryImageOfPage":{"@id":"https:\/\/medicina.udd.cl\/icim\/testimonio\/dr-francis-palisson-profesor-titular-facultad-medicina-cas-udd-director-medico-fundacion-debra\/#primaryimage"},"image":{"@id":"https:\/\/medicina.udd.cl\/icim\/testimonio\/dr-francis-palisson-profesor-titular-facultad-medicina-cas-udd-director-medico-fundacion-debra\/#primaryimage"},"thumbnailUrl":"https:\/\/medicina.udd.cl\/icim\/files\/2017\/06\/Palison.gif","datePublished":"2017-06-12T14:57:35+00:00","dateModified":"2022-03-09T18:19:17+00:00","breadcrumb":{"@id":"https:\/\/medicina.udd.cl\/icim\/testimonio\/dr-francis-palisson-profesor-titular-facultad-medicina-cas-udd-director-medico-fundacion-debra\/#breadcrumb"},"inLanguage":"es","potentialAction":[{"@type":"ReadAction","target":["https:\/\/medicina.udd.cl\/icim\/testimonio\/dr-francis-palisson-profesor-titular-facultad-medicina-cas-udd-director-medico-fundacion-debra\/"]}]},{"@type":"ImageObject","inLanguage":"es","@id":"https:\/\/medicina.udd.cl\/icim\/testimonio\/dr-francis-palisson-profesor-titular-facultad-medicina-cas-udd-director-medico-fundacion-debra\/#primaryimage","url":"https:\/\/medicina.udd.cl\/icim\/files\/2017\/06\/Palison.gif","contentUrl":"https:\/\/medicina.udd.cl\/icim\/files\/2017\/06\/Palison.gif","width":300,"height":348},{"@type":"BreadcrumbList","@id":"https:\/\/medicina.udd.cl\/icim\/testimonio\/dr-francis-palisson-profesor-titular-facultad-medicina-cas-udd-director-medico-fundacion-debra\/#breadcrumb","itemListElement":[{"@type":"ListItem","position":1,"name":"Inicio","item":"https:\/\/medicina.udd.cl\/icim\/"},{"@type":"ListItem","position":2,"name":"Testimonios","item":"https:\/\/medicina.udd.cl\/icim\/testimonio\/"},{"@type":"ListItem","position":3,"name":"Dr. Francis Palisson"}]},{"@type":"WebSite","@id":"https:\/\/medicina.udd.cl\/icim\/#website","url":"https:\/\/medicina.udd.cl\/icim\/","name":"ICIM","description":"Una iniciativa de Universidad del Desarrollo y Cl\u00ednica Alemana","inLanguage":"es"}]}},"_links":{"self":[{"href":"https:\/\/medicina.udd.cl\/icim\/wp-json\/wp\/v2\/testimonials\/4649","targetHints":{"allow":["GET"]}}],"collection":[{"href":"https:\/\/medicina.udd.cl\/icim\/wp-json\/wp\/v2\/testimonials"}],"about":[{"href":"https:\/\/medicina.udd.cl\/icim\/wp-json\/wp\/v2\/types\/testimonial"}],"wp:featuredmedia":[{"embeddable":true,"href":"https:\/\/medicina.udd.cl\/icim\/wp-json\/wp\/v2\/media\/10222"}],"wp:attachment":[{"href":"https:\/\/medicina.udd.cl\/icim\/wp-json\/wp\/v2\/media?parent=4649"}],"wp:term":[{"taxonomy":"testimonial_category","embeddable":true,"href":"https:\/\/medicina.udd.cl\/icim\/wp-json\/wp\/v2\/testimonial-categories?post=4649"}],"curies":[{"name":"wp","href":"https:\/\/api.w.org\/{rel}","templated":true}]}}

<p style="text-align: center;">«El apoyo del ICIM en investigación en niños con Epidermólisis Bulosa, conocidos como niños Piel de Cristal, ha sido de suma importancia, específicamente en el diagnóstico molecular de nuestros pacientes, permitiendo muy precozmente predecir y prevenir complicaciones. Con la información genética hemos podido dar consejería a las familias, lo que es crítico en la toma de decisiones sobre los riesgos de que esta enfermedad se repita. El tratamiento de heridas crónicas ha sido de tal impacto, que ha permitido el manejo de otras enfermedades complejas de la piel».</p>

<!-- This site is optimized with the Yoast SEO plugin v26.9 - https://yoast.com/product/yoast-seo-wordpress/ -->
<title>Dr. Francis Palisson - ICIM</title>
<meta name="robots" content="index, follow, max-snippet:-1, max-image-preview:large, max-video-preview:-1" />
<link rel="canonical" href="https://medicina.udd.cl/icim/testimonio/dr-francis-palisson-profesor-titular-facultad-medicina-cas-udd-director-medico-fundacion-debra/" />
<meta property="og:locale" content="es_ES" />
<meta property="og:type" content="article" />
<meta property="og:title" content="Dr. Francis Palisson - ICIM" />
<meta property="og:description" content="«El apoyo del ICIM en investigación en niños con Epidermólisis Bulosa, conocidos como niños Piel de Cristal, ha sido de suma importancia, específicamente en el diagnóstico molecular de nuestros pacientes, permitiendo muy precozmente predecir y prevenir complicaciones. Con la información genética hemos podido dar consejería a las familias, lo que es crítico en la toma [&hellip;]" />
<meta property="og:url" content="https://medicina.udd.cl/icim/testimonio/dr-francis-palisson-profesor-titular-facultad-medicina-cas-udd-director-medico-fundacion-debra/" />
<meta property="og:site_name" content="ICIM" />
<meta property="article:modified_time" content="2022-03-09T18:19:17+00:00" />
<meta property="og:image" content="https://medicina.udd.cl/icim/files/2017/06/Palison.gif" />
	<meta property="og:image:width" content="300" />
	<meta property="og:image:height" content="348" />
	<meta property="og:image:type" content="image/gif" />
<meta name="twitter:card" content="summary_large_image" />
<script type="application/ld+json" class="yoast-schema-graph">{"@context":"https://schema.org","@graph":[{"@type":"WebPage","@id":"https://medicina.udd.cl/icim/testimonio/dr-francis-palisson-profesor-titular-facultad-medicina-cas-udd-director-medico-fundacion-debra/","url":"https://medicina.udd.cl/icim/testimonio/dr-francis-palisson-profesor-titular-facultad-medicina-cas-udd-director-medico-fundacion-debra/","name":"Dr. Francis Palisson - ICIM","isPartOf":{"@id":"https://medicina.udd.cl/icim/#website"},"primaryImageOfPage":{"@id":"https://medicina.udd.cl/icim/testimonio/dr-francis-palisson-profesor-titular-facultad-medicina-cas-udd-director-medico-fundacion-debra/#primaryimage"},"image":{"@id":"https://medicina.udd.cl/icim/testimonio/dr-francis-palisson-profesor-titular-facultad-medicina-cas-udd-director-medico-fundacion-debra/#primaryimage"},"thumbnailUrl":"https://medicina.udd.cl/icim/files/2017/06/Palison.gif","datePublished":"2017-06-12T14:57:35+00:00","dateModified":"2022-03-09T18:19:17+00:00","breadcrumb":{"@id":"https://medicina.udd.cl/icim/testimonio/dr-francis-palisson-profesor-titular-facultad-medicina-cas-udd-director-medico-fundacion-debra/#breadcrumb"},"inLanguage":"es","potentialAction":[{"@type":"ReadAction","target":["https://medicina.udd.cl/icim/testimonio/dr-francis-palisson-profesor-titular-facultad-medicina-cas-udd-director-medico-fundacion-debra/"]}]},{"@type":"ImageObject","inLanguage":"es","@id":"https://medicina.udd.cl/icim/testimonio/dr-francis-palisson-profesor-titular-facultad-medicina-cas-udd-director-medico-fundacion-debra/#primaryimage","url":"https://medicina.udd.cl/icim/files/2017/06/Palison.gif","contentUrl":"https://medicina.udd.cl/icim/files/2017/06/Palison.gif","width":300,"height":348},{"@type":"BreadcrumbList","@id":"https://medicina.udd.cl/icim/testimonio/dr-francis-palisson-profesor-titular-facultad-medicina-cas-udd-director-medico-fundacion-debra/#breadcrumb","itemListElement":[{"@type":"ListItem","position":1,"name":"Inicio","item":"https://medicina.udd.cl/icim/"},{"@type":"ListItem","position":2,"name":"Testimonios","item":"https://medicina.udd.cl/icim/testimonio/"},{"@type":"ListItem","position":3,"name":"Dr. Francis Palisson"}]},{"@type":"WebSite","@id":"https://medicina.udd.cl/icim/#website","url":"https://medicina.udd.cl/icim/","name":"ICIM","description":"Una iniciativa de Universidad del Desarrollo y Clínica Alemana","inLanguage":"es"}]}</script>
<!-- / Yoast SEO plugin. -->

«El apoyo del ICIM en investigación en niños con Epidermólisis Bulosa, conocidos como niños Piel de Cristal, ha sido de suma importancia, específicamente en el diagnóstico molecular de nuestros pacientes, permitiendo muy precozmente predecir y prevenir complicaciones. Con la información genética hemos podido dar consejería a las familias, lo que es crítico en la toma [&hellip;]

Una iniciativa de Universidad del Desarrollo y Clínica Alemana
