{"id":9010,"date":"2021-01-29T15:45:54","date_gmt":"2021-01-29T15:45:54","guid":{"rendered":"http:\/\/medicina.udd.cl\/icim\/?post_type=testimonial&#038;p=9010"},"modified":"2022-03-09T15:19:03","modified_gmt":"2022-03-09T18:19:03","slug":"andrei-florea-estudiante-de-medicina-7mo-ano-facultad-de-medicina-clinica-alemana-universidad-del-desarrollo","status":"publish","type":"testimonial","link":"https:\/\/medicina.udd.cl\/icim\/testimonio\/andrei-florea-estudiante-de-medicina-7mo-ano-facultad-de-medicina-clinica-alemana-universidad-del-desarrollo\/","title":{"rendered":"Andrei Florea"},"content":{"rendered":"\n<p class=\"has-text-align-center\">\u00abHaber tenido la oportunidad de hacer una pasant\u00eda y trabajar en el ICIM fue una experiencia que marc\u00f3 y seguir\u00e1 marcando mi formaci\u00f3n como m\u00e9dico. Me permiti\u00f3 aprender y poner en pr\u00e1ctica distintos conceptos de los cuales se tiene un &#8216;mero&#8217; acercamiento durante la carrera. Al mismo tiempo, pude participar de estudios de investigaci\u00f3n, llevados a cabo por equipos multidisciplinarios, grandes profesionales que generan un impacto en la salud p\u00fablica chilena. No puedo dejar de agradecer la oportunidad y las herramientas que me entregaron para poder llevar a cabo un proyecto de investigaci\u00f3n, lo cual habr\u00eda sido algo impensado antes de llegar al ICIM. Sin lugar a dudas, ha sido una gran oportunidad de crecimiento en el \u00e1mbito profesional y personal\u00bb.<\/p>\n","protected":false},"featured_media":10221,"template":"","testimonial-categories":[15105],"class_list":["post-9010","testimonial","type-testimonial","status-publish","has-post-thumbnail","hentry"],"yoast_head":"<!-- This site is optimized with the Yoast SEO plugin v26.9 - https:\/\/yoast.com\/product\/yoast-seo-wordpress\/ -->\n<title>Andrei Florea - ICIM<\/title>\n<meta name=\"robots\" content=\"index, follow, max-snippet:-1, max-image-preview:large, max-video-preview:-1\" \/>\n<link rel=\"canonical\" href=\"https:\/\/medicina.udd.cl\/icim\/testimonio\/andrei-florea-estudiante-de-medicina-7mo-ano-facultad-de-medicina-clinica-alemana-universidad-del-desarrollo\/\" \/>\n<meta property=\"og:locale\" content=\"es_ES\" \/>\n<meta property=\"og:type\" content=\"article\" \/>\n<meta property=\"og:title\" content=\"Andrei Florea - ICIM\" \/>\n<meta property=\"og:description\" content=\"\u00abHaber tenido la oportunidad de hacer una pasant\u00eda y trabajar en el ICIM fue una experiencia que marc\u00f3 y seguir\u00e1 marcando mi formaci\u00f3n como m\u00e9dico. Me permiti\u00f3 aprender y poner en pr\u00e1ctica distintos conceptos de los cuales se tiene un &#8216;mero&#8217; acercamiento durante la carrera. Al mismo tiempo, pude participar de estudios de investigaci\u00f3n, llevados [&hellip;]\" \/>\n<meta property=\"og:url\" content=\"https:\/\/medicina.udd.cl\/icim\/testimonio\/andrei-florea-estudiante-de-medicina-7mo-ano-facultad-de-medicina-clinica-alemana-universidad-del-desarrollo\/\" \/>\n<meta property=\"og:site_name\" content=\"ICIM\" \/>\n<meta property=\"article:modified_time\" content=\"2022-03-09T18:19:03+00:00\" \/>\n<meta property=\"og:image\" content=\"https:\/\/medicina.udd.cl\/icim\/files\/2021\/01\/foto-Andrei.png\" \/>\n\t<meta property=\"og:image:width\" content=\"368\" \/>\n\t<meta property=\"og:image:height\" content=\"440\" \/>\n\t<meta property=\"og:image:type\" content=\"image\/png\" \/>\n<meta name=\"twitter:card\" content=\"summary_large_image\" \/>\n<meta name=\"twitter:label1\" content=\"Tiempo de lectura\" \/>\n\t<meta name=\"twitter:data1\" content=\"1 minuto\" \/>\n<script type=\"application\/ld+json\" class=\"yoast-schema-graph\">{\"@context\":\"https:\/\/schema.org\",\"@graph\":[{\"@type\":\"WebPage\",\"@id\":\"https:\/\/medicina.udd.cl\/icim\/testimonio\/andrei-florea-estudiante-de-medicina-7mo-ano-facultad-de-medicina-clinica-alemana-universidad-del-desarrollo\/\",\"url\":\"https:\/\/medicina.udd.cl\/icim\/testimonio\/andrei-florea-estudiante-de-medicina-7mo-ano-facultad-de-medicina-clinica-alemana-universidad-del-desarrollo\/\",\"name\":\"Andrei Florea - ICIM\",\"isPartOf\":{\"@id\":\"https:\/\/medicina.udd.cl\/icim\/#website\"},\"primaryImageOfPage\":{\"@id\":\"https:\/\/medicina.udd.cl\/icim\/testimonio\/andrei-florea-estudiante-de-medicina-7mo-ano-facultad-de-medicina-clinica-alemana-universidad-del-desarrollo\/#primaryimage\"},\"image\":{\"@id\":\"https:\/\/medicina.udd.cl\/icim\/testimonio\/andrei-florea-estudiante-de-medicina-7mo-ano-facultad-de-medicina-clinica-alemana-universidad-del-desarrollo\/#primaryimage\"},\"thumbnailUrl\":\"https:\/\/medicina.udd.cl\/icim\/files\/2021\/01\/foto-Andrei.png\",\"datePublished\":\"2021-01-29T15:45:54+00:00\",\"dateModified\":\"2022-03-09T18:19:03+00:00\",\"breadcrumb\":{\"@id\":\"https:\/\/medicina.udd.cl\/icim\/testimonio\/andrei-florea-estudiante-de-medicina-7mo-ano-facultad-de-medicina-clinica-alemana-universidad-del-desarrollo\/#breadcrumb\"},\"inLanguage\":\"es\",\"potentialAction\":[{\"@type\":\"ReadAction\",\"target\":[\"https:\/\/medicina.udd.cl\/icim\/testimonio\/andrei-florea-estudiante-de-medicina-7mo-ano-facultad-de-medicina-clinica-alemana-universidad-del-desarrollo\/\"]}]},{\"@type\":\"ImageObject\",\"inLanguage\":\"es\",\"@id\":\"https:\/\/medicina.udd.cl\/icim\/testimonio\/andrei-florea-estudiante-de-medicina-7mo-ano-facultad-de-medicina-clinica-alemana-universidad-del-desarrollo\/#primaryimage\",\"url\":\"https:\/\/medicina.udd.cl\/icim\/files\/2021\/01\/foto-Andrei.png\",\"contentUrl\":\"https:\/\/medicina.udd.cl\/icim\/files\/2021\/01\/foto-Andrei.png\",\"width\":368,\"height\":440},{\"@type\":\"BreadcrumbList\",\"@id\":\"https:\/\/medicina.udd.cl\/icim\/testimonio\/andrei-florea-estudiante-de-medicina-7mo-ano-facultad-de-medicina-clinica-alemana-universidad-del-desarrollo\/#breadcrumb\",\"itemListElement\":[{\"@type\":\"ListItem\",\"position\":1,\"name\":\"Inicio\",\"item\":\"https:\/\/medicina.udd.cl\/icim\/\"},{\"@type\":\"ListItem\",\"position\":2,\"name\":\"Testimonios\",\"item\":\"https:\/\/medicina.udd.cl\/icim\/testimonio\/\"},{\"@type\":\"ListItem\",\"position\":3,\"name\":\"Andrei Florea\"}]},{\"@type\":\"WebSite\",\"@id\":\"https:\/\/medicina.udd.cl\/icim\/#website\",\"url\":\"https:\/\/medicina.udd.cl\/icim\/\",\"name\":\"ICIM\",\"description\":\"Una iniciativa de Universidad del Desarrollo y Cl\u00ednica Alemana\",\"inLanguage\":\"es\"}]}<\/script>\n<!-- \/ Yoast SEO plugin. -->","yoast_head_json":{"title":"Andrei Florea - ICIM","robots":{"index":"index","follow":"follow","max-snippet":"max-snippet:-1","max-image-preview":"max-image-preview:large","max-video-preview":"max-video-preview:-1"},"canonical":"https:\/\/medicina.udd.cl\/icim\/testimonio\/andrei-florea-estudiante-de-medicina-7mo-ano-facultad-de-medicina-clinica-alemana-universidad-del-desarrollo\/","og_locale":"es_ES","og_type":"article","og_title":"Andrei Florea - ICIM","og_description":"\u00abHaber tenido la oportunidad de hacer una pasant\u00eda y trabajar en el ICIM fue una experiencia que marc\u00f3 y seguir\u00e1 marcando mi formaci\u00f3n como m\u00e9dico. Me permiti\u00f3 aprender y poner en pr\u00e1ctica distintos conceptos de los cuales se tiene un &#8216;mero&#8217; acercamiento durante la carrera. Al mismo tiempo, pude participar de estudios de investigaci\u00f3n, llevados [&hellip;]","og_url":"https:\/\/medicina.udd.cl\/icim\/testimonio\/andrei-florea-estudiante-de-medicina-7mo-ano-facultad-de-medicina-clinica-alemana-universidad-del-desarrollo\/","og_site_name":"ICIM","article_modified_time":"2022-03-09T18:19:03+00:00","og_image":[{"width":368,"height":440,"url":"https:\/\/medicina.udd.cl\/icim\/files\/2021\/01\/foto-Andrei.png","type":"image\/png"}],"twitter_card":"summary_large_image","twitter_misc":{"Tiempo de lectura":"1 minuto"},"schema":{"@context":"https:\/\/schema.org","@graph":[{"@type":"WebPage","@id":"https:\/\/medicina.udd.cl\/icim\/testimonio\/andrei-florea-estudiante-de-medicina-7mo-ano-facultad-de-medicina-clinica-alemana-universidad-del-desarrollo\/","url":"https:\/\/medicina.udd.cl\/icim\/testimonio\/andrei-florea-estudiante-de-medicina-7mo-ano-facultad-de-medicina-clinica-alemana-universidad-del-desarrollo\/","name":"Andrei Florea - ICIM","isPartOf":{"@id":"https:\/\/medicina.udd.cl\/icim\/#website"},"primaryImageOfPage":{"@id":"https:\/\/medicina.udd.cl\/icim\/testimonio\/andrei-florea-estudiante-de-medicina-7mo-ano-facultad-de-medicina-clinica-alemana-universidad-del-desarrollo\/#primaryimage"},"image":{"@id":"https:\/\/medicina.udd.cl\/icim\/testimonio\/andrei-florea-estudiante-de-medicina-7mo-ano-facultad-de-medicina-clinica-alemana-universidad-del-desarrollo\/#primaryimage"},"thumbnailUrl":"https:\/\/medicina.udd.cl\/icim\/files\/2021\/01\/foto-Andrei.png","datePublished":"2021-01-29T15:45:54+00:00","dateModified":"2022-03-09T18:19:03+00:00","breadcrumb":{"@id":"https:\/\/medicina.udd.cl\/icim\/testimonio\/andrei-florea-estudiante-de-medicina-7mo-ano-facultad-de-medicina-clinica-alemana-universidad-del-desarrollo\/#breadcrumb"},"inLanguage":"es","potentialAction":[{"@type":"ReadAction","target":["https:\/\/medicina.udd.cl\/icim\/testimonio\/andrei-florea-estudiante-de-medicina-7mo-ano-facultad-de-medicina-clinica-alemana-universidad-del-desarrollo\/"]}]},{"@type":"ImageObject","inLanguage":"es","@id":"https:\/\/medicina.udd.cl\/icim\/testimonio\/andrei-florea-estudiante-de-medicina-7mo-ano-facultad-de-medicina-clinica-alemana-universidad-del-desarrollo\/#primaryimage","url":"https:\/\/medicina.udd.cl\/icim\/files\/2021\/01\/foto-Andrei.png","contentUrl":"https:\/\/medicina.udd.cl\/icim\/files\/2021\/01\/foto-Andrei.png","width":368,"height":440},{"@type":"BreadcrumbList","@id":"https:\/\/medicina.udd.cl\/icim\/testimonio\/andrei-florea-estudiante-de-medicina-7mo-ano-facultad-de-medicina-clinica-alemana-universidad-del-desarrollo\/#breadcrumb","itemListElement":[{"@type":"ListItem","position":1,"name":"Inicio","item":"https:\/\/medicina.udd.cl\/icim\/"},{"@type":"ListItem","position":2,"name":"Testimonios","item":"https:\/\/medicina.udd.cl\/icim\/testimonio\/"},{"@type":"ListItem","position":3,"name":"Andrei Florea"}]},{"@type":"WebSite","@id":"https:\/\/medicina.udd.cl\/icim\/#website","url":"https:\/\/medicina.udd.cl\/icim\/","name":"ICIM","description":"Una iniciativa de Universidad del Desarrollo y Cl\u00ednica Alemana","inLanguage":"es"}]}},"_links":{"self":[{"href":"https:\/\/medicina.udd.cl\/icim\/wp-json\/wp\/v2\/testimonials\/9010","targetHints":{"allow":["GET"]}}],"collection":[{"href":"https:\/\/medicina.udd.cl\/icim\/wp-json\/wp\/v2\/testimonials"}],"about":[{"href":"https:\/\/medicina.udd.cl\/icim\/wp-json\/wp\/v2\/types\/testimonial"}],"wp:featuredmedia":[{"embeddable":true,"href":"https:\/\/medicina.udd.cl\/icim\/wp-json\/wp\/v2\/media\/10221"}],"wp:attachment":[{"href":"https:\/\/medicina.udd.cl\/icim\/wp-json\/wp\/v2\/media?parent=9010"}],"wp:term":[{"taxonomy":"testimonial_category","embeddable":true,"href":"https:\/\/medicina.udd.cl\/icim\/wp-json\/wp\/v2\/testimonial-categories?post=9010"}],"curies":[{"name":"wp","href":"https:\/\/api.w.org\/{rel}","templated":true}]}}

<p class="has-text-align-center">«Haber tenido la oportunidad de hacer una pasantía y trabajar en el ICIM fue una experiencia que marcó y seguirá marcando mi formación como médico. Me permitió aprender y poner en práctica distintos conceptos de los cuales se tiene un &#8216;mero&#8217; acercamiento durante la carrera. Al mismo tiempo, pude participar de estudios de investigación, llevados a cabo por equipos multidisciplinarios, grandes profesionales que generan un impacto en la salud pública chilena. No puedo dejar de agradecer la oportunidad y las herramientas que me entregaron para poder llevar a cabo un proyecto de investigación, lo cual habría sido algo impensado antes de llegar al ICIM. Sin lugar a dudas, ha sido una gran oportunidad de crecimiento en el ámbito profesional y personal».</p>

<!-- This site is optimized with the Yoast SEO plugin v26.9 - https://yoast.com/product/yoast-seo-wordpress/ -->
<title>Andrei Florea - ICIM</title>
<meta name="robots" content="index, follow, max-snippet:-1, max-image-preview:large, max-video-preview:-1" />
<link rel="canonical" href="https://medicina.udd.cl/icim/testimonio/andrei-florea-estudiante-de-medicina-7mo-ano-facultad-de-medicina-clinica-alemana-universidad-del-desarrollo/" />
<meta property="og:locale" content="es_ES" />
<meta property="og:type" content="article" />
<meta property="og:title" content="Andrei Florea - ICIM" />
<meta property="og:description" content="«Haber tenido la oportunidad de hacer una pasantía y trabajar en el ICIM fue una experiencia que marcó y seguirá marcando mi formación como médico. Me permitió aprender y poner en práctica distintos conceptos de los cuales se tiene un &#8216;mero&#8217; acercamiento durante la carrera. Al mismo tiempo, pude participar de estudios de investigación, llevados [&hellip;]" />
<meta property="og:url" content="https://medicina.udd.cl/icim/testimonio/andrei-florea-estudiante-de-medicina-7mo-ano-facultad-de-medicina-clinica-alemana-universidad-del-desarrollo/" />
<meta property="og:site_name" content="ICIM" />
<meta property="article:modified_time" content="2022-03-09T18:19:03+00:00" />
<meta property="og:image" content="https://medicina.udd.cl/icim/files/2021/01/foto-Andrei.png" />
	<meta property="og:image:width" content="368" />
	<meta property="og:image:height" content="440" />
	<meta property="og:image:type" content="image/png" />
<meta name="twitter:card" content="summary_large_image" />
<meta name="twitter:label1" content="Tiempo de lectura" />
	<meta name="twitter:data1" content="1 minuto" />
<script type="application/ld+json" class="yoast-schema-graph">{"@context":"https://schema.org","@graph":[{"@type":"WebPage","@id":"https://medicina.udd.cl/icim/testimonio/andrei-florea-estudiante-de-medicina-7mo-ano-facultad-de-medicina-clinica-alemana-universidad-del-desarrollo/","url":"https://medicina.udd.cl/icim/testimonio/andrei-florea-estudiante-de-medicina-7mo-ano-facultad-de-medicina-clinica-alemana-universidad-del-desarrollo/","name":"Andrei Florea - ICIM","isPartOf":{"@id":"https://medicina.udd.cl/icim/#website"},"primaryImageOfPage":{"@id":"https://medicina.udd.cl/icim/testimonio/andrei-florea-estudiante-de-medicina-7mo-ano-facultad-de-medicina-clinica-alemana-universidad-del-desarrollo/#primaryimage"},"image":{"@id":"https://medicina.udd.cl/icim/testimonio/andrei-florea-estudiante-de-medicina-7mo-ano-facultad-de-medicina-clinica-alemana-universidad-del-desarrollo/#primaryimage"},"thumbnailUrl":"https://medicina.udd.cl/icim/files/2021/01/foto-Andrei.png","datePublished":"2021-01-29T15:45:54+00:00","dateModified":"2022-03-09T18:19:03+00:00","breadcrumb":{"@id":"https://medicina.udd.cl/icim/testimonio/andrei-florea-estudiante-de-medicina-7mo-ano-facultad-de-medicina-clinica-alemana-universidad-del-desarrollo/#breadcrumb"},"inLanguage":"es","potentialAction":[{"@type":"ReadAction","target":["https://medicina.udd.cl/icim/testimonio/andrei-florea-estudiante-de-medicina-7mo-ano-facultad-de-medicina-clinica-alemana-universidad-del-desarrollo/"]}]},{"@type":"ImageObject","inLanguage":"es","@id":"https://medicina.udd.cl/icim/testimonio/andrei-florea-estudiante-de-medicina-7mo-ano-facultad-de-medicina-clinica-alemana-universidad-del-desarrollo/#primaryimage","url":"https://medicina.udd.cl/icim/files/2021/01/foto-Andrei.png","contentUrl":"https://medicina.udd.cl/icim/files/2021/01/foto-Andrei.png","width":368,"height":440},{"@type":"BreadcrumbList","@id":"https://medicina.udd.cl/icim/testimonio/andrei-florea-estudiante-de-medicina-7mo-ano-facultad-de-medicina-clinica-alemana-universidad-del-desarrollo/#breadcrumb","itemListElement":[{"@type":"ListItem","position":1,"name":"Inicio","item":"https://medicina.udd.cl/icim/"},{"@type":"ListItem","position":2,"name":"Testimonios","item":"https://medicina.udd.cl/icim/testimonio/"},{"@type":"ListItem","position":3,"name":"Andrei Florea"}]},{"@type":"WebSite","@id":"https://medicina.udd.cl/icim/#website","url":"https://medicina.udd.cl/icim/","name":"ICIM","description":"Una iniciativa de Universidad del Desarrollo y Clínica Alemana","inLanguage":"es"}]}</script>
<!-- / Yoast SEO plugin. -->

«Haber tenido la oportunidad de hacer una pasantía y trabajar en el ICIM fue una experiencia que marcó y seguirá marcando mi formación como médico. Me permitió aprender y poner en práctica distintos conceptos de los cuales se tiene un &#8216;mero&#8217; acercamiento durante la carrera. Al mismo tiempo, pude participar de estudios de investigación, llevados [&hellip;]

Una iniciativa de Universidad del Desarrollo y Clínica Alemana
