{"id":105,"date":"2025-09-05T14:24:50","date_gmt":"2025-09-05T18:24:50","guid":{"rendered":"https:\/\/medicina.udd.cl\/innovatm\/?page_id=105"},"modified":"2025-09-29T10:55:46","modified_gmt":"2025-09-29T13:55:46","slug":"noticias-y-eventos","status":"publish","type":"page","link":"https:\/\/medicina.udd.cl\/innovatm\/noticias-y-eventos\/","title":{"rendered":"Noticias y eventos"},"content":{"rendered":"<section class=\"wp-block-udd-featured-link\">\n\t<div class=\"container\">\n\t\t<div class=\"featured-link\">\n\t\t\t\t\t\t<div class=\"featured-link__media\">\n\t\t\t<a href=\"https:\/\/www.alemanacursos.cl\/XXII-Jornadas-Tecnolog%C3%ADa-Medica.php\" data-url=\"https:\/\/www.alemanacursos.cl\/XXII-Jornadas-Tecnolog%C3%ADa-Medica.php\">\n\t\t\t\t\t<img loading=\"lazy\" decoding=\"async\" width=\"680\" height=\"382\" src=\"https:\/\/medicina.udd.cl\/innovatm\/files\/2025\/09\/afiche_tecnologiamedica-22-08_page-0001-1-680x382.jpg\" class=\"featured-link__media-image lazyload\" alt=\"\" sizes=\"auto, (max-width: 680px) 100vw, 680px\" data-src=\"https:\/\/medicina.udd.cl\/innovatm\/files\/2025\/09\/afiche_tecnologiamedica-22-08_page-0001-1-680x382.jpg\" data-srcset=\"https:\/\/medicina.udd.cl\/innovatm\/files\/2025\/09\/afiche_tecnologiamedica-22-08_page-0001-1-680x382.jpg 680w, https:\/\/medicina.udd.cl\/innovatm\/files\/2025\/09\/afiche_tecnologiamedica-22-08_page-0001-1-952x534.jpg 952w\" \/>\t\t\t\t<\/a>\n\t\t\t<\/div>\n\t\t\t\t\t\t<div class=\"featured-link__content\">\n\t\t\t\t\t\t\t\t<h4 class=\"featured-link__epigraph\">\n\t\t\t\t\t7 Y 8 DE NOVIEMBRE 2025\t\t\t\t<\/h4>\n\t\t\t\t\t\t\t\t\t\t\t\t\t<h3 class=\"featured-link__title\">\n\t\t\t\t\t\t<a data-url=\"https:\/\/www.alemanacursos.cl\/XXII-Jornadas-Tecnolog%C3%ADa-Medica.php\" href=\"https:\/\/www.alemanacursos.cl\/XXII-Jornadas-Tecnolog%C3%ADa-Medica.php\">\n\t\t\t\t\t\t\tXXII Jornadas de Tecnolog\u00eda M\u00e9dica en Im\u00e1genes de Cl\u00ednica Alemana Santiago\t\t\t\t\t\t<\/a>\n\t\t\t\t\t<\/h3>\n\t\t\t\t\t\t\t\t\t\t\t\t\t\t\t\t\t\t\t\t<a href=\"https:\/\/www.alemanacursos.cl\/XXII-Jornadas-Tecnolog%C3%ADa-Medica.php\" data-url=\"https:\/\/www.alemanacursos.cl\/XXII-Jornadas-Tecnolog%C3%ADa-Medica.php\"\n\t\t\t\t\t class=\"featured-link__more\"\t\t\t\t>\n\t\t\t\t\tConocer m\u00e1s\t\t\t\t<\/a>\n\t\t\t\t\t\t\t<\/div>\n\t\t<\/div>\n\t<\/div>\n<\/section>\n\n\n\n<figure class=\"wp-block-image aligncenter size-large is-resized\"><img loading=\"lazy\" decoding=\"async\" width=\"724\" height=\"1024\" src=\"https:\/\/medicina.udd.cl\/innovatm\/files\/2025\/09\/tm-jornada-cas-trabajos-cientificos-724x1024.jpg\" alt=\"\" class=\"wp-image-257\" style=\"width:618px;height:auto\" srcset=\"https:\/\/medicina.udd.cl\/innovatm\/files\/2025\/09\/tm-jornada-cas-trabajos-cientificos-724x1024.jpg 724w, https:\/\/medicina.udd.cl\/innovatm\/files\/2025\/09\/tm-jornada-cas-trabajos-cientificos-212x300.jpg 212w, https:\/\/medicina.udd.cl\/innovatm\/files\/2025\/09\/tm-jornada-cas-trabajos-cientificos-768x1086.jpg 768w, https:\/\/medicina.udd.cl\/innovatm\/files\/2025\/09\/tm-jornada-cas-trabajos-cientificos-1086x1536.jpg 1086w, https:\/\/medicina.udd.cl\/innovatm\/files\/2025\/09\/tm-jornada-cas-trabajos-cientificos.jpg 1131w\" sizes=\"auto, (max-width: 724px) 100vw, 724px\" \/><\/figure>\n\n\n\n<h2 class=\"wp-block-heading\"><strong>PR\u00d3XIMAMENTE<\/strong><\/h2>\n\n\n\n<p><strong>1.- Video C\u00e1psulas:<\/strong><\/p>\n\n\n\n<p><strong>Programaci\u00f3n y Aplicaciones de IA en Tecnolog\u00eda M\u00e9dica.<\/strong><\/p>\n\n\n\n<p><strong>Dr. Pablo B\u00e1ez.<\/strong><\/p>\n\n\n\n<figure class=\"wp-block-image size-full\"><img loading=\"lazy\" decoding=\"async\" width=\"455\" height=\"304\" src=\"https:\/\/medicina.udd.cl\/innovatm\/files\/2025\/09\/programacion.jpeg\" alt=\"\" class=\"wp-image-250\" srcset=\"https:\/\/medicina.udd.cl\/innovatm\/files\/2025\/09\/programacion.jpeg 455w, https:\/\/medicina.udd.cl\/innovatm\/files\/2025\/09\/programacion-300x200.jpeg 300w\" sizes=\"auto, (max-width: 455px) 100vw, 455px\" \/><\/figure>\n\n\n\n<p><strong>2.- Webinar:<\/strong><\/p>\n\n\n\n<p><strong>Uso de herramientas IA en Canvas, para apoyo a la docencia.<\/strong><\/p>\n\n\n\n<p><strong>TM Marco Jim\u00e9nez.<\/strong><\/p>\n\n\n\n<figure class=\"wp-block-image size-full\"><img loading=\"lazy\" decoding=\"async\" width=\"455\" height=\"304\" src=\"http:\/\/medicina.udd.cl\/innovatm\/files\/2025\/09\/programacion.jpeg\" alt=\"\" class=\"wp-image-250\" srcset=\"https:\/\/medicina.udd.cl\/innovatm\/files\/2025\/09\/programacion.jpeg 455w, https:\/\/medicina.udd.cl\/innovatm\/files\/2025\/09\/programacion-300x200.jpeg 300w\" sizes=\"auto, (max-width: 455px) 100vw, 455px\" \/><\/figure>\n","protected":false},"excerpt":{"rendered":"<p>PR\u00d3XIMAMENTE 1.- Video C\u00e1psulas: Programaci\u00f3n y Aplicaciones de IA en Tecnolog\u00eda M\u00e9dica. Dr. Pablo B\u00e1ez. 2.- Webinar: Uso de herramientas IA en Canvas, para apoyo a la docencia. TM Marco Jim\u00e9nez.<\/p>\n","protected":false},"author":9192254,"featured_media":0,"parent":0,"menu_order":0,"comment_status":"closed","ping_status":"closed","template":"","meta":{"footnotes":""},"class_list":["post-105","page","type-page","status-publish","hentry"],"yoast_head":"<!-- This site is optimized with the Yoast SEO plugin v26.9 - https:\/\/yoast.com\/product\/yoast-seo-wordpress\/ -->\n<title>Noticias y eventos - Innova Tecnolog\u00eda M\u00e9dica<\/title>\n<meta name=\"robots\" content=\"index, follow, max-snippet:-1, max-image-preview:large, max-video-preview:-1\" \/>\n<link rel=\"canonical\" href=\"https:\/\/medicina.udd.cl\/innovatm\/noticias-y-eventos\/\" \/>\n<meta property=\"og:locale\" content=\"es_ES\" \/>\n<meta property=\"og:type\" content=\"article\" \/>\n<meta property=\"og:title\" content=\"Noticias y eventos - Innova Tecnolog\u00eda M\u00e9dica\" \/>\n<meta property=\"og:description\" content=\"PR\u00d3XIMAMENTE 1.- Video C\u00e1psulas: Programaci\u00f3n y Aplicaciones de IA en Tecnolog\u00eda M\u00e9dica. Dr. Pablo B\u00e1ez. 2.- Webinar: Uso de herramientas IA en Canvas, para apoyo a la docencia. TM Marco Jim\u00e9nez.\" \/>\n<meta property=\"og:url\" content=\"https:\/\/medicina.udd.cl\/innovatm\/noticias-y-eventos\/\" \/>\n<meta property=\"og:site_name\" content=\"Innova Tecnolog\u00eda M\u00e9dica\" \/>\n<meta property=\"article:modified_time\" content=\"2025-09-29T13:55:46+00:00\" \/>\n<meta property=\"og:image\" content=\"https:\/\/medicina.udd.cl\/innovatm\/files\/2025\/09\/tm-jornada-cas-trabajos-cientificos-724x1024.jpg\" \/>\n<meta name=\"twitter:card\" content=\"summary_large_image\" \/>\n<meta name=\"twitter:label1\" content=\"Tiempo de lectura\" \/>\n\t<meta name=\"twitter:data1\" content=\"1 minuto\" \/>\n<script type=\"application\/ld+json\" class=\"yoast-schema-graph\">{\"@context\":\"https:\/\/schema.org\",\"@graph\":[{\"@type\":\"WebPage\",\"@id\":\"https:\/\/medicina.udd.cl\/innovatm\/noticias-y-eventos\/\",\"url\":\"https:\/\/medicina.udd.cl\/innovatm\/noticias-y-eventos\/\",\"name\":\"Noticias y eventos - Innova Tecnolog\u00eda M\u00e9dica\",\"isPartOf\":{\"@id\":\"https:\/\/medicina.udd.cl\/innovatm\/#website\"},\"primaryImageOfPage\":{\"@id\":\"https:\/\/medicina.udd.cl\/innovatm\/noticias-y-eventos\/#primaryimage\"},\"image\":{\"@id\":\"https:\/\/medicina.udd.cl\/innovatm\/noticias-y-eventos\/#primaryimage\"},\"thumbnailUrl\":\"https:\/\/medicina.udd.cl\/innovatm\/files\/2025\/09\/tm-jornada-cas-trabajos-cientificos-724x1024.jpg\",\"datePublished\":\"2025-09-05T18:24:50+00:00\",\"dateModified\":\"2025-09-29T13:55:46+00:00\",\"inLanguage\":\"es\",\"potentialAction\":[{\"@type\":\"ReadAction\",\"target\":[\"https:\/\/medicina.udd.cl\/innovatm\/noticias-y-eventos\/\"]}]},{\"@type\":\"ImageObject\",\"inLanguage\":\"es\",\"@id\":\"https:\/\/medicina.udd.cl\/innovatm\/noticias-y-eventos\/#primaryimage\",\"url\":\"https:\/\/medicina.udd.cl\/innovatm\/files\/2025\/09\/tm-jornada-cas-trabajos-cientificos.jpg\",\"contentUrl\":\"https:\/\/medicina.udd.cl\/innovatm\/files\/2025\/09\/tm-jornada-cas-trabajos-cientificos.jpg\",\"width\":1131,\"height\":1600},{\"@type\":\"WebSite\",\"@id\":\"https:\/\/medicina.udd.cl\/innovatm\/#website\",\"url\":\"https:\/\/medicina.udd.cl\/innovatm\/\",\"name\":\"Innova Tecnolog\u00eda M\u00e9dica\",\"description\":\"\",\"inLanguage\":\"es\"}]}<\/script>\n<!-- \/ Yoast SEO plugin. -->","yoast_head_json":{"title":"Noticias y eventos - Innova Tecnolog\u00eda M\u00e9dica","robots":{"index":"index","follow":"follow","max-snippet":"max-snippet:-1","max-image-preview":"max-image-preview:large","max-video-preview":"max-video-preview:-1"},"canonical":"https:\/\/medicina.udd.cl\/innovatm\/noticias-y-eventos\/","og_locale":"es_ES","og_type":"article","og_title":"Noticias y eventos - Innova Tecnolog\u00eda M\u00e9dica","og_description":"PR\u00d3XIMAMENTE 1.- Video C\u00e1psulas: Programaci\u00f3n y Aplicaciones de IA en Tecnolog\u00eda M\u00e9dica. Dr. Pablo B\u00e1ez. 2.- Webinar: Uso de herramientas IA en Canvas, para apoyo a la docencia. TM Marco Jim\u00e9nez.","og_url":"https:\/\/medicina.udd.cl\/innovatm\/noticias-y-eventos\/","og_site_name":"Innova Tecnolog\u00eda M\u00e9dica","article_modified_time":"2025-09-29T13:55:46+00:00","og_image":[{"url":"https:\/\/medicina.udd.cl\/innovatm\/files\/2025\/09\/tm-jornada-cas-trabajos-cientificos-724x1024.jpg","type":"","width":"","height":""}],"twitter_card":"summary_large_image","twitter_misc":{"Tiempo de lectura":"1 minuto"},"schema":{"@context":"https:\/\/schema.org","@graph":[{"@type":"WebPage","@id":"https:\/\/medicina.udd.cl\/innovatm\/noticias-y-eventos\/","url":"https:\/\/medicina.udd.cl\/innovatm\/noticias-y-eventos\/","name":"Noticias y eventos - Innova Tecnolog\u00eda M\u00e9dica","isPartOf":{"@id":"https:\/\/medicina.udd.cl\/innovatm\/#website"},"primaryImageOfPage":{"@id":"https:\/\/medicina.udd.cl\/innovatm\/noticias-y-eventos\/#primaryimage"},"image":{"@id":"https:\/\/medicina.udd.cl\/innovatm\/noticias-y-eventos\/#primaryimage"},"thumbnailUrl":"https:\/\/medicina.udd.cl\/innovatm\/files\/2025\/09\/tm-jornada-cas-trabajos-cientificos-724x1024.jpg","datePublished":"2025-09-05T18:24:50+00:00","dateModified":"2025-09-29T13:55:46+00:00","inLanguage":"es","potentialAction":[{"@type":"ReadAction","target":["https:\/\/medicina.udd.cl\/innovatm\/noticias-y-eventos\/"]}]},{"@type":"ImageObject","inLanguage":"es","@id":"https:\/\/medicina.udd.cl\/innovatm\/noticias-y-eventos\/#primaryimage","url":"https:\/\/medicina.udd.cl\/innovatm\/files\/2025\/09\/tm-jornada-cas-trabajos-cientificos.jpg","contentUrl":"https:\/\/medicina.udd.cl\/innovatm\/files\/2025\/09\/tm-jornada-cas-trabajos-cientificos.jpg","width":1131,"height":1600},{"@type":"WebSite","@id":"https:\/\/medicina.udd.cl\/innovatm\/#website","url":"https:\/\/medicina.udd.cl\/innovatm\/","name":"Innova Tecnolog\u00eda M\u00e9dica","description":"","inLanguage":"es"}]}},"_links":{"self":[{"href":"https:\/\/medicina.udd.cl\/innovatm\/wp-json\/wp\/v2\/pages\/105","targetHints":{"allow":["GET"]}}],"collection":[{"href":"https:\/\/medicina.udd.cl\/innovatm\/wp-json\/wp\/v2\/pages"}],"about":[{"href":"https:\/\/medicina.udd.cl\/innovatm\/wp-json\/wp\/v2\/types\/page"}],"author":[{"embeddable":true,"href":"https:\/\/medicina.udd.cl\/innovatm\/wp-json\/wp\/v2\/users\/9192254"}],"replies":[{"embeddable":true,"href":"https:\/\/medicina.udd.cl\/innovatm\/wp-json\/wp\/v2\/comments?post=105"}],"version-history":[{"count":7,"href":"https:\/\/medicina.udd.cl\/innovatm\/wp-json\/wp\/v2\/pages\/105\/revisions"}],"predecessor-version":[{"id":258,"href":"https:\/\/medicina.udd.cl\/innovatm\/wp-json\/wp\/v2\/pages\/105\/revisions\/258"}],"wp:attachment":[{"href":"https:\/\/medicina.udd.cl\/innovatm\/wp-json\/wp\/v2\/media?parent=105"}],"curies":[{"name":"wp","href":"https:\/\/api.w.org\/{rel}","templated":true}]}}

<section class="wp-block-udd-featured-link">
	<div class="container">
		<div class="featured-link">
						<div class="featured-link__media">
			<a href="https://www.alemanacursos.cl/XXII-Jornadas-Tecnolog%C3%ADa-Medica.php" data-url="https://www.alemanacursos.cl/XXII-Jornadas-Tecnolog%C3%ADa-Medica.php">
					<img loading="lazy" decoding="async" width="680" height="382" src="https://medicina.udd.cl/innovatm/files/2025/09/afiche_tecnologiamedica-22-08_page-0001-1-680x382.jpg" class="featured-link__media-image lazyload" alt="" sizes="auto, (max-width: 680px) 100vw, 680px" data-src="https://medicina.udd.cl/innovatm/files/2025/09/afiche_tecnologiamedica-22-08_page-0001-1-680x382.jpg" data-srcset="https://medicina.udd.cl/innovatm/files/2025/09/afiche_tecnologiamedica-22-08_page-0001-1-680x382.jpg 680w, https://medicina.udd.cl/innovatm/files/2025/09/afiche_tecnologiamedica-22-08_page-0001-1-952x534.jpg 952w" />				</a>
			</div>
						<div class="featured-link__content">
								<h4 class="featured-link__epigraph">
					7 Y 8 DE NOVIEMBRE 2025				</h4>
													<h3 class="featured-link__title">
						<a data-url="https://www.alemanacursos.cl/XXII-Jornadas-Tecnolog%C3%ADa-Medica.php" href="https://www.alemanacursos.cl/XXII-Jornadas-Tecnolog%C3%ADa-Medica.php">
							XXII Jornadas de Tecnología Médica en Imágenes de Clínica Alemana Santiago						</a>
					</h3>
																				<a href="https://www.alemanacursos.cl/XXII-Jornadas-Tecnolog%C3%ADa-Medica.php" data-url="https://www.alemanacursos.cl/XXII-Jornadas-Tecnolog%C3%ADa-Medica.php"
					 class="featured-link__more"				>
					Conocer más				</a>
							</div>
		</div>
	</div>
</section>



<figure class="wp-block-image aligncenter size-large is-resized"><img loading="lazy" decoding="async" width="724" height="1024" src="https://medicina.udd.cl/innovatm/files/2025/09/tm-jornada-cas-trabajos-cientificos-724x1024.jpg" alt="" class="wp-image-257" style="width:618px;height:auto" srcset="https://medicina.udd.cl/innovatm/files/2025/09/tm-jornada-cas-trabajos-cientificos-724x1024.jpg 724w, https://medicina.udd.cl/innovatm/files/2025/09/tm-jornada-cas-trabajos-cientificos-212x300.jpg 212w, https://medicina.udd.cl/innovatm/files/2025/09/tm-jornada-cas-trabajos-cientificos-768x1086.jpg 768w, https://medicina.udd.cl/innovatm/files/2025/09/tm-jornada-cas-trabajos-cientificos-1086x1536.jpg 1086w, https://medicina.udd.cl/innovatm/files/2025/09/tm-jornada-cas-trabajos-cientificos.jpg 1131w" sizes="auto, (max-width: 724px) 100vw, 724px" /></figure>



<h2 class="wp-block-heading"><strong>PRÓXIMAMENTE</strong></h2>



<p><strong>1.- Video Cápsulas:</strong></p>



<p><strong>Programación y Aplicaciones de IA en Tecnología Médica.</strong></p>



<p><strong>Dr. Pablo Báez.</strong></p>



<figure class="wp-block-image size-full"><img loading="lazy" decoding="async" width="455" height="304" src="https://medicina.udd.cl/innovatm/files/2025/09/programacion.jpeg" alt="" class="wp-image-250" srcset="https://medicina.udd.cl/innovatm/files/2025/09/programacion.jpeg 455w, https://medicina.udd.cl/innovatm/files/2025/09/programacion-300x200.jpeg 300w" sizes="auto, (max-width: 455px) 100vw, 455px" /></figure>



<p><strong>2.- Webinar:</strong></p>



<p><strong>Uso de herramientas IA en Canvas, para apoyo a la docencia.</strong></p>



<p><strong>TM Marco Jiménez.</strong></p>



<figure class="wp-block-image size-full"><img loading="lazy" decoding="async" width="455" height="304" src="http://medicina.udd.cl/innovatm/files/2025/09/programacion.jpeg" alt="" class="wp-image-250" srcset="https://medicina.udd.cl/innovatm/files/2025/09/programacion.jpeg 455w, https://medicina.udd.cl/innovatm/files/2025/09/programacion-300x200.jpeg 300w" sizes="auto, (max-width: 455px) 100vw, 455px" /></figure>

<p>PRÓXIMAMENTE 1.- Video Cápsulas: Programación y Aplicaciones de IA en Tecnología Médica. Dr. Pablo Báez. 2.- Webinar: Uso de herramientas IA en Canvas, para apoyo a la docencia. TM Marco Jiménez.</p>

<!-- This site is optimized with the Yoast SEO plugin v26.9 - https://yoast.com/product/yoast-seo-wordpress/ -->
<title>Noticias y eventos - Innova Tecnología Médica</title>
<meta name="robots" content="index, follow, max-snippet:-1, max-image-preview:large, max-video-preview:-1" />
<link rel="canonical" href="https://medicina.udd.cl/innovatm/noticias-y-eventos/" />
<meta property="og:locale" content="es_ES" />
<meta property="og:type" content="article" />
<meta property="og:title" content="Noticias y eventos - Innova Tecnología Médica" />
<meta property="og:description" content="PRÓXIMAMENTE 1.- Video Cápsulas: Programación y Aplicaciones de IA en Tecnología Médica. Dr. Pablo Báez. 2.- Webinar: Uso de herramientas IA en Canvas, para apoyo a la docencia. TM Marco Jiménez." />
<meta property="og:url" content="https://medicina.udd.cl/innovatm/noticias-y-eventos/" />
<meta property="og:site_name" content="Innova Tecnología Médica" />
<meta property="article:modified_time" content="2025-09-29T13:55:46+00:00" />
<meta property="og:image" content="https://medicina.udd.cl/innovatm/files/2025/09/tm-jornada-cas-trabajos-cientificos-724x1024.jpg" />
<meta name="twitter:card" content="summary_large_image" />
<meta name="twitter:label1" content="Tiempo de lectura" />
	<meta name="twitter:data1" content="1 minuto" />
<script type="application/ld+json" class="yoast-schema-graph">{"@context":"https://schema.org","@graph":[{"@type":"WebPage","@id":"https://medicina.udd.cl/innovatm/noticias-y-eventos/","url":"https://medicina.udd.cl/innovatm/noticias-y-eventos/","name":"Noticias y eventos - Innova Tecnología Médica","isPartOf":{"@id":"https://medicina.udd.cl/innovatm/#website"},"primaryImageOfPage":{"@id":"https://medicina.udd.cl/innovatm/noticias-y-eventos/#primaryimage"},"image":{"@id":"https://medicina.udd.cl/innovatm/noticias-y-eventos/#primaryimage"},"thumbnailUrl":"https://medicina.udd.cl/innovatm/files/2025/09/tm-jornada-cas-trabajos-cientificos-724x1024.jpg","datePublished":"2025-09-05T18:24:50+00:00","dateModified":"2025-09-29T13:55:46+00:00","inLanguage":"es","potentialAction":[{"@type":"ReadAction","target":["https://medicina.udd.cl/innovatm/noticias-y-eventos/"]}]},{"@type":"ImageObject","inLanguage":"es","@id":"https://medicina.udd.cl/innovatm/noticias-y-eventos/#primaryimage","url":"https://medicina.udd.cl/innovatm/files/2025/09/tm-jornada-cas-trabajos-cientificos.jpg","contentUrl":"https://medicina.udd.cl/innovatm/files/2025/09/tm-jornada-cas-trabajos-cientificos.jpg","width":1131,"height":1600},{"@type":"WebSite","@id":"https://medicina.udd.cl/innovatm/#website","url":"https://medicina.udd.cl/innovatm/","name":"Innova Tecnología Médica","description":"","inLanguage":"es"}]}</script>
<!-- / Yoast SEO plugin. -->

Noticias y eventos - Innova Tecnología Médica

PRÓXIMAMENTE 1.- Video Cápsulas: Programación y Aplicaciones de IA en Tecnología Médica. Dr. Pablo Báez. 2.- Webinar: Uso de herramientas IA en Canvas, para apoyo a la docencia. TM Marco Jiménez.

Innova Tecnología Médica
