{"id":31,"date":"2025-09-04T14:39:37","date_gmt":"2025-09-04T18:39:37","guid":{"rendered":"https:\/\/medicina.udd.cl\/innovatm\/?page_id=31"},"modified":"2025-09-05T14:49:15","modified_gmt":"2025-09-05T18:49:15","slug":"valores-y-vision","status":"publish","type":"page","link":"https:\/\/medicina.udd.cl\/innovatm\/valores-y-vision\/","title":{"rendered":"Valores y visi\u00f3n"},"content":{"rendered":"\n<p><strong>Valores<\/strong><\/p>\n\n\n\n<ul class=\"wp-block-list\">\n<li><strong>Colaboraci\u00f3n:<\/strong> Fomentar la uni\u00f3n de ideas y el trabajo en equipo entre generaciones y roles (docentes, alumnos y exalumnos).&nbsp;<\/li>\n\n\n\n<li><strong>Innovaci\u00f3n:<\/strong> Promover soluciones disruptivas que transformen la educaci\u00f3n y la pr\u00e1ctica de la tecnolog\u00eda m\u00e9dica.&nbsp;<\/li>\n\n\n\n<li><strong>Excelencia:<\/strong> Mantener altos est\u00e1ndares de calidad acad\u00e9mica, \u00e9tica y cient\u00edfica en cada proyecto.&nbsp;<\/li>\n\n\n\n<li><strong>Compromiso social:<\/strong> Desarrollar iniciativas con impacto positivo en la salud y la comunidad.&nbsp;<\/li>\n\n\n\n<li><strong>Creatividad:<\/strong> Valorar la capacidad de imaginar, dise\u00f1ar y concretar proyectos originales y efectivos.&nbsp;<\/li>\n<\/ul>\n\n\n\n<p><strong>Visi\u00f3n<\/strong>&nbsp;<\/p>\n\n\n\n<p>Fomentar la innovaci\u00f3n, la investigaci\u00f3n aplicada y el\u00a0pensamiento cr\u00edtico en los estudiantes y docentes\u00a0de Tecnolog\u00eda M\u00e9dica, a trav\u00e9s de la creaci\u00f3n\u00a0colaborativa de proyectos que impacten\u00a0positivamente en la salud, la docencia y la sociedad,\u00a0integrando tecnolog\u00eda, ciencia y vocaci\u00f3n.\u00a0<\/p>\n\n\n\n<p><strong>Misi\u00f3n<\/strong>&nbsp;<\/p>\n\n\n\n<p>Ser referente\u202fen investigaci\u00f3n e innovaci\u00f3n en Tecnolog\u00eda M\u00e9dica universitaria, formando profesionales l\u00edderes, creativos y comprometidos con el desarrollo de soluciones que transforman el futuro del diagn\u00f3stico, la prevenci\u00f3n y el bienestar en salud.<\/p>\n\n\n\n<p><\/p>\n\n\n\n<p><\/p>\n\n\n\n<p><\/p>\n","protected":false},"excerpt":{"rendered":"<p>Valores Visi\u00f3n&nbsp; Fomentar la innovaci\u00f3n, la investigaci\u00f3n aplicada y el\u00a0pensamiento cr\u00edtico en los estudiantes y docentes\u00a0de Tecnolog\u00eda M\u00e9dica, a trav\u00e9s de la creaci\u00f3n\u00a0colaborativa de proyectos que impacten\u00a0positivamente en la salud, la docencia y la sociedad,\u00a0integrando tecnolog\u00eda, ciencia y vocaci\u00f3n.\u00a0 Misi\u00f3n&nbsp; Ser referente\u202fen investigaci\u00f3n e innovaci\u00f3n en Tecnolog\u00eda M\u00e9dica universitaria, formando profesionales l\u00edderes, creativos y comprometidos [&hellip;]<\/p>\n","protected":false},"author":9192254,"featured_media":0,"parent":0,"menu_order":0,"comment_status":"closed","ping_status":"closed","template":"","meta":{"footnotes":""},"class_list":["post-31","page","type-page","status-publish","hentry"],"yoast_head":"<!-- This site is optimized with the Yoast SEO plugin v26.9 - https:\/\/yoast.com\/product\/yoast-seo-wordpress\/ -->\n<title>Valores y visi\u00f3n - Innova Tecnolog\u00eda M\u00e9dica<\/title>\n<meta name=\"robots\" content=\"index, follow, max-snippet:-1, max-image-preview:large, max-video-preview:-1\" \/>\n<link rel=\"canonical\" href=\"https:\/\/medicina.udd.cl\/innovatm\/valores-y-vision\/\" \/>\n<meta property=\"og:locale\" content=\"es_ES\" \/>\n<meta property=\"og:type\" content=\"article\" \/>\n<meta property=\"og:title\" content=\"Valores y visi\u00f3n - Innova Tecnolog\u00eda M\u00e9dica\" \/>\n<meta property=\"og:description\" content=\"Valores Visi\u00f3n&nbsp; Fomentar la innovaci\u00f3n, la investigaci\u00f3n aplicada y el\u00a0pensamiento cr\u00edtico en los estudiantes y docentes\u00a0de Tecnolog\u00eda M\u00e9dica, a trav\u00e9s de la creaci\u00f3n\u00a0colaborativa de proyectos que impacten\u00a0positivamente en la salud, la docencia y la sociedad,\u00a0integrando tecnolog\u00eda, ciencia y vocaci\u00f3n.\u00a0 Misi\u00f3n&nbsp; Ser referente\u202fen investigaci\u00f3n e innovaci\u00f3n en Tecnolog\u00eda M\u00e9dica universitaria, formando profesionales l\u00edderes, creativos y comprometidos [&hellip;]\" \/>\n<meta property=\"og:url\" content=\"https:\/\/medicina.udd.cl\/innovatm\/valores-y-vision\/\" \/>\n<meta property=\"og:site_name\" content=\"Innova Tecnolog\u00eda M\u00e9dica\" \/>\n<meta property=\"article:modified_time\" content=\"2025-09-05T18:49:15+00:00\" \/>\n<meta name=\"twitter:card\" content=\"summary_large_image\" \/>\n<meta name=\"twitter:label1\" content=\"Tiempo de lectura\" \/>\n\t<meta name=\"twitter:data1\" content=\"1 minuto\" \/>\n<script type=\"application\/ld+json\" class=\"yoast-schema-graph\">{\"@context\":\"https:\/\/schema.org\",\"@graph\":[{\"@type\":\"WebPage\",\"@id\":\"https:\/\/medicina.udd.cl\/innovatm\/valores-y-vision\/\",\"url\":\"https:\/\/medicina.udd.cl\/innovatm\/valores-y-vision\/\",\"name\":\"Valores y visi\u00f3n - Innova Tecnolog\u00eda M\u00e9dica\",\"isPartOf\":{\"@id\":\"https:\/\/medicina.udd.cl\/innovatm\/#website\"},\"datePublished\":\"2025-09-04T18:39:37+00:00\",\"dateModified\":\"2025-09-05T18:49:15+00:00\",\"inLanguage\":\"es\",\"potentialAction\":[{\"@type\":\"ReadAction\",\"target\":[\"https:\/\/medicina.udd.cl\/innovatm\/valores-y-vision\/\"]}]},{\"@type\":\"WebSite\",\"@id\":\"https:\/\/medicina.udd.cl\/innovatm\/#website\",\"url\":\"https:\/\/medicina.udd.cl\/innovatm\/\",\"name\":\"Innova Tecnolog\u00eda M\u00e9dica\",\"description\":\"\",\"inLanguage\":\"es\"}]}<\/script>\n<!-- \/ Yoast SEO plugin. -->","yoast_head_json":{"title":"Valores y visi\u00f3n - Innova Tecnolog\u00eda M\u00e9dica","robots":{"index":"index","follow":"follow","max-snippet":"max-snippet:-1","max-image-preview":"max-image-preview:large","max-video-preview":"max-video-preview:-1"},"canonical":"https:\/\/medicina.udd.cl\/innovatm\/valores-y-vision\/","og_locale":"es_ES","og_type":"article","og_title":"Valores y visi\u00f3n - Innova Tecnolog\u00eda M\u00e9dica","og_description":"Valores Visi\u00f3n&nbsp; Fomentar la innovaci\u00f3n, la investigaci\u00f3n aplicada y el\u00a0pensamiento cr\u00edtico en los estudiantes y docentes\u00a0de Tecnolog\u00eda M\u00e9dica, a trav\u00e9s de la creaci\u00f3n\u00a0colaborativa de proyectos que impacten\u00a0positivamente en la salud, la docencia y la sociedad,\u00a0integrando tecnolog\u00eda, ciencia y vocaci\u00f3n.\u00a0 Misi\u00f3n&nbsp; Ser referente\u202fen investigaci\u00f3n e innovaci\u00f3n en Tecnolog\u00eda M\u00e9dica universitaria, formando profesionales l\u00edderes, creativos y comprometidos [&hellip;]","og_url":"https:\/\/medicina.udd.cl\/innovatm\/valores-y-vision\/","og_site_name":"Innova Tecnolog\u00eda M\u00e9dica","article_modified_time":"2025-09-05T18:49:15+00:00","twitter_card":"summary_large_image","twitter_misc":{"Tiempo de lectura":"1 minuto"},"schema":{"@context":"https:\/\/schema.org","@graph":[{"@type":"WebPage","@id":"https:\/\/medicina.udd.cl\/innovatm\/valores-y-vision\/","url":"https:\/\/medicina.udd.cl\/innovatm\/valores-y-vision\/","name":"Valores y visi\u00f3n - Innova Tecnolog\u00eda M\u00e9dica","isPartOf":{"@id":"https:\/\/medicina.udd.cl\/innovatm\/#website"},"datePublished":"2025-09-04T18:39:37+00:00","dateModified":"2025-09-05T18:49:15+00:00","inLanguage":"es","potentialAction":[{"@type":"ReadAction","target":["https:\/\/medicina.udd.cl\/innovatm\/valores-y-vision\/"]}]},{"@type":"WebSite","@id":"https:\/\/medicina.udd.cl\/innovatm\/#website","url":"https:\/\/medicina.udd.cl\/innovatm\/","name":"Innova Tecnolog\u00eda M\u00e9dica","description":"","inLanguage":"es"}]}},"_links":{"self":[{"href":"https:\/\/medicina.udd.cl\/innovatm\/wp-json\/wp\/v2\/pages\/31","targetHints":{"allow":["GET"]}}],"collection":[{"href":"https:\/\/medicina.udd.cl\/innovatm\/wp-json\/wp\/v2\/pages"}],"about":[{"href":"https:\/\/medicina.udd.cl\/innovatm\/wp-json\/wp\/v2\/types\/page"}],"author":[{"embeddable":true,"href":"https:\/\/medicina.udd.cl\/innovatm\/wp-json\/wp\/v2\/users\/9192254"}],"replies":[{"embeddable":true,"href":"https:\/\/medicina.udd.cl\/innovatm\/wp-json\/wp\/v2\/comments?post=31"}],"version-history":[{"count":5,"href":"https:\/\/medicina.udd.cl\/innovatm\/wp-json\/wp\/v2\/pages\/31\/revisions"}],"predecessor-version":[{"id":132,"href":"https:\/\/medicina.udd.cl\/innovatm\/wp-json\/wp\/v2\/pages\/31\/revisions\/132"}],"wp:attachment":[{"href":"https:\/\/medicina.udd.cl\/innovatm\/wp-json\/wp\/v2\/media?parent=31"}],"curies":[{"name":"wp","href":"https:\/\/api.w.org\/{rel}","templated":true}]}}