{"id":99,"date":"2025-09-05T14:23:38","date_gmt":"2025-09-05T18:23:38","guid":{"rendered":"https:\/\/medicina.udd.cl\/innovatm\/?page_id=99"},"modified":"2025-09-16T11:32:13","modified_gmt":"2025-09-16T14:32:13","slug":"productos-y-herramientas","status":"publish","type":"page","link":"https:\/\/medicina.udd.cl\/innovatm\/productos-y-herramientas\/","title":{"rendered":"Productos y herramientas"},"content":{"rendered":"\n<p>En la carrera de <strong>Tecnolog\u00eda M\u00e9dica UDD<\/strong> entendemos la innovaci\u00f3n como un proceso que se materializa en <strong>productos y herramientas concretas<\/strong>, dise\u00f1adas para enriquecer la formaci\u00f3n acad\u00e9mica, apoyar la pr\u00e1ctica profesional y aportar soluciones al sistema de salud.<\/p>\n\n\n\n<p>Nuestros desarrollos incluyen:<\/p>\n\n\n\n<ul class=\"wp-block-list\">\n<li><strong>Manuales y gu\u00edas cl\u00ednicas digitales:<\/strong> material acad\u00e9mico actualizado y accesible que orienta el aprendizaje y la pr\u00e1ctica cl\u00ednica.<\/li>\n\n\n\n<li><strong>Plataformas interactivas y recursos digitales:<\/strong> c\u00e1psulas audiovisuales, repositorios en l\u00ednea y simulaciones virtuales que complementan la ense\u00f1anza.<\/li>\n\n\n\n<li><strong>Modelos anat\u00f3micos y fantomas impresos en 3D:<\/strong> herramientas de entrenamiento que permiten practicar procedimientos con precisi\u00f3n y seguridad.<\/li>\n\n\n\n<li><strong>Simuladores tecnol\u00f3gicos:<\/strong> entornos de pr\u00e1ctica asistida que recrean situaciones cl\u00ednicas reales para la formaci\u00f3n por competencias.<\/li>\n\n\n\n<li><strong>Aplicaciones y herramientas digitales:<\/strong> softwares y sistemas de apoyo al diagn\u00f3stico que integran inteligencia artificial y anal\u00edtica de datos en salud.<\/li>\n\n\n\n<li><strong>Sala de simulaci\u00f3n: <\/strong>la carrera de <strong>Tecnolog\u00eda M\u00e9dica UDD<\/strong> cuenta con una sala de simulaci\u00f3n equipada con un ec\u00f3grafo y hardware, donde los estudiantes pueden <strong>entrenar habilidades t\u00e9cnicas y cl\u00ednicas en un entorno seguro y controlado<\/strong>. A trav\u00e9s de simuladores, fantomas y escenarios interactivos, se recrean situaciones reales que fortalecen la pr\u00e1ctica, la toma de decisiones y la preparaci\u00f3n para el campo cl\u00ednico.<\/li>\n<\/ul>\n\n\n\n<p>Estos productos y herramientas reflejan el <strong>compromiso de la UDD con la innovaci\u00f3n<\/strong>, proyectando una carrera que no solo forma profesionales, sino que tambi\u00e9n crea soluciones que transforman la docencia, la investigaci\u00f3n y la pr\u00e1ctica cl\u00ednica.<\/p>\n","protected":false},"excerpt":{"rendered":"<p>En la carrera de Tecnolog\u00eda M\u00e9dica UDD entendemos la innovaci\u00f3n como un proceso que se materializa en productos y herramientas concretas, dise\u00f1adas para enriquecer la formaci\u00f3n acad\u00e9mica, apoyar la pr\u00e1ctica profesional y aportar soluciones al sistema de salud. Nuestros desarrollos incluyen: Estos productos y herramientas reflejan el compromiso de la UDD con la innovaci\u00f3n, proyectando [&hellip;]<\/p>\n","protected":false},"author":9192254,"featured_media":0,"parent":0,"menu_order":0,"comment_status":"closed","ping_status":"closed","template":"","meta":{"footnotes":""},"class_list":["post-99","page","type-page","status-publish","hentry"],"yoast_head":"<!-- This site is optimized with the Yoast SEO plugin v26.9 - https:\/\/yoast.com\/product\/yoast-seo-wordpress\/ -->\n<title>Productos y herramientas - Innova Tecnolog\u00eda M\u00e9dica<\/title>\n<meta name=\"robots\" content=\"index, follow, max-snippet:-1, max-image-preview:large, max-video-preview:-1\" \/>\n<link rel=\"canonical\" href=\"https:\/\/medicina.udd.cl\/innovatm\/productos-y-herramientas\/\" \/>\n<meta property=\"og:locale\" content=\"es_ES\" \/>\n<meta property=\"og:type\" content=\"article\" \/>\n<meta property=\"og:title\" content=\"Productos y herramientas - Innova Tecnolog\u00eda M\u00e9dica\" \/>\n<meta property=\"og:description\" content=\"En la carrera de Tecnolog\u00eda M\u00e9dica UDD entendemos la innovaci\u00f3n como un proceso que se materializa en productos y herramientas concretas, dise\u00f1adas para enriquecer la formaci\u00f3n acad\u00e9mica, apoyar la pr\u00e1ctica profesional y aportar soluciones al sistema de salud. Nuestros desarrollos incluyen: Estos productos y herramientas reflejan el compromiso de la UDD con la innovaci\u00f3n, proyectando [&hellip;]\" \/>\n<meta property=\"og:url\" content=\"https:\/\/medicina.udd.cl\/innovatm\/productos-y-herramientas\/\" \/>\n<meta property=\"og:site_name\" content=\"Innova Tecnolog\u00eda M\u00e9dica\" \/>\n<meta property=\"article:modified_time\" content=\"2025-09-16T14:32:13+00:00\" \/>\n<meta name=\"twitter:card\" content=\"summary_large_image\" \/>\n<meta name=\"twitter:label1\" content=\"Tiempo de lectura\" \/>\n\t<meta name=\"twitter:data1\" content=\"2 minutos\" \/>\n<script type=\"application\/ld+json\" class=\"yoast-schema-graph\">{\"@context\":\"https:\/\/schema.org\",\"@graph\":[{\"@type\":\"WebPage\",\"@id\":\"https:\/\/medicina.udd.cl\/innovatm\/productos-y-herramientas\/\",\"url\":\"https:\/\/medicina.udd.cl\/innovatm\/productos-y-herramientas\/\",\"name\":\"Productos y herramientas - Innova Tecnolog\u00eda M\u00e9dica\",\"isPartOf\":{\"@id\":\"https:\/\/medicina.udd.cl\/innovatm\/#website\"},\"datePublished\":\"2025-09-05T18:23:38+00:00\",\"dateModified\":\"2025-09-16T14:32:13+00:00\",\"inLanguage\":\"es\",\"potentialAction\":[{\"@type\":\"ReadAction\",\"target\":[\"https:\/\/medicina.udd.cl\/innovatm\/productos-y-herramientas\/\"]}]},{\"@type\":\"WebSite\",\"@id\":\"https:\/\/medicina.udd.cl\/innovatm\/#website\",\"url\":\"https:\/\/medicina.udd.cl\/innovatm\/\",\"name\":\"Innova Tecnolog\u00eda M\u00e9dica\",\"description\":\"\",\"inLanguage\":\"es\"}]}<\/script>\n<!-- \/ Yoast SEO plugin. -->","yoast_head_json":{"title":"Productos y herramientas - Innova Tecnolog\u00eda M\u00e9dica","robots":{"index":"index","follow":"follow","max-snippet":"max-snippet:-1","max-image-preview":"max-image-preview:large","max-video-preview":"max-video-preview:-1"},"canonical":"https:\/\/medicina.udd.cl\/innovatm\/productos-y-herramientas\/","og_locale":"es_ES","og_type":"article","og_title":"Productos y herramientas - Innova Tecnolog\u00eda M\u00e9dica","og_description":"En la carrera de Tecnolog\u00eda M\u00e9dica UDD entendemos la innovaci\u00f3n como un proceso que se materializa en productos y herramientas concretas, dise\u00f1adas para enriquecer la formaci\u00f3n acad\u00e9mica, apoyar la pr\u00e1ctica profesional y aportar soluciones al sistema de salud. Nuestros desarrollos incluyen: Estos productos y herramientas reflejan el compromiso de la UDD con la innovaci\u00f3n, proyectando [&hellip;]","og_url":"https:\/\/medicina.udd.cl\/innovatm\/productos-y-herramientas\/","og_site_name":"Innova Tecnolog\u00eda M\u00e9dica","article_modified_time":"2025-09-16T14:32:13+00:00","twitter_card":"summary_large_image","twitter_misc":{"Tiempo de lectura":"2 minutos"},"schema":{"@context":"https:\/\/schema.org","@graph":[{"@type":"WebPage","@id":"https:\/\/medicina.udd.cl\/innovatm\/productos-y-herramientas\/","url":"https:\/\/medicina.udd.cl\/innovatm\/productos-y-herramientas\/","name":"Productos y herramientas - Innova Tecnolog\u00eda M\u00e9dica","isPartOf":{"@id":"https:\/\/medicina.udd.cl\/innovatm\/#website"},"datePublished":"2025-09-05T18:23:38+00:00","dateModified":"2025-09-16T14:32:13+00:00","inLanguage":"es","potentialAction":[{"@type":"ReadAction","target":["https:\/\/medicina.udd.cl\/innovatm\/productos-y-herramientas\/"]}]},{"@type":"WebSite","@id":"https:\/\/medicina.udd.cl\/innovatm\/#website","url":"https:\/\/medicina.udd.cl\/innovatm\/","name":"Innova Tecnolog\u00eda M\u00e9dica","description":"","inLanguage":"es"}]}},"_links":{"self":[{"href":"https:\/\/medicina.udd.cl\/innovatm\/wp-json\/wp\/v2\/pages\/99","targetHints":{"allow":["GET"]}}],"collection":[{"href":"https:\/\/medicina.udd.cl\/innovatm\/wp-json\/wp\/v2\/pages"}],"about":[{"href":"https:\/\/medicina.udd.cl\/innovatm\/wp-json\/wp\/v2\/types\/page"}],"author":[{"embeddable":true,"href":"https:\/\/medicina.udd.cl\/innovatm\/wp-json\/wp\/v2\/users\/9192254"}],"replies":[{"embeddable":true,"href":"https:\/\/medicina.udd.cl\/innovatm\/wp-json\/wp\/v2\/comments?post=99"}],"version-history":[{"count":2,"href":"https:\/\/medicina.udd.cl\/innovatm\/wp-json\/wp\/v2\/pages\/99\/revisions"}],"predecessor-version":[{"id":226,"href":"https:\/\/medicina.udd.cl\/innovatm\/wp-json\/wp\/v2\/pages\/99\/revisions\/226"}],"wp:attachment":[{"href":"https:\/\/medicina.udd.cl\/innovatm\/wp-json\/wp\/v2\/media?parent=99"}],"curies":[{"name":"wp","href":"https:\/\/api.w.org\/{rel}","templated":true}]}}