{"id":40,"date":"2025-09-04T14:45:50","date_gmt":"2025-09-04T18:45:50","guid":{"rendered":"https:\/\/medicina.udd.cl\/innovatm\/?post_type=person&#038;p=40"},"modified":"2025-09-09T10:15:19","modified_gmt":"2025-09-09T13:15:19","slug":"isidora-perez","status":"publish","type":"person","link":"https:\/\/medicina.udd.cl\/innovatm\/persona\/isidora-perez\/","title":{"rendered":"Isidora P\u00e9rez"},"featured_media":41,"template":"","people_tax":[4],"people_areas":[],"people_levels":[],"class_list":["post-40","person","type-person","status-publish","has-post-thumbnail","hentry","people_tax-coordinadores-de-area"],"yoast_head":"<!-- This site is optimized with the Yoast SEO plugin v26.9 - https:\/\/yoast.com\/product\/yoast-seo-wordpress\/ -->\n<title>Isidora P\u00e9rez - Innova Tecnolog\u00eda M\u00e9dica<\/title>\n<meta name=\"robots\" content=\"index, follow, max-snippet:-1, max-image-preview:large, max-video-preview:-1\" \/>\n<link rel=\"canonical\" href=\"https:\/\/medicina.udd.cl\/innovatm\/persona\/isidora-perez\/\" \/>\n<meta property=\"og:locale\" content=\"es_ES\" \/>\n<meta property=\"og:type\" content=\"article\" \/>\n<meta property=\"og:title\" content=\"Isidora P\u00e9rez - Innova Tecnolog\u00eda M\u00e9dica\" \/>\n<meta property=\"og:url\" content=\"https:\/\/medicina.udd.cl\/innovatm\/persona\/isidora-perez\/\" \/>\n<meta property=\"og:site_name\" content=\"Innova Tecnolog\u00eda M\u00e9dica\" \/>\n<meta property=\"article:modified_time\" content=\"2025-09-09T13:15:19+00:00\" \/>\n<meta property=\"og:image\" content=\"http:\/\/medicina.udd.cl\/innovatm\/files\/2025\/09\/isidora-perez-m.jpg\" \/>\n\t<meta property=\"og:image:width\" content=\"1678\" \/>\n\t<meta property=\"og:image:height\" content=\"2036\" \/>\n\t<meta property=\"og:image:type\" content=\"image\/jpeg\" \/>\n<meta name=\"twitter:card\" content=\"summary_large_image\" \/>\n<meta name=\"twitter:label1\" content=\"Tiempo de lectura\" \/>\n\t<meta name=\"twitter:data1\" content=\"1 minuto\" \/>\n<script type=\"application\/ld+json\" class=\"yoast-schema-graph\">{\"@context\":\"https:\/\/schema.org\",\"@graph\":[{\"@type\":\"WebPage\",\"@id\":\"https:\/\/medicina.udd.cl\/innovatm\/persona\/isidora-perez\/\",\"url\":\"https:\/\/medicina.udd.cl\/innovatm\/persona\/isidora-perez\/\",\"name\":\"Isidora P\u00e9rez - Innova Tecnolog\u00eda M\u00e9dica\",\"isPartOf\":{\"@id\":\"https:\/\/medicina.udd.cl\/innovatm\/#website\"},\"primaryImageOfPage\":{\"@id\":\"https:\/\/medicina.udd.cl\/innovatm\/persona\/isidora-perez\/#primaryimage\"},\"image\":{\"@id\":\"https:\/\/medicina.udd.cl\/innovatm\/persona\/isidora-perez\/#primaryimage\"},\"thumbnailUrl\":\"https:\/\/medicina.udd.cl\/innovatm\/files\/2025\/09\/isidora-perez-m.jpg\",\"datePublished\":\"2025-09-04T18:45:50+00:00\",\"dateModified\":\"2025-09-09T13:15:19+00:00\",\"breadcrumb\":{\"@id\":\"https:\/\/medicina.udd.cl\/innovatm\/persona\/isidora-perez\/#breadcrumb\"},\"inLanguage\":\"es\",\"potentialAction\":[{\"@type\":\"ReadAction\",\"target\":[\"https:\/\/medicina.udd.cl\/innovatm\/persona\/isidora-perez\/\"]}]},{\"@type\":\"ImageObject\",\"inLanguage\":\"es\",\"@id\":\"https:\/\/medicina.udd.cl\/innovatm\/persona\/isidora-perez\/#primaryimage\",\"url\":\"https:\/\/medicina.udd.cl\/innovatm\/files\/2025\/09\/isidora-perez-m.jpg\",\"contentUrl\":\"https:\/\/medicina.udd.cl\/innovatm\/files\/2025\/09\/isidora-perez-m.jpg\",\"width\":1678,\"height\":2036},{\"@type\":\"BreadcrumbList\",\"@id\":\"https:\/\/medicina.udd.cl\/innovatm\/persona\/isidora-perez\/#breadcrumb\",\"itemListElement\":[{\"@type\":\"ListItem\",\"position\":1,\"name\":\"Personas\",\"item\":\"https:\/\/medicina.udd.cl\/innovatm\/persona\/\"},{\"@type\":\"ListItem\",\"position\":2,\"name\":\"Isidora P\u00e9rez\"}]},{\"@type\":\"WebSite\",\"@id\":\"https:\/\/medicina.udd.cl\/innovatm\/#website\",\"url\":\"https:\/\/medicina.udd.cl\/innovatm\/\",\"name\":\"Innova Tecnolog\u00eda M\u00e9dica\",\"description\":\"\",\"inLanguage\":\"es\"}]}<\/script>\n<!-- \/ Yoast SEO plugin. -->","yoast_head_json":{"title":"Isidora P\u00e9rez - Innova Tecnolog\u00eda M\u00e9dica","robots":{"index":"index","follow":"follow","max-snippet":"max-snippet:-1","max-image-preview":"max-image-preview:large","max-video-preview":"max-video-preview:-1"},"canonical":"https:\/\/medicina.udd.cl\/innovatm\/persona\/isidora-perez\/","og_locale":"es_ES","og_type":"article","og_title":"Isidora P\u00e9rez - Innova Tecnolog\u00eda M\u00e9dica","og_url":"https:\/\/medicina.udd.cl\/innovatm\/persona\/isidora-perez\/","og_site_name":"Innova Tecnolog\u00eda M\u00e9dica","article_modified_time":"2025-09-09T13:15:19+00:00","og_image":[{"width":1678,"height":2036,"url":"http:\/\/medicina.udd.cl\/innovatm\/files\/2025\/09\/isidora-perez-m.jpg","type":"image\/jpeg"}],"twitter_card":"summary_large_image","twitter_misc":{"Tiempo de lectura":"1 minuto"},"schema":{"@context":"https:\/\/schema.org","@graph":[{"@type":"WebPage","@id":"https:\/\/medicina.udd.cl\/innovatm\/persona\/isidora-perez\/","url":"https:\/\/medicina.udd.cl\/innovatm\/persona\/isidora-perez\/","name":"Isidora P\u00e9rez - Innova Tecnolog\u00eda M\u00e9dica","isPartOf":{"@id":"https:\/\/medicina.udd.cl\/innovatm\/#website"},"primaryImageOfPage":{"@id":"https:\/\/medicina.udd.cl\/innovatm\/persona\/isidora-perez\/#primaryimage"},"image":{"@id":"https:\/\/medicina.udd.cl\/innovatm\/persona\/isidora-perez\/#primaryimage"},"thumbnailUrl":"https:\/\/medicina.udd.cl\/innovatm\/files\/2025\/09\/isidora-perez-m.jpg","datePublished":"2025-09-04T18:45:50+00:00","dateModified":"2025-09-09T13:15:19+00:00","breadcrumb":{"@id":"https:\/\/medicina.udd.cl\/innovatm\/persona\/isidora-perez\/#breadcrumb"},"inLanguage":"es","potentialAction":[{"@type":"ReadAction","target":["https:\/\/medicina.udd.cl\/innovatm\/persona\/isidora-perez\/"]}]},{"@type":"ImageObject","inLanguage":"es","@id":"https:\/\/medicina.udd.cl\/innovatm\/persona\/isidora-perez\/#primaryimage","url":"https:\/\/medicina.udd.cl\/innovatm\/files\/2025\/09\/isidora-perez-m.jpg","contentUrl":"https:\/\/medicina.udd.cl\/innovatm\/files\/2025\/09\/isidora-perez-m.jpg","width":1678,"height":2036},{"@type":"BreadcrumbList","@id":"https:\/\/medicina.udd.cl\/innovatm\/persona\/isidora-perez\/#breadcrumb","itemListElement":[{"@type":"ListItem","position":1,"name":"Personas","item":"https:\/\/medicina.udd.cl\/innovatm\/persona\/"},{"@type":"ListItem","position":2,"name":"Isidora P\u00e9rez"}]},{"@type":"WebSite","@id":"https:\/\/medicina.udd.cl\/innovatm\/#website","url":"https:\/\/medicina.udd.cl\/innovatm\/","name":"Innova Tecnolog\u00eda M\u00e9dica","description":"","inLanguage":"es"}]}},"label":"Isidora P\u00e9rez","role":"Coordinadora de Creaci\u00f3n","thumbnail_url":"https:\/\/medicina.udd.cl\/innovatm\/files\/2025\/09\/isidora-perez-m-500x500.jpg","email":"","tel_job":"","content":{"rendered":"<div class=\"person-modal person-modal--scl\">\n\t<header class=\"person-modal__header\">\n\t\t<div class=\"person-modal__bg\"><\/div>\n\t\t<div class=\"modal-container\">\n\t\t\t\t\t\t<div class=\"person-modal__media\">\n\t\t\t\t<img width=\"500\" height=\"500\" src=\"https:\/\/medicina.udd.cl\/innovatm\/files\/2025\/09\/isidora-perez-m-62x62.jpg\" class=\"person-modal__image wp-post-image lazyload\" alt=\"\" decoding=\"async\" loading=\"lazy\" sizes=\"auto, (max-width: 500px) 100vw, 500px\" data-src=\"https:\/\/medicina.udd.cl\/innovatm\/files\/2025\/09\/isidora-perez-m-500x500.jpg\" data-srcset=\"https:\/\/medicina.udd.cl\/innovatm\/files\/2025\/09\/isidora-perez-m-500x500.jpg 500w, https:\/\/medicina.udd.cl\/innovatm\/files\/2025\/09\/isidora-perez-m-150x150.jpg 150w, https:\/\/medicina.udd.cl\/innovatm\/files\/2025\/09\/isidora-perez-m-62x62.jpg 62w, https:\/\/medicina.udd.cl\/innovatm\/files\/2025\/09\/isidora-perez-m-750x750.jpg 750w, https:\/\/medicina.udd.cl\/innovatm\/files\/2025\/09\/isidora-perez-m-250x250.jpg 250w, https:\/\/medicina.udd.cl\/innovatm\/files\/2025\/09\/isidora-perez-m-126x126.jpg 126w\" \/>\t\t\t<\/div>\n\t\t\t\t\t\t<div class=\"person-modal__data\">\n\t\t\t\t<h1 class=\"person-modal__name\">Isidora P\u00e9rez<\/h1>\n\t\t\t\t\t\t\t<span class=\"person-modal__description\">Coordinadora de Creaci\u00f3n<\/span>\n\t\t\t\t\t\t\t\t\t\t\t\t\t\t\t<\/div>\n\t\t<\/div>\n\t<\/header>\n\t<div class=\"modal-container\">\n\t\t\t<div class=\"person-modal__content text\">\n\t\t\t\t\t<p>Tecn\u00f3loga M\u00e9dica<br \/>\nDocente y Encargada del Laboratorio de Simulaci\u00f3n Im\u00e1genes UDD<\/p>\n\t\t\t\t\t\t\t\t\t\t\t\t<\/div>\n\t<\/div>\n<\/div>\n"},"identifier":"9a14a0c4391db2809031c16cdaafe2565e130048","has_credential":[],"given_name":"Isidora","family_name":"P\u00e9rez","name":"Isidora P\u00e9rez","job_title":"Coordinadora de Creaci\u00f3n","telephone":"","note":"Tecn\u00f3loga M\u00e9dica\r\nDocente y Encargada del Laboratorio de Simulaci\u00f3n Im\u00e1genes UDD","im":"","_self_schedule":null,"_links":{"self":[{"href":"https:\/\/medicina.udd.cl\/innovatm\/wp-json\/wp\/v2\/people\/40","targetHints":{"allow":["GET"]}}],"collection":[{"href":"https:\/\/medicina.udd.cl\/innovatm\/wp-json\/wp\/v2\/people"}],"about":[{"href":"https:\/\/medicina.udd.cl\/innovatm\/wp-json\/wp\/v2\/types\/person"}],"wp:featuredmedia":[{"embeddable":true,"href":"https:\/\/medicina.udd.cl\/innovatm\/wp-json\/wp\/v2\/media\/41"}],"wp:attachment":[{"href":"https:\/\/medicina.udd.cl\/innovatm\/wp-json\/wp\/v2\/media?parent=40"}],"wp:term":[{"taxonomy":"people_tax","embeddable":true,"href":"https:\/\/medicina.udd.cl\/innovatm\/wp-json\/wp\/v2\/people_tax?post=40"},{"taxonomy":"people_areas","embeddable":true,"href":"https:\/\/medicina.udd.cl\/innovatm\/wp-json\/wp\/v2\/people_areas?post=40"},{"taxonomy":"people_levels","embeddable":true,"href":"https:\/\/medicina.udd.cl\/innovatm\/wp-json\/wp\/v2\/people_levels?post=40"}],"curies":[{"name":"wp","href":"https:\/\/api.w.org\/{rel}","templated":true}]}}

Isidora Pérez

<!-- This site is optimized with the Yoast SEO plugin v26.9 - https://yoast.com/product/yoast-seo-wordpress/ -->
<title>Isidora Pérez - Innova Tecnología Médica</title>
<meta name="robots" content="index, follow, max-snippet:-1, max-image-preview:large, max-video-preview:-1" />
<link rel="canonical" href="https://medicina.udd.cl/innovatm/persona/isidora-perez/" />
<meta property="og:locale" content="es_ES" />
<meta property="og:type" content="article" />
<meta property="og:title" content="Isidora Pérez - Innova Tecnología Médica" />
<meta property="og:url" content="https://medicina.udd.cl/innovatm/persona/isidora-perez/" />
<meta property="og:site_name" content="Innova Tecnología Médica" />
<meta property="article:modified_time" content="2025-09-09T13:15:19+00:00" />
<meta property="og:image" content="http://medicina.udd.cl/innovatm/files/2025/09/isidora-perez-m.jpg" />
	<meta property="og:image:width" content="1678" />
	<meta property="og:image:height" content="2036" />
	<meta property="og:image:type" content="image/jpeg" />
<meta name="twitter:card" content="summary_large_image" />
<meta name="twitter:label1" content="Tiempo de lectura" />
	<meta name="twitter:data1" content="1 minuto" />
<script type="application/ld+json" class="yoast-schema-graph">{"@context":"https://schema.org","@graph":[{"@type":"WebPage","@id":"https://medicina.udd.cl/innovatm/persona/isidora-perez/","url":"https://medicina.udd.cl/innovatm/persona/isidora-perez/","name":"Isidora Pérez - Innova Tecnología Médica","isPartOf":{"@id":"https://medicina.udd.cl/innovatm/#website"},"primaryImageOfPage":{"@id":"https://medicina.udd.cl/innovatm/persona/isidora-perez/#primaryimage"},"image":{"@id":"https://medicina.udd.cl/innovatm/persona/isidora-perez/#primaryimage"},"thumbnailUrl":"https://medicina.udd.cl/innovatm/files/2025/09/isidora-perez-m.jpg","datePublished":"2025-09-04T18:45:50+00:00","dateModified":"2025-09-09T13:15:19+00:00","breadcrumb":{"@id":"https://medicina.udd.cl/innovatm/persona/isidora-perez/#breadcrumb"},"inLanguage":"es","potentialAction":[{"@type":"ReadAction","target":["https://medicina.udd.cl/innovatm/persona/isidora-perez/"]}]},{"@type":"ImageObject","inLanguage":"es","@id":"https://medicina.udd.cl/innovatm/persona/isidora-perez/#primaryimage","url":"https://medicina.udd.cl/innovatm/files/2025/09/isidora-perez-m.jpg","contentUrl":"https://medicina.udd.cl/innovatm/files/2025/09/isidora-perez-m.jpg","width":1678,"height":2036},{"@type":"BreadcrumbList","@id":"https://medicina.udd.cl/innovatm/persona/isidora-perez/#breadcrumb","itemListElement":[{"@type":"ListItem","position":1,"name":"Personas","item":"https://medicina.udd.cl/innovatm/persona/"},{"@type":"ListItem","position":2,"name":"Isidora Pérez"}]},{"@type":"WebSite","@id":"https://medicina.udd.cl/innovatm/#website","url":"https://medicina.udd.cl/innovatm/","name":"Innova Tecnología Médica","description":"","inLanguage":"es"}]}</script>
<!-- / Yoast SEO plugin. -->

Isidora Pérez - Innova Tecnología Médica

Innova Tecnología Médica

Coordinadora de Creación

<div class="person-modal person-modal--scl">
	<header class="person-modal__header">
		<div class="person-modal__bg"></div>
		<div class="modal-container">
						<div class="person-modal__media">
				<img width="500" height="500" src="https://medicina.udd.cl/innovatm/files/2025/09/isidora-perez-m-62x62.jpg" class="person-modal__image wp-post-image lazyload" alt="" decoding="async" loading="lazy" sizes="auto, (max-width: 500px) 100vw, 500px" data-src="https://medicina.udd.cl/innovatm/files/2025/09/isidora-perez-m-500x500.jpg" data-srcset="https://medicina.udd.cl/innovatm/files/2025/09/isidora-perez-m-500x500.jpg 500w, https://medicina.udd.cl/innovatm/files/2025/09/isidora-perez-m-150x150.jpg 150w, https://medicina.udd.cl/innovatm/files/2025/09/isidora-perez-m-62x62.jpg 62w, https://medicina.udd.cl/innovatm/files/2025/09/isidora-perez-m-750x750.jpg 750w, https://medicina.udd.cl/innovatm/files/2025/09/isidora-perez-m-250x250.jpg 250w, https://medicina.udd.cl/innovatm/files/2025/09/isidora-perez-m-126x126.jpg 126w" />			</div>
						<div class="person-modal__data">
				<h1 class="person-modal__name">Isidora Pérez</h1>
							<span class="person-modal__description">Coordinadora de Creación</span>
															</div>
		</div>
	</header>
	<div class="modal-container">
			<div class="person-modal__content text">
					<p>Tecnóloga Médica<br />
Docente y Encargada del Laboratorio de Simulación Imágenes UDD</p>
												</div>
	</div>
</div>

Pérez

Tecnóloga Médica
Docente y Encargada del Laboratorio de Simulación Imágenes UDD
