{"id":241,"date":"2025-09-16T11:51:15","date_gmt":"2025-09-16T14:51:15","guid":{"rendered":"https:\/\/medicina.udd.cl\/innovatm\/?post_type=testimonial&#038;p=241"},"modified":"2025-09-22T13:03:35","modified_gmt":"2025-09-22T16:03:35","slug":"maria-adriana-parra","status":"publish","type":"testimonial","link":"https:\/\/medicina.udd.cl\/innovatm\/testimonio\/maria-adriana-parra\/","title":{"rendered":"TM. Mar\u00eda Adriana Parra"},"content":{"rendered":"\n<p><em>\u201cComo directora de carrera, siento un gran orgullo al ver la p\u00e1gina&nbsp;\u00abINNOVA TECNOLOG\u00cdA M\u00c9DICA\u00bb, la que sin duda permitir\u00e1 en base a la aplicaci\u00f3n de competencias digitales ser un canal de comunicaci\u00f3n para nuestros estudiantes, docentes, y tutores de campos cl\u00ednicos.<\/em><\/p>\n\n\n\n<p><em>Se desarrollar\u00e1n las \u00e1reas de innovaci\u00f3n, investigaci\u00f3n y creaci\u00f3n de contenidos que permitir\u00e1n reflejar nuestro quehacer como profesionales y un desarrollo de nuestros estudiantes a partir del primer a\u00f1o y que estar\u00e1n presentes posteriormente como alumni de la Carrera.<\/em><\/p>\n\n\n\n<p><em>El\u00a0Coordinador de la especialidad de Imagenolog\u00eda y F\u00edsica M\u00e9dica\u00a0T.M. Ra\u00fal Torres, gestor de esta iniciativa de vinculaci\u00f3n con el medio, ve convertida\u00a0en realidad una idea que permitir\u00e1 dar a conocer nuestro quehacer y reafirmar m\u00e1s el sentido de profesionalismo y vocaci\u00f3n de nuestros estudiantes y sus equipos docentes\u201d.<\/em><\/p>\n","protected":false},"featured_media":242,"template":"","testimonial-categories":[],"class_list":["post-241","testimonial","type-testimonial","status-publish","has-post-thumbnail","hentry"],"yoast_head":"<!-- This site is optimized with the Yoast SEO plugin v26.9 - https:\/\/yoast.com\/product\/yoast-seo-wordpress\/ -->\n<title>TM. Mar\u00eda Adriana Parra - Innova Tecnolog\u00eda M\u00e9dica<\/title>\n<meta name=\"robots\" content=\"index, follow, max-snippet:-1, max-image-preview:large, max-video-preview:-1\" \/>\n<link rel=\"canonical\" href=\"https:\/\/medicina.udd.cl\/innovatm\/testimonio\/maria-adriana-parra\/\" \/>\n<meta property=\"og:locale\" content=\"es_ES\" \/>\n<meta property=\"og:type\" content=\"article\" \/>\n<meta property=\"og:title\" content=\"TM. Mar\u00eda Adriana Parra - Innova Tecnolog\u00eda M\u00e9dica\" \/>\n<meta property=\"og:description\" content=\"\u201cComo directora de carrera, siento un gran orgullo al ver la p\u00e1gina&nbsp;\u00abINNOVA TECNOLOG\u00cdA M\u00c9DICA\u00bb, la que sin duda permitir\u00e1 en base a la aplicaci\u00f3n de competencias digitales ser un canal de comunicaci\u00f3n para nuestros estudiantes, docentes, y tutores de campos cl\u00ednicos. Se desarrollar\u00e1n las \u00e1reas de innovaci\u00f3n, investigaci\u00f3n y creaci\u00f3n de contenidos que permitir\u00e1n reflejar [&hellip;]\" \/>\n<meta property=\"og:url\" content=\"https:\/\/medicina.udd.cl\/innovatm\/testimonio\/maria-adriana-parra\/\" \/>\n<meta property=\"og:site_name\" content=\"Innova Tecnolog\u00eda M\u00e9dica\" \/>\n<meta property=\"article:modified_time\" content=\"2025-09-22T16:03:35+00:00\" \/>\n<meta property=\"og:image\" content=\"http:\/\/medicina.udd.cl\/innovatm\/files\/2025\/09\/maria-a-parra.jpg\" \/>\n\t<meta property=\"og:image:width\" content=\"2096\" \/>\n\t<meta property=\"og:image:height\" content=\"2138\" \/>\n\t<meta property=\"og:image:type\" content=\"image\/jpeg\" \/>\n<meta name=\"twitter:card\" content=\"summary_large_image\" \/>\n<meta name=\"twitter:label1\" content=\"Tiempo de lectura\" \/>\n\t<meta name=\"twitter:data1\" content=\"1 minuto\" \/>\n<script type=\"application\/ld+json\" class=\"yoast-schema-graph\">{\"@context\":\"https:\/\/schema.org\",\"@graph\":[{\"@type\":\"WebPage\",\"@id\":\"https:\/\/medicina.udd.cl\/innovatm\/testimonio\/maria-adriana-parra\/\",\"url\":\"https:\/\/medicina.udd.cl\/innovatm\/testimonio\/maria-adriana-parra\/\",\"name\":\"TM. Mar\u00eda Adriana Parra - Innova Tecnolog\u00eda M\u00e9dica\",\"isPartOf\":{\"@id\":\"https:\/\/medicina.udd.cl\/innovatm\/#website\"},\"primaryImageOfPage\":{\"@id\":\"https:\/\/medicina.udd.cl\/innovatm\/testimonio\/maria-adriana-parra\/#primaryimage\"},\"image\":{\"@id\":\"https:\/\/medicina.udd.cl\/innovatm\/testimonio\/maria-adriana-parra\/#primaryimage\"},\"thumbnailUrl\":\"https:\/\/medicina.udd.cl\/innovatm\/files\/2025\/09\/maria-a-parra.jpg\",\"datePublished\":\"2025-09-16T14:51:15+00:00\",\"dateModified\":\"2025-09-22T16:03:35+00:00\",\"breadcrumb\":{\"@id\":\"https:\/\/medicina.udd.cl\/innovatm\/testimonio\/maria-adriana-parra\/#breadcrumb\"},\"inLanguage\":\"es\",\"potentialAction\":[{\"@type\":\"ReadAction\",\"target\":[\"https:\/\/medicina.udd.cl\/innovatm\/testimonio\/maria-adriana-parra\/\"]}]},{\"@type\":\"ImageObject\",\"inLanguage\":\"es\",\"@id\":\"https:\/\/medicina.udd.cl\/innovatm\/testimonio\/maria-adriana-parra\/#primaryimage\",\"url\":\"https:\/\/medicina.udd.cl\/innovatm\/files\/2025\/09\/maria-a-parra.jpg\",\"contentUrl\":\"https:\/\/medicina.udd.cl\/innovatm\/files\/2025\/09\/maria-a-parra.jpg\",\"width\":2096,\"height\":2138},{\"@type\":\"BreadcrumbList\",\"@id\":\"https:\/\/medicina.udd.cl\/innovatm\/testimonio\/maria-adriana-parra\/#breadcrumb\",\"itemListElement\":[{\"@type\":\"ListItem\",\"position\":1,\"name\":\"Testimonios\",\"item\":\"https:\/\/medicina.udd.cl\/innovatm\/testimonio\/\"},{\"@type\":\"ListItem\",\"position\":2,\"name\":\"TM. Mar\u00eda Adriana Parra\"}]},{\"@type\":\"WebSite\",\"@id\":\"https:\/\/medicina.udd.cl\/innovatm\/#website\",\"url\":\"https:\/\/medicina.udd.cl\/innovatm\/\",\"name\":\"Innova Tecnolog\u00eda M\u00e9dica\",\"description\":\"\",\"inLanguage\":\"es\"}]}<\/script>\n<!-- \/ Yoast SEO plugin. -->","yoast_head_json":{"title":"TM. Mar\u00eda Adriana Parra - Innova Tecnolog\u00eda M\u00e9dica","robots":{"index":"index","follow":"follow","max-snippet":"max-snippet:-1","max-image-preview":"max-image-preview:large","max-video-preview":"max-video-preview:-1"},"canonical":"https:\/\/medicina.udd.cl\/innovatm\/testimonio\/maria-adriana-parra\/","og_locale":"es_ES","og_type":"article","og_title":"TM. Mar\u00eda Adriana Parra - Innova Tecnolog\u00eda M\u00e9dica","og_description":"\u201cComo directora de carrera, siento un gran orgullo al ver la p\u00e1gina&nbsp;\u00abINNOVA TECNOLOG\u00cdA M\u00c9DICA\u00bb, la que sin duda permitir\u00e1 en base a la aplicaci\u00f3n de competencias digitales ser un canal de comunicaci\u00f3n para nuestros estudiantes, docentes, y tutores de campos cl\u00ednicos. Se desarrollar\u00e1n las \u00e1reas de innovaci\u00f3n, investigaci\u00f3n y creaci\u00f3n de contenidos que permitir\u00e1n reflejar [&hellip;]","og_url":"https:\/\/medicina.udd.cl\/innovatm\/testimonio\/maria-adriana-parra\/","og_site_name":"Innova Tecnolog\u00eda M\u00e9dica","article_modified_time":"2025-09-22T16:03:35+00:00","og_image":[{"width":2096,"height":2138,"url":"http:\/\/medicina.udd.cl\/innovatm\/files\/2025\/09\/maria-a-parra.jpg","type":"image\/jpeg"}],"twitter_card":"summary_large_image","twitter_misc":{"Tiempo de lectura":"1 minuto"},"schema":{"@context":"https:\/\/schema.org","@graph":[{"@type":"WebPage","@id":"https:\/\/medicina.udd.cl\/innovatm\/testimonio\/maria-adriana-parra\/","url":"https:\/\/medicina.udd.cl\/innovatm\/testimonio\/maria-adriana-parra\/","name":"TM. Mar\u00eda Adriana Parra - Innova Tecnolog\u00eda M\u00e9dica","isPartOf":{"@id":"https:\/\/medicina.udd.cl\/innovatm\/#website"},"primaryImageOfPage":{"@id":"https:\/\/medicina.udd.cl\/innovatm\/testimonio\/maria-adriana-parra\/#primaryimage"},"image":{"@id":"https:\/\/medicina.udd.cl\/innovatm\/testimonio\/maria-adriana-parra\/#primaryimage"},"thumbnailUrl":"https:\/\/medicina.udd.cl\/innovatm\/files\/2025\/09\/maria-a-parra.jpg","datePublished":"2025-09-16T14:51:15+00:00","dateModified":"2025-09-22T16:03:35+00:00","breadcrumb":{"@id":"https:\/\/medicina.udd.cl\/innovatm\/testimonio\/maria-adriana-parra\/#breadcrumb"},"inLanguage":"es","potentialAction":[{"@type":"ReadAction","target":["https:\/\/medicina.udd.cl\/innovatm\/testimonio\/maria-adriana-parra\/"]}]},{"@type":"ImageObject","inLanguage":"es","@id":"https:\/\/medicina.udd.cl\/innovatm\/testimonio\/maria-adriana-parra\/#primaryimage","url":"https:\/\/medicina.udd.cl\/innovatm\/files\/2025\/09\/maria-a-parra.jpg","contentUrl":"https:\/\/medicina.udd.cl\/innovatm\/files\/2025\/09\/maria-a-parra.jpg","width":2096,"height":2138},{"@type":"BreadcrumbList","@id":"https:\/\/medicina.udd.cl\/innovatm\/testimonio\/maria-adriana-parra\/#breadcrumb","itemListElement":[{"@type":"ListItem","position":1,"name":"Testimonios","item":"https:\/\/medicina.udd.cl\/innovatm\/testimonio\/"},{"@type":"ListItem","position":2,"name":"TM. Mar\u00eda Adriana Parra"}]},{"@type":"WebSite","@id":"https:\/\/medicina.udd.cl\/innovatm\/#website","url":"https:\/\/medicina.udd.cl\/innovatm\/","name":"Innova Tecnolog\u00eda M\u00e9dica","description":"","inLanguage":"es"}]}},"_links":{"self":[{"href":"https:\/\/medicina.udd.cl\/innovatm\/wp-json\/wp\/v2\/testimonials\/241","targetHints":{"allow":["GET"]}}],"collection":[{"href":"https:\/\/medicina.udd.cl\/innovatm\/wp-json\/wp\/v2\/testimonials"}],"about":[{"href":"https:\/\/medicina.udd.cl\/innovatm\/wp-json\/wp\/v2\/types\/testimonial"}],"wp:featuredmedia":[{"embeddable":true,"href":"https:\/\/medicina.udd.cl\/innovatm\/wp-json\/wp\/v2\/media\/242"}],"wp:attachment":[{"href":"https:\/\/medicina.udd.cl\/innovatm\/wp-json\/wp\/v2\/media?parent=241"}],"wp:term":[{"taxonomy":"testimonial_category","embeddable":true,"href":"https:\/\/medicina.udd.cl\/innovatm\/wp-json\/wp\/v2\/testimonial-categories?post=241"}],"curies":[{"name":"wp","href":"https:\/\/api.w.org\/{rel}","templated":true}]}}

TM. María Adriana Parra

<p><em>“Como directora de carrera, siento un gran orgullo al ver la página&nbsp;«INNOVA TECNOLOGÍA MÉDICA», la que sin duda permitirá en base a la aplicación de competencias digitales ser un canal de comunicación para nuestros estudiantes, docentes, y tutores de campos clínicos.</em></p>



<p><em>Se desarrollarán las áreas de innovación, investigación y creación de contenidos que permitirán reflejar nuestro quehacer como profesionales y un desarrollo de nuestros estudiantes a partir del primer año y que estarán presentes posteriormente como alumni de la Carrera.</em></p>



<p><em>El Coordinador de la especialidad de Imagenología y Física Médica T.M. Raúl Torres, gestor de esta iniciativa de vinculación con el medio, ve convertida en realidad una idea que permitirá dar a conocer nuestro quehacer y reafirmar más el sentido de profesionalismo y vocación de nuestros estudiantes y sus equipos docentes”.</em></p>

<!-- This site is optimized with the Yoast SEO plugin v26.9 - https://yoast.com/product/yoast-seo-wordpress/ -->
<title>TM. María Adriana Parra - Innova Tecnología Médica</title>
<meta name="robots" content="index, follow, max-snippet:-1, max-image-preview:large, max-video-preview:-1" />
<link rel="canonical" href="https://medicina.udd.cl/innovatm/testimonio/maria-adriana-parra/" />
<meta property="og:locale" content="es_ES" />
<meta property="og:type" content="article" />
<meta property="og:title" content="TM. María Adriana Parra - Innova Tecnología Médica" />
<meta property="og:description" content="“Como directora de carrera, siento un gran orgullo al ver la página&nbsp;«INNOVA TECNOLOGÍA MÉDICA», la que sin duda permitirá en base a la aplicación de competencias digitales ser un canal de comunicación para nuestros estudiantes, docentes, y tutores de campos clínicos. Se desarrollarán las áreas de innovación, investigación y creación de contenidos que permitirán reflejar [&hellip;]" />
<meta property="og:url" content="https://medicina.udd.cl/innovatm/testimonio/maria-adriana-parra/" />
<meta property="og:site_name" content="Innova Tecnología Médica" />
<meta property="article:modified_time" content="2025-09-22T16:03:35+00:00" />
<meta property="og:image" content="http://medicina.udd.cl/innovatm/files/2025/09/maria-a-parra.jpg" />
	<meta property="og:image:width" content="2096" />
	<meta property="og:image:height" content="2138" />
	<meta property="og:image:type" content="image/jpeg" />
<meta name="twitter:card" content="summary_large_image" />
<meta name="twitter:label1" content="Tiempo de lectura" />
	<meta name="twitter:data1" content="1 minuto" />
<script type="application/ld+json" class="yoast-schema-graph">{"@context":"https://schema.org","@graph":[{"@type":"WebPage","@id":"https://medicina.udd.cl/innovatm/testimonio/maria-adriana-parra/","url":"https://medicina.udd.cl/innovatm/testimonio/maria-adriana-parra/","name":"TM. María Adriana Parra - Innova Tecnología Médica","isPartOf":{"@id":"https://medicina.udd.cl/innovatm/#website"},"primaryImageOfPage":{"@id":"https://medicina.udd.cl/innovatm/testimonio/maria-adriana-parra/#primaryimage"},"image":{"@id":"https://medicina.udd.cl/innovatm/testimonio/maria-adriana-parra/#primaryimage"},"thumbnailUrl":"https://medicina.udd.cl/innovatm/files/2025/09/maria-a-parra.jpg","datePublished":"2025-09-16T14:51:15+00:00","dateModified":"2025-09-22T16:03:35+00:00","breadcrumb":{"@id":"https://medicina.udd.cl/innovatm/testimonio/maria-adriana-parra/#breadcrumb"},"inLanguage":"es","potentialAction":[{"@type":"ReadAction","target":["https://medicina.udd.cl/innovatm/testimonio/maria-adriana-parra/"]}]},{"@type":"ImageObject","inLanguage":"es","@id":"https://medicina.udd.cl/innovatm/testimonio/maria-adriana-parra/#primaryimage","url":"https://medicina.udd.cl/innovatm/files/2025/09/maria-a-parra.jpg","contentUrl":"https://medicina.udd.cl/innovatm/files/2025/09/maria-a-parra.jpg","width":2096,"height":2138},{"@type":"BreadcrumbList","@id":"https://medicina.udd.cl/innovatm/testimonio/maria-adriana-parra/#breadcrumb","itemListElement":[{"@type":"ListItem","position":1,"name":"Testimonios","item":"https://medicina.udd.cl/innovatm/testimonio/"},{"@type":"ListItem","position":2,"name":"TM. María Adriana Parra"}]},{"@type":"WebSite","@id":"https://medicina.udd.cl/innovatm/#website","url":"https://medicina.udd.cl/innovatm/","name":"Innova Tecnología Médica","description":"","inLanguage":"es"}]}</script>
<!-- / Yoast SEO plugin. -->

TM. María Adriana Parra - Innova Tecnología Médica

“Como directora de carrera, siento un gran orgullo al ver la página&nbsp;«INNOVA TECNOLOGÍA MÉDICA», la que sin duda permitirá en base a la aplicación de competencias digitales ser un canal de comunicación para nuestros estudiantes, docentes, y tutores de campos clínicos. Se desarrollarán las áreas de innovación, investigación y creación de contenidos que permitirán reflejar [&hellip;]

Innova Tecnología Médica
