{"id":1537,"date":"2013-12-04T12:46:47","date_gmt":"2013-12-04T15:46:47","guid":{"rendered":"http:\/\/medicina.udd.cl\/kinesiologia-santiago\/files\/2013\/12\/Ciclo-Piano-3.jpg"},"modified":"2013-12-04T12:46:47","modified_gmt":"2013-12-04T15:46:47","slug":"ciclo-piano-3","status":"inherit","type":"attachment","link":"https:\/\/medicina.udd.cl\/kinesiologia-santiago\/noticias\/2013\/12\/04\/campos-clinicos-de-la-facultad-celebran-cierre-de-ano-academico\/ciclo-piano-3\/","title":{"rendered":"Ciclo-Piano-3"},"author":40,"featured_media":0,"comment_status":"open","ping_status":"open","template":"","meta":[],"class_list":["post-1537","attachment","type-attachment","status-inherit","hentry"],"yoast_head":"<!-- This site is optimized with the Yoast SEO plugin v26.9 - https:\/\/yoast.com\/product\/yoast-seo-wordpress\/ -->\n<title>Ciclo-Piano-3 - Kinesiolog\u00eda<\/title>\n<meta name=\"robots\" content=\"index, follow, max-snippet:-1, max-image-preview:large, max-video-preview:-1\" \/>\n<link rel=\"canonical\" href=\"https:\/\/medicina.udd.cl\/kinesiologia-santiago\/files\/2013\/12\/Ciclo-Piano-3.jpg\" \/>\n<meta property=\"og:locale\" content=\"es_ES\" \/>\n<meta property=\"og:type\" content=\"article\" \/>\n<meta property=\"og:title\" content=\"Ciclo-Piano-3 - Kinesiolog\u00eda\" \/>\n<meta property=\"og:url\" content=\"https:\/\/medicina.udd.cl\/kinesiologia-santiago\/files\/2013\/12\/Ciclo-Piano-3.jpg\" \/>\n<meta property=\"og:site_name\" content=\"Kinesiolog\u00eda\" \/>\n<meta property=\"og:image\" content=\"https:\/\/medicina.udd.cl\/kinesiologia-santiago\/files\/2013\/12\/Ciclo-Piano-3.jpg\" \/>\n\t<meta property=\"og:image:width\" content=\"670\" \/>\n\t<meta property=\"og:image:height\" content=\"450\" \/>\n\t<meta property=\"og:image:type\" content=\"image\/jpeg\" \/>\n<script type=\"application\/ld+json\" class=\"yoast-schema-graph\">{\"@context\":\"https:\/\/schema.org\",\"@graph\":[{\"@type\":\"WebPage\",\"@id\":\"https:\/\/medicina.udd.cl\/kinesiologia-santiago\/files\/2013\/12\/Ciclo-Piano-3.jpg\",\"url\":\"https:\/\/medicina.udd.cl\/kinesiologia-santiago\/files\/2013\/12\/Ciclo-Piano-3.jpg\",\"name\":\"Ciclo-Piano-3 - Kinesiolog\u00eda\",\"isPartOf\":{\"@id\":\"https:\/\/medicina.udd.cl\/kinesiologia-santiago\/#website\"},\"datePublished\":\"2013-12-04T15:46:47+00:00\",\"breadcrumb\":{\"@id\":\"https:\/\/medicina.udd.cl\/kinesiologia-santiago\/files\/2013\/12\/Ciclo-Piano-3.jpg#breadcrumb\"},\"inLanguage\":\"es\",\"potentialAction\":[{\"@type\":\"ReadAction\",\"target\":[\"https:\/\/medicina.udd.cl\/kinesiologia-santiago\/files\/2013\/12\/Ciclo-Piano-3.jpg\"]}]},{\"@type\":\"BreadcrumbList\",\"@id\":\"https:\/\/medicina.udd.cl\/kinesiologia-santiago\/files\/2013\/12\/Ciclo-Piano-3.jpg#breadcrumb\",\"itemListElement\":[{\"@type\":\"ListItem\",\"position\":1,\"name\":\"Home\",\"item\":\"https:\/\/medicina.udd.cl\/kinesiologia-santiago\/\"},{\"@type\":\"ListItem\",\"position\":2,\"name\":\"Campos cl\u00ednicos de la Facultad celebran cierre de a\u00f1o acad\u00e9mico\",\"item\":\"https:\/\/medicina.udd.cl\/kinesiologia-santiago\/noticias\/2013\/12\/04\/campos-clinicos-de-la-facultad-celebran-cierre-de-ano-academico\/\"},{\"@type\":\"ListItem\",\"position\":3,\"name\":\"Ciclo-Piano-3\"}]},{\"@type\":\"WebSite\",\"@id\":\"https:\/\/medicina.udd.cl\/kinesiologia-santiago\/#website\",\"url\":\"https:\/\/medicina.udd.cl\/kinesiologia-santiago\/\",\"name\":\"Kinesiolog\u00eda\",\"description\":\"Facultad de Medicina Cl\u00ednica Alemana Universidad del Desarrollo\",\"inLanguage\":\"es\"}]}<\/script>\n<!-- \/ Yoast SEO plugin. -->","yoast_head_json":{"title":"Ciclo-Piano-3 - Kinesiolog\u00eda","robots":{"index":"index","follow":"follow","max-snippet":"max-snippet:-1","max-image-preview":"max-image-preview:large","max-video-preview":"max-video-preview:-1"},"canonical":"https:\/\/medicina.udd.cl\/kinesiologia-santiago\/files\/2013\/12\/Ciclo-Piano-3.jpg","og_locale":"es_ES","og_type":"article","og_title":"Ciclo-Piano-3 - Kinesiolog\u00eda","og_url":"https:\/\/medicina.udd.cl\/kinesiologia-santiago\/files\/2013\/12\/Ciclo-Piano-3.jpg","og_site_name":"Kinesiolog\u00eda","og_image":[{"width":670,"height":450,"url":"https:\/\/medicina.udd.cl\/kinesiologia-santiago\/files\/2013\/12\/Ciclo-Piano-3.jpg","type":"image\/jpeg"}],"schema":{"@context":"https:\/\/schema.org","@graph":[{"@type":"WebPage","@id":"https:\/\/medicina.udd.cl\/kinesiologia-santiago\/files\/2013\/12\/Ciclo-Piano-3.jpg","url":"https:\/\/medicina.udd.cl\/kinesiologia-santiago\/files\/2013\/12\/Ciclo-Piano-3.jpg","name":"Ciclo-Piano-3 - Kinesiolog\u00eda","isPartOf":{"@id":"https:\/\/medicina.udd.cl\/kinesiologia-santiago\/#website"},"datePublished":"2013-12-04T15:46:47+00:00","breadcrumb":{"@id":"https:\/\/medicina.udd.cl\/kinesiologia-santiago\/files\/2013\/12\/Ciclo-Piano-3.jpg#breadcrumb"},"inLanguage":"es","potentialAction":[{"@type":"ReadAction","target":["https:\/\/medicina.udd.cl\/kinesiologia-santiago\/files\/2013\/12\/Ciclo-Piano-3.jpg"]}]},{"@type":"BreadcrumbList","@id":"https:\/\/medicina.udd.cl\/kinesiologia-santiago\/files\/2013\/12\/Ciclo-Piano-3.jpg#breadcrumb","itemListElement":[{"@type":"ListItem","position":1,"name":"Home","item":"https:\/\/medicina.udd.cl\/kinesiologia-santiago\/"},{"@type":"ListItem","position":2,"name":"Campos cl\u00ednicos de la Facultad celebran cierre de a\u00f1o acad\u00e9mico","item":"https:\/\/medicina.udd.cl\/kinesiologia-santiago\/noticias\/2013\/12\/04\/campos-clinicos-de-la-facultad-celebran-cierre-de-ano-academico\/"},{"@type":"ListItem","position":3,"name":"Ciclo-Piano-3"}]},{"@type":"WebSite","@id":"https:\/\/medicina.udd.cl\/kinesiologia-santiago\/#website","url":"https:\/\/medicina.udd.cl\/kinesiologia-santiago\/","name":"Kinesiolog\u00eda","description":"Facultad de Medicina Cl\u00ednica Alemana Universidad del Desarrollo","inLanguage":"es"}]}},"description":{"rendered":"<p class=\"attachment\"><a href='https:\/\/medicina.udd.cl\/kinesiologia-santiago\/files\/2013\/12\/Ciclo-Piano-3.jpg'><img loading=\"lazy\" decoding=\"async\" width=\"300\" height=\"201\" src=\"https:\/\/medicina.udd.cl\/kinesiologia-santiago\/files\/2013\/12\/Ciclo-Piano-3-300x201.jpg\" class=\"attachment-medium size-medium\" alt=\"\" srcset=\"https:\/\/medicina.udd.cl\/kinesiologia-santiago\/files\/2013\/12\/Ciclo-Piano-3-300x201.jpg 300w, https:\/\/medicina.udd.cl\/kinesiologia-santiago\/files\/2013\/12\/Ciclo-Piano-3.jpg 670w\" sizes=\"auto, (max-width: 300px) 100vw, 300px\" \/><\/a><\/p>\n"},"caption":{"rendered":""},"alt_text":"","media_type":"image","mime_type":"image\/jpeg","media_details":{"width":670,"height":450,"file":"2013\/12\/Ciclo-Piano-3.jpg","sizes":{"thumbnail":{"file":"Ciclo-Piano-3-150x150.jpg","width":150,"height":150,"mime_type":"image\/jpeg","source_url":"https:\/\/medicina.udd.cl\/kinesiologia-santiago\/files\/2013\/12\/Ciclo-Piano-3-150x150.jpg"},"medium":{"file":"Ciclo-Piano-3-300x201.jpg","width":300,"height":201,"mime_type":"image\/jpeg","source_url":"https:\/\/medicina.udd.cl\/kinesiologia-santiago\/files\/2013\/12\/Ciclo-Piano-3-300x201.jpg"},"newsletter_featured":{"file":"Ciclo-Piano-3-316x224.jpg","width":316,"height":224,"mime_type":"image\/jpeg","source_url":"https:\/\/medicina.udd.cl\/kinesiologia-santiago\/files\/2013\/12\/Ciclo-Piano-3-316x224.jpg"},"newsletter_first":{"file":"Ciclo-Piano-3-286x205.jpg","width":286,"height":205,"mime_type":"image\/jpeg","source_url":"https:\/\/medicina.udd.cl\/kinesiologia-santiago\/files\/2013\/12\/Ciclo-Piano-3-286x205.jpg"},"newsletter_thumb":{"file":"Ciclo-Piano-3-288x150.jpg","width":288,"height":150,"mime_type":"image\/jpeg","source_url":"https:\/\/medicina.udd.cl\/kinesiologia-santiago\/files\/2013\/12\/Ciclo-Piano-3-288x150.jpg"},"newsletter_column":{"file":"Ciclo-Piano-3-182x140.jpg","width":182,"height":140,"mime_type":"image\/jpeg","source_url":"https:\/\/medicina.udd.cl\/kinesiologia-santiago\/files\/2013\/12\/Ciclo-Piano-3-182x140.jpg"},"newsletter_square":{"file":"Ciclo-Piano-3-62x62.jpg","width":62,"height":62,"mime_type":"image\/jpeg","source_url":"https:\/\/medicina.udd.cl\/kinesiologia-santiago\/files\/2013\/12\/Ciclo-Piano-3-62x62.jpg"},"newsletter_square_large":{"file":"Ciclo-Piano-3-87x62.jpg","width":87,"height":62,"mime_type":"image\/jpeg","source_url":"https:\/\/medicina.udd.cl\/kinesiologia-santiago\/files\/2013\/12\/Ciclo-Piano-3-87x62.jpg"},"featured-home":{"file":"Ciclo-Piano-3-670x450.jpg","width":670,"height":450,"mime_type":"image\/jpeg","source_url":"https:\/\/medicina.udd.cl\/kinesiologia-santiago\/files\/2013\/12\/Ciclo-Piano-3-670x450.jpg"},"featured-career":{"file":"Ciclo-Piano-3-660x430.jpg","width":660,"height":430,"mime_type":"image\/jpeg","source_url":"https:\/\/medicina.udd.cl\/kinesiologia-santiago\/files\/2013\/12\/Ciclo-Piano-3-660x430.jpg"},"squared":{"file":"Ciclo-Piano-3-300x300.jpg","width":300,"height":300,"mime_type":"image\/jpeg","source_url":"https:\/\/medicina.udd.cl\/kinesiologia-santiago\/files\/2013\/12\/Ciclo-Piano-3-300x300.jpg"},"stretch":{"file":"Ciclo-Piano-3-670x450.jpg","width":670,"height":450,"mime_type":"image\/jpeg","source_url":"https:\/\/medicina.udd.cl\/kinesiologia-santiago\/files\/2013\/12\/Ciclo-Piano-3-670x450.jpg"},"portrait-medium":{"file":"Ciclo-Piano-3-220x260.jpg","width":220,"height":260,"mime_type":"image\/jpeg","source_url":"https:\/\/medicina.udd.cl\/kinesiologia-santiago\/files\/2013\/12\/Ciclo-Piano-3-220x260.jpg"},"landscape-small":{"file":"Ciclo-Piano-3-125x80.jpg","width":125,"height":80,"mime_type":"image\/jpeg","source_url":"https:\/\/medicina.udd.cl\/kinesiologia-santiago\/files\/2013\/12\/Ciclo-Piano-3-125x80.jpg"},"landscape-medium":{"file":"Ciclo-Piano-3-340x220.jpg","width":340,"height":220,"mime_type":"image\/jpeg","source_url":"https:\/\/medicina.udd.cl\/kinesiologia-santiago\/files\/2013\/12\/Ciclo-Piano-3-340x220.jpg"},"landscape-large":{"file":"Ciclo-Piano-3-365x255.jpg","width":365,"height":255,"mime_type":"image\/jpeg","source_url":"https:\/\/medicina.udd.cl\/kinesiologia-santiago\/files\/2013\/12\/Ciclo-Piano-3-365x255.jpg"},"landscape-xlarge":{"file":"Ciclo-Piano-3-660x430.jpg","width":660,"height":430,"mime_type":"image\/jpeg","source_url":"https:\/\/medicina.udd.cl\/kinesiologia-santiago\/files\/2013\/12\/Ciclo-Piano-3-660x430.jpg"},"panoramic":{"file":"Ciclo-Piano-3-670x345.jpg","width":670,"height":345,"mime_type":"image\/jpeg","source_url":"https:\/\/medicina.udd.cl\/kinesiologia-santiago\/files\/2013\/12\/Ciclo-Piano-3-670x345.jpg"},"stretch-large":{"file":"Ciclo-Piano-3-670x450.jpg","width":670,"height":450,"mime_type":"image\/jpeg","source_url":"https:\/\/medicina.udd.cl\/kinesiologia-santiago\/files\/2013\/12\/Ciclo-Piano-3-670x450.jpg"},"custom_content":{"file":"Ciclo-Piano-3-126x126.jpg","width":126,"height":126,"mime_type":"image\/jpeg","source_url":"https:\/\/medicina.udd.cl\/kinesiologia-santiago\/files\/2013\/12\/Ciclo-Piano-3-126x126.jpg"},"full":{"file":"Ciclo-Piano-3.jpg","width":670,"height":450,"mime_type":"image\/jpeg","source_url":"https:\/\/medicina.udd.cl\/kinesiologia-santiago\/files\/2013\/12\/Ciclo-Piano-3.jpg"}},"image_meta":{"aperture":"3.5","credit":"","camera":"NIKON D60","caption":"????????????????????????????????????","created_timestamp":"1385729571","copyright":"","focal_length":"18","iso":"200","shutter_speed":"0.016666666666667","title":"","orientation":"1","keywords":[]}},"post":1533,"source_url":"https:\/\/medicina.udd.cl\/kinesiologia-santiago\/files\/2013\/12\/Ciclo-Piano-3.jpg","_links":{"self":[{"href":"https:\/\/medicina.udd.cl\/kinesiologia-santiago\/wp-json\/wp\/v2\/media\/1537","targetHints":{"allow":["GET"]}}],"collection":[{"href":"https:\/\/medicina.udd.cl\/kinesiologia-santiago\/wp-json\/wp\/v2\/media"}],"about":[{"href":"https:\/\/medicina.udd.cl\/kinesiologia-santiago\/wp-json\/wp\/v2\/types\/attachment"}],"author":[{"embeddable":true,"href":"https:\/\/medicina.udd.cl\/kinesiologia-santiago\/wp-json\/wp\/v2\/users\/40"}],"replies":[{"embeddable":true,"href":"https:\/\/medicina.udd.cl\/kinesiologia-santiago\/wp-json\/wp\/v2\/comments?post=1537"}],"wp:attached-to":[{"embeddable":true,"post_type":"post","id":1533,"href":"https:\/\/medicina.udd.cl\/kinesiologia-santiago\/wp-json\/wp\/v2\/posts\/1533"}],"curies":[{"name":"wp","href":"https:\/\/api.w.org\/{rel}","templated":true}]}}

<!-- This site is optimized with the Yoast SEO plugin v26.9 - https://yoast.com/product/yoast-seo-wordpress/ -->
<title>Ciclo-Piano-3 - Kinesiología</title>
<meta name="robots" content="index, follow, max-snippet:-1, max-image-preview:large, max-video-preview:-1" />
<link rel="canonical" href="https://medicina.udd.cl/kinesiologia-santiago/files/2013/12/Ciclo-Piano-3.jpg" />
<meta property="og:locale" content="es_ES" />
<meta property="og:type" content="article" />
<meta property="og:title" content="Ciclo-Piano-3 - Kinesiología" />
<meta property="og:url" content="https://medicina.udd.cl/kinesiologia-santiago/files/2013/12/Ciclo-Piano-3.jpg" />
<meta property="og:site_name" content="Kinesiología" />
<meta property="og:image" content="https://medicina.udd.cl/kinesiologia-santiago/files/2013/12/Ciclo-Piano-3.jpg" />
	<meta property="og:image:width" content="670" />
	<meta property="og:image:height" content="450" />
	<meta property="og:image:type" content="image/jpeg" />
<script type="application/ld+json" class="yoast-schema-graph">{"@context":"https://schema.org","@graph":[{"@type":"WebPage","@id":"https://medicina.udd.cl/kinesiologia-santiago/files/2013/12/Ciclo-Piano-3.jpg","url":"https://medicina.udd.cl/kinesiologia-santiago/files/2013/12/Ciclo-Piano-3.jpg","name":"Ciclo-Piano-3 - Kinesiología","isPartOf":{"@id":"https://medicina.udd.cl/kinesiologia-santiago/#website"},"datePublished":"2013-12-04T15:46:47+00:00","breadcrumb":{"@id":"https://medicina.udd.cl/kinesiologia-santiago/files/2013/12/Ciclo-Piano-3.jpg#breadcrumb"},"inLanguage":"es","potentialAction":[{"@type":"ReadAction","target":["https://medicina.udd.cl/kinesiologia-santiago/files/2013/12/Ciclo-Piano-3.jpg"]}]},{"@type":"BreadcrumbList","@id":"https://medicina.udd.cl/kinesiologia-santiago/files/2013/12/Ciclo-Piano-3.jpg#breadcrumb","itemListElement":[{"@type":"ListItem","position":1,"name":"Home","item":"https://medicina.udd.cl/kinesiologia-santiago/"},{"@type":"ListItem","position":2,"name":"Campos clínicos de la Facultad celebran cierre de año académico","item":"https://medicina.udd.cl/kinesiologia-santiago/noticias/2013/12/04/campos-clinicos-de-la-facultad-celebran-cierre-de-ano-academico/"},{"@type":"ListItem","position":3,"name":"Ciclo-Piano-3"}]},{"@type":"WebSite","@id":"https://medicina.udd.cl/kinesiologia-santiago/#website","url":"https://medicina.udd.cl/kinesiologia-santiago/","name":"Kinesiología","description":"Facultad de Medicina Clínica Alemana Universidad del Desarrollo","inLanguage":"es"}]}</script>
<!-- / Yoast SEO plugin. -->

Ciclo-Piano-3 - Kinesiología

Kinesiología

Campos clínicos de la Facultad celebran cierre de año académico

Facultad de Medicina Clínica Alemana Universidad del Desarrollo
