{"id":211,"date":"2010-10-25T12:30:38","date_gmt":"2010-10-25T15:30:38","guid":{"rendered":"http:\/\/medicina.udd.cl\/kinesiologia-santiago\/files\/2010\/10\/parto2.jpg"},"modified":"2010-10-25T12:30:38","modified_gmt":"2010-10-25T15:30:38","slug":"parto2","status":"inherit","type":"attachment","link":"https:\/\/medicina.udd.cl\/kinesiologia-santiago\/noticias\/2010\/10\/22\/diplomados-y-cursos-de-extension-en-kinesiologia\/parto2\/","title":{"rendered":"Jorge Molina, director de Kinesiolog\u00eda; Dr. Ricardo Lillo, director de postgrado y Ra\u00fal Ahumada, coordinador acad\u00e9mico de Kinesiolog\u00eda"},"author":1,"featured_media":0,"comment_status":"open","ping_status":"open","template":"","meta":[],"class_list":["post-211","attachment","type-attachment","status-inherit","hentry"],"yoast_head":"<!-- This site is optimized with the Yoast SEO plugin v26.9 - https:\/\/yoast.com\/product\/yoast-seo-wordpress\/ -->\n<title>Jorge Molina, director de Kinesiolog\u00eda; Dr. Ricardo Lillo, director de postgrado y Ra\u00fal Ahumada, coordinador acad\u00e9mico de Kinesiolog\u00eda - Kinesiolog\u00eda<\/title>\n<meta name=\"robots\" content=\"index, follow, max-snippet:-1, max-image-preview:large, max-video-preview:-1\" \/>\n<link rel=\"canonical\" href=\"https:\/\/medicina.udd.cl\/kinesiologia-santiago\/files\/2010\/10\/parto2.jpg\" \/>\n<meta property=\"og:locale\" content=\"es_ES\" \/>\n<meta property=\"og:type\" content=\"article\" \/>\n<meta property=\"og:title\" content=\"Jorge Molina, director de Kinesiolog\u00eda; Dr. Ricardo Lillo, director de postgrado y Ra\u00fal Ahumada, coordinador acad\u00e9mico de Kinesiolog\u00eda - Kinesiolog\u00eda\" \/>\n<meta property=\"og:url\" content=\"https:\/\/medicina.udd.cl\/kinesiologia-santiago\/files\/2010\/10\/parto2.jpg\" \/>\n<meta property=\"og:site_name\" content=\"Kinesiolog\u00eda\" \/>\n<meta property=\"og:image\" content=\"https:\/\/medicina.udd.cl\/kinesiologia-santiago\/files\/2010\/10\/parto2.jpg\" \/>\n\t<meta property=\"og:image:width\" content=\"1024\" \/>\n\t<meta property=\"og:image:height\" content=\"768\" \/>\n\t<meta property=\"og:image:type\" content=\"image\/jpeg\" \/>\n<script type=\"application\/ld+json\" class=\"yoast-schema-graph\">{\"@context\":\"https:\/\/schema.org\",\"@graph\":[{\"@type\":\"WebPage\",\"@id\":\"https:\/\/medicina.udd.cl\/kinesiologia-santiago\/files\/2010\/10\/parto2.jpg\",\"url\":\"https:\/\/medicina.udd.cl\/kinesiologia-santiago\/files\/2010\/10\/parto2.jpg\",\"name\":\"Jorge Molina, director de Kinesiolog\u00eda; Dr. Ricardo Lillo, director de postgrado y Ra\u00fal Ahumada, coordinador acad\u00e9mico de Kinesiolog\u00eda - Kinesiolog\u00eda\",\"isPartOf\":{\"@id\":\"https:\/\/medicina.udd.cl\/kinesiologia-santiago\/#website\"},\"datePublished\":\"2010-10-25T15:30:38+00:00\",\"breadcrumb\":{\"@id\":\"https:\/\/medicina.udd.cl\/kinesiologia-santiago\/files\/2010\/10\/parto2.jpg#breadcrumb\"},\"inLanguage\":\"es\",\"potentialAction\":[{\"@type\":\"ReadAction\",\"target\":[\"https:\/\/medicina.udd.cl\/kinesiologia-santiago\/files\/2010\/10\/parto2.jpg\"]}]},{\"@type\":\"BreadcrumbList\",\"@id\":\"https:\/\/medicina.udd.cl\/kinesiologia-santiago\/files\/2010\/10\/parto2.jpg#breadcrumb\",\"itemListElement\":[{\"@type\":\"ListItem\",\"position\":1,\"name\":\"Home\",\"item\":\"https:\/\/medicina.udd.cl\/kinesiologia-santiago\/\"},{\"@type\":\"ListItem\",\"position\":2,\"name\":\"Diplomados y cursos de extensi\u00f3n en Kinesiolog\u00eda\",\"item\":\"https:\/\/medicina.udd.cl\/kinesiologia-santiago\/noticias\/2010\/10\/22\/diplomados-y-cursos-de-extension-en-kinesiologia\/\"},{\"@type\":\"ListItem\",\"position\":3,\"name\":\"Jorge Molina, director de Kinesiolog\u00eda; Dr. Ricardo Lillo, director de postgrado y Ra\u00fal Ahumada, coordinador acad\u00e9mico de Kinesiolog\u00eda\"}]},{\"@type\":\"WebSite\",\"@id\":\"https:\/\/medicina.udd.cl\/kinesiologia-santiago\/#website\",\"url\":\"https:\/\/medicina.udd.cl\/kinesiologia-santiago\/\",\"name\":\"Kinesiolog\u00eda\",\"description\":\"Facultad de Medicina Cl\u00ednica Alemana Universidad del Desarrollo\",\"inLanguage\":\"es\"}]}<\/script>\n<!-- \/ Yoast SEO plugin. -->","yoast_head_json":{"title":"Jorge Molina, director de Kinesiolog\u00eda; Dr. Ricardo Lillo, director de postgrado y Ra\u00fal Ahumada, coordinador acad\u00e9mico de Kinesiolog\u00eda - Kinesiolog\u00eda","robots":{"index":"index","follow":"follow","max-snippet":"max-snippet:-1","max-image-preview":"max-image-preview:large","max-video-preview":"max-video-preview:-1"},"canonical":"https:\/\/medicina.udd.cl\/kinesiologia-santiago\/files\/2010\/10\/parto2.jpg","og_locale":"es_ES","og_type":"article","og_title":"Jorge Molina, director de Kinesiolog\u00eda; Dr. Ricardo Lillo, director de postgrado y Ra\u00fal Ahumada, coordinador acad\u00e9mico de Kinesiolog\u00eda - Kinesiolog\u00eda","og_url":"https:\/\/medicina.udd.cl\/kinesiologia-santiago\/files\/2010\/10\/parto2.jpg","og_site_name":"Kinesiolog\u00eda","og_image":[{"width":1024,"height":768,"url":"https:\/\/medicina.udd.cl\/kinesiologia-santiago\/files\/2010\/10\/parto2.jpg","type":"image\/jpeg"}],"schema":{"@context":"https:\/\/schema.org","@graph":[{"@type":"WebPage","@id":"https:\/\/medicina.udd.cl\/kinesiologia-santiago\/files\/2010\/10\/parto2.jpg","url":"https:\/\/medicina.udd.cl\/kinesiologia-santiago\/files\/2010\/10\/parto2.jpg","name":"Jorge Molina, director de Kinesiolog\u00eda; Dr. Ricardo Lillo, director de postgrado y Ra\u00fal Ahumada, coordinador acad\u00e9mico de Kinesiolog\u00eda - Kinesiolog\u00eda","isPartOf":{"@id":"https:\/\/medicina.udd.cl\/kinesiologia-santiago\/#website"},"datePublished":"2010-10-25T15:30:38+00:00","breadcrumb":{"@id":"https:\/\/medicina.udd.cl\/kinesiologia-santiago\/files\/2010\/10\/parto2.jpg#breadcrumb"},"inLanguage":"es","potentialAction":[{"@type":"ReadAction","target":["https:\/\/medicina.udd.cl\/kinesiologia-santiago\/files\/2010\/10\/parto2.jpg"]}]},{"@type":"BreadcrumbList","@id":"https:\/\/medicina.udd.cl\/kinesiologia-santiago\/files\/2010\/10\/parto2.jpg#breadcrumb","itemListElement":[{"@type":"ListItem","position":1,"name":"Home","item":"https:\/\/medicina.udd.cl\/kinesiologia-santiago\/"},{"@type":"ListItem","position":2,"name":"Diplomados y cursos de extensi\u00f3n en Kinesiolog\u00eda","item":"https:\/\/medicina.udd.cl\/kinesiologia-santiago\/noticias\/2010\/10\/22\/diplomados-y-cursos-de-extension-en-kinesiologia\/"},{"@type":"ListItem","position":3,"name":"Jorge Molina, director de Kinesiolog\u00eda; Dr. Ricardo Lillo, director de postgrado y Ra\u00fal Ahumada, coordinador acad\u00e9mico de Kinesiolog\u00eda"}]},{"@type":"WebSite","@id":"https:\/\/medicina.udd.cl\/kinesiologia-santiago\/#website","url":"https:\/\/medicina.udd.cl\/kinesiologia-santiago\/","name":"Kinesiolog\u00eda","description":"Facultad de Medicina Cl\u00ednica Alemana Universidad del Desarrollo","inLanguage":"es"}]}},"description":{"rendered":"<p class=\"attachment\"><a href='https:\/\/medicina.udd.cl\/kinesiologia-santiago\/files\/2010\/10\/parto2.jpg'><img loading=\"lazy\" decoding=\"async\" width=\"300\" height=\"225\" src=\"https:\/\/medicina.udd.cl\/kinesiologia-santiago\/files\/2010\/10\/parto2-300x225.jpg\" class=\"attachment-medium size-medium\" alt=\"\" srcset=\"https:\/\/medicina.udd.cl\/kinesiologia-santiago\/files\/2010\/10\/parto2-300x225.jpg 300w, https:\/\/medicina.udd.cl\/kinesiologia-santiago\/files\/2010\/10\/parto2-768x576.jpg 768w, https:\/\/medicina.udd.cl\/kinesiologia-santiago\/files\/2010\/10\/parto2.jpg 1024w, https:\/\/medicina.udd.cl\/kinesiologia-santiago\/files\/2010\/10\/parto2-960x720.jpg 960w\" sizes=\"auto, (max-width: 300px) 100vw, 300px\" \/><\/a><\/p>\n"},"caption":{"rendered":""},"alt_text":"","media_type":"image","mime_type":"image\/jpeg","media_details":{"width":1024,"height":768,"file":"2010\/10\/parto2.jpg","sizes":{"thumbnail":{"file":"parto2-150x150.jpg","width":150,"height":150,"mime_type":"image\/jpeg","source_url":"https:\/\/medicina.udd.cl\/kinesiologia-santiago\/files\/2010\/10\/parto2-150x150.jpg"},"medium":{"file":"parto2-300x225.jpg","width":300,"height":225,"mime_type":"image\/jpeg","source_url":"https:\/\/medicina.udd.cl\/kinesiologia-santiago\/files\/2010\/10\/parto2-300x225.jpg"},"medium_large":{"file":"parto2-768x576.jpg","width":768,"height":576,"mime_type":"image\/jpeg","source_url":"https:\/\/medicina.udd.cl\/kinesiologia-santiago\/files\/2010\/10\/parto2-768x576.jpg"},"large":{"file":"parto2-1024x768.jpg","width":1024,"height":768,"mime_type":"image\/jpeg","source_url":"https:\/\/medicina.udd.cl\/kinesiologia-santiago\/files\/2010\/10\/parto2-1024x768.jpg"},"newsletter_featured":{"file":"parto2-316x224.jpg","width":316,"height":224,"mime_type":"image\/jpeg","source_url":"https:\/\/medicina.udd.cl\/kinesiologia-santiago\/files\/2010\/10\/parto2-316x224.jpg"},"newsletter_first":{"file":"parto2-286x205.jpg","width":286,"height":205,"mime_type":"image\/jpeg","source_url":"https:\/\/medicina.udd.cl\/kinesiologia-santiago\/files\/2010\/10\/parto2-286x205.jpg"},"newsletter_thumb":{"file":"parto2-288x150.jpg","width":288,"height":150,"mime_type":"image\/jpeg","source_url":"https:\/\/medicina.udd.cl\/kinesiologia-santiago\/files\/2010\/10\/parto2-288x150.jpg"},"newsletter_column":{"file":"parto2-182x140.jpg","width":182,"height":140,"mime_type":"image\/jpeg","source_url":"https:\/\/medicina.udd.cl\/kinesiologia-santiago\/files\/2010\/10\/parto2-182x140.jpg"},"newsletter_square":{"file":"parto2-62x62.jpg","width":62,"height":62,"mime_type":"image\/jpeg","source_url":"https:\/\/medicina.udd.cl\/kinesiologia-santiago\/files\/2010\/10\/parto2-62x62.jpg"},"newsletter_square_large":{"file":"parto2-87x62.jpg","width":87,"height":62,"mime_type":"image\/jpeg","source_url":"https:\/\/medicina.udd.cl\/kinesiologia-santiago\/files\/2010\/10\/parto2-87x62.jpg"},"featured-home":{"file":"parto2-800x450.jpg","width":800,"height":450,"mime_type":"image\/jpeg","source_url":"https:\/\/medicina.udd.cl\/kinesiologia-santiago\/files\/2010\/10\/parto2-800x450.jpg"},"featured-career":{"file":"parto2-660x430.jpg","width":660,"height":430,"mime_type":"image\/jpeg","source_url":"https:\/\/medicina.udd.cl\/kinesiologia-santiago\/files\/2010\/10\/parto2-660x430.jpg"},"squared":{"file":"parto2-300x300.jpg","width":300,"height":300,"mime_type":"image\/jpeg","source_url":"https:\/\/medicina.udd.cl\/kinesiologia-santiago\/files\/2010\/10\/parto2-300x300.jpg"},"stretch":{"file":"parto2-800x450.jpg","width":800,"height":450,"mime_type":"image\/jpeg","source_url":"https:\/\/medicina.udd.cl\/kinesiologia-santiago\/files\/2010\/10\/parto2-800x450.jpg"},"portrait-medium":{"file":"parto2-220x260.jpg","width":220,"height":260,"mime_type":"image\/jpeg","source_url":"https:\/\/medicina.udd.cl\/kinesiologia-santiago\/files\/2010\/10\/parto2-220x260.jpg"},"landscape-small":{"file":"parto2-125x80.jpg","width":125,"height":80,"mime_type":"image\/jpeg","source_url":"https:\/\/medicina.udd.cl\/kinesiologia-santiago\/files\/2010\/10\/parto2-125x80.jpg"},"landscape-medium":{"file":"parto2-340x220.jpg","width":340,"height":220,"mime_type":"image\/jpeg","source_url":"https:\/\/medicina.udd.cl\/kinesiologia-santiago\/files\/2010\/10\/parto2-340x220.jpg"},"landscape-large":{"file":"parto2-365x255.jpg","width":365,"height":255,"mime_type":"image\/jpeg","source_url":"https:\/\/medicina.udd.cl\/kinesiologia-santiago\/files\/2010\/10\/parto2-365x255.jpg"},"landscape-xlarge":{"file":"parto2-660x430.jpg","width":660,"height":430,"mime_type":"image\/jpeg","source_url":"https:\/\/medicina.udd.cl\/kinesiologia-santiago\/files\/2010\/10\/parto2-660x430.jpg"},"panoramic":{"file":"parto2-940x345.jpg","width":940,"height":345,"mime_type":"image\/jpeg","source_url":"https:\/\/medicina.udd.cl\/kinesiologia-santiago\/files\/2010\/10\/parto2-940x345.jpg"},"stretch-large":{"file":"parto2-940x450.jpg","width":940,"height":450,"mime_type":"image\/jpeg","source_url":"https:\/\/medicina.udd.cl\/kinesiologia-santiago\/files\/2010\/10\/parto2-940x450.jpg"},"proportional-large":{"file":"parto2-960x720.jpg","width":960,"height":720,"mime_type":"image\/jpeg","source_url":"https:\/\/medicina.udd.cl\/kinesiologia-santiago\/files\/2010\/10\/parto2-960x720.jpg"},"custom_content":{"file":"parto2-126x126.jpg","width":126,"height":126,"mime_type":"image\/jpeg","source_url":"https:\/\/medicina.udd.cl\/kinesiologia-santiago\/files\/2010\/10\/parto2-126x126.jpg"},"full":{"file":"parto2.jpg","width":1024,"height":768,"mime_type":"image\/jpeg","source_url":"https:\/\/medicina.udd.cl\/kinesiologia-santiago\/files\/2010\/10\/parto2.jpg"}},"image_meta":{"aperture":"0","credit":"","camera":"","caption":"","created_timestamp":"0","copyright":"","focal_length":"0","iso":"0","shutter_speed":"0","title":"","orientation":"0","keywords":[]}},"post":204,"source_url":"https:\/\/medicina.udd.cl\/kinesiologia-santiago\/files\/2010\/10\/parto2.jpg","_links":{"self":[{"href":"https:\/\/medicina.udd.cl\/kinesiologia-santiago\/wp-json\/wp\/v2\/media\/211","targetHints":{"allow":["GET"]}}],"collection":[{"href":"https:\/\/medicina.udd.cl\/kinesiologia-santiago\/wp-json\/wp\/v2\/media"}],"about":[{"href":"https:\/\/medicina.udd.cl\/kinesiologia-santiago\/wp-json\/wp\/v2\/types\/attachment"}],"author":[{"embeddable":true,"href":"https:\/\/medicina.udd.cl\/kinesiologia-santiago\/wp-json\/wp\/v2\/users\/1"}],"replies":[{"embeddable":true,"href":"https:\/\/medicina.udd.cl\/kinesiologia-santiago\/wp-json\/wp\/v2\/comments?post=211"}],"wp:attached-to":[{"embeddable":true,"post_type":"post","id":204,"href":"https:\/\/medicina.udd.cl\/kinesiologia-santiago\/wp-json\/wp\/v2\/posts\/204"}],"curies":[{"name":"wp","href":"https:\/\/api.w.org\/{rel}","templated":true}]}}

Jorge Molina, director de Kinesiología; Dr. Ricardo Lillo, director de postgrado y Raúl Ahumada, coordinador académico de Kinesiología

<!-- This site is optimized with the Yoast SEO plugin v26.9 - https://yoast.com/product/yoast-seo-wordpress/ -->
<title>Jorge Molina, director de Kinesiología; Dr. Ricardo Lillo, director de postgrado y Raúl Ahumada, coordinador académico de Kinesiología - Kinesiología</title>
<meta name="robots" content="index, follow, max-snippet:-1, max-image-preview:large, max-video-preview:-1" />
<link rel="canonical" href="https://medicina.udd.cl/kinesiologia-santiago/files/2010/10/parto2.jpg" />
<meta property="og:locale" content="es_ES" />
<meta property="og:type" content="article" />
<meta property="og:title" content="Jorge Molina, director de Kinesiología; Dr. Ricardo Lillo, director de postgrado y Raúl Ahumada, coordinador académico de Kinesiología - Kinesiología" />
<meta property="og:url" content="https://medicina.udd.cl/kinesiologia-santiago/files/2010/10/parto2.jpg" />
<meta property="og:site_name" content="Kinesiología" />
<meta property="og:image" content="https://medicina.udd.cl/kinesiologia-santiago/files/2010/10/parto2.jpg" />
	<meta property="og:image:width" content="1024" />
	<meta property="og:image:height" content="768" />
	<meta property="og:image:type" content="image/jpeg" />
<script type="application/ld+json" class="yoast-schema-graph">{"@context":"https://schema.org","@graph":[{"@type":"WebPage","@id":"https://medicina.udd.cl/kinesiologia-santiago/files/2010/10/parto2.jpg","url":"https://medicina.udd.cl/kinesiologia-santiago/files/2010/10/parto2.jpg","name":"Jorge Molina, director de Kinesiología; Dr. Ricardo Lillo, director de postgrado y Raúl Ahumada, coordinador académico de Kinesiología - Kinesiología","isPartOf":{"@id":"https://medicina.udd.cl/kinesiologia-santiago/#website"},"datePublished":"2010-10-25T15:30:38+00:00","breadcrumb":{"@id":"https://medicina.udd.cl/kinesiologia-santiago/files/2010/10/parto2.jpg#breadcrumb"},"inLanguage":"es","potentialAction":[{"@type":"ReadAction","target":["https://medicina.udd.cl/kinesiologia-santiago/files/2010/10/parto2.jpg"]}]},{"@type":"BreadcrumbList","@id":"https://medicina.udd.cl/kinesiologia-santiago/files/2010/10/parto2.jpg#breadcrumb","itemListElement":[{"@type":"ListItem","position":1,"name":"Home","item":"https://medicina.udd.cl/kinesiologia-santiago/"},{"@type":"ListItem","position":2,"name":"Diplomados y cursos de extensión en Kinesiología","item":"https://medicina.udd.cl/kinesiologia-santiago/noticias/2010/10/22/diplomados-y-cursos-de-extension-en-kinesiologia/"},{"@type":"ListItem","position":3,"name":"Jorge Molina, director de Kinesiología; Dr. Ricardo Lillo, director de postgrado y Raúl Ahumada, coordinador académico de Kinesiología"}]},{"@type":"WebSite","@id":"https://medicina.udd.cl/kinesiologia-santiago/#website","url":"https://medicina.udd.cl/kinesiologia-santiago/","name":"Kinesiología","description":"Facultad de Medicina Clínica Alemana Universidad del Desarrollo","inLanguage":"es"}]}</script>
<!-- / Yoast SEO plugin. -->

Jorge Molina, director de Kinesiología; Dr. Ricardo Lillo, director de postgrado y Raúl Ahumada, coordinador académico de Kinesiología - Kinesiología

Kinesiología

Diplomados y cursos de extensión en Kinesiología

Facultad de Medicina Clínica Alemana Universidad del Desarrollo
