{"id":2261,"date":"2015-06-10T17:07:45","date_gmt":"2015-06-10T20:07:45","guid":{"rendered":"http:\/\/medicina.udd.cl\/kinesiologia-santiago\/files\/2015\/06\/charla-Kinesiolog\u00eda-2.jpg"},"modified":"2015-06-10T17:07:45","modified_gmt":"2015-06-10T20:07:45","slug":"charla-kinesiologia-2","status":"inherit","type":"attachment","link":"https:\/\/medicina.udd.cl\/kinesiologia-santiago\/noticias\/2015\/06\/10\/destacado-profesor-estadounidense-realiza-charla-en-la-udd\/charla-kinesiologia-2\/","title":{"rendered":"charla Kinesiolog\u00eda (2)"},"author":47,"featured_media":0,"comment_status":"open","ping_status":"open","template":"","meta":[],"class_list":["post-2261","attachment","type-attachment","status-inherit","hentry"],"yoast_head":"<!-- This site is optimized with the Yoast SEO plugin v26.9 - https:\/\/yoast.com\/product\/yoast-seo-wordpress\/ -->\n<title>charla Kinesiolog\u00eda (2) - Kinesiolog\u00eda<\/title>\n<meta name=\"robots\" content=\"index, follow, max-snippet:-1, max-image-preview:large, max-video-preview:-1\" \/>\n<link rel=\"canonical\" href=\"https:\/\/medicina.udd.cl\/kinesiologia-santiago\/files\/2015\/06\/charla-Kinesiolog\u00eda-2.jpg\" \/>\n<meta property=\"og:locale\" content=\"es_ES\" \/>\n<meta property=\"og:type\" content=\"article\" \/>\n<meta property=\"og:title\" content=\"charla Kinesiolog\u00eda (2) - Kinesiolog\u00eda\" \/>\n<meta property=\"og:url\" content=\"https:\/\/medicina.udd.cl\/kinesiologia-santiago\/files\/2015\/06\/charla-Kinesiolog\u00eda-2.jpg\" \/>\n<meta property=\"og:site_name\" content=\"Kinesiolog\u00eda\" \/>\n<meta property=\"og:image\" content=\"https:\/\/medicina.udd.cl\/kinesiologia-santiago\/files\/2015\/06\/charla-Kinesiolog\u00eda-2.jpg\" \/>\n\t<meta property=\"og:image:width\" content=\"516\" \/>\n\t<meta property=\"og:image:height\" content=\"406\" \/>\n\t<meta property=\"og:image:type\" content=\"image\/jpeg\" \/>\n<script type=\"application\/ld+json\" class=\"yoast-schema-graph\">{\"@context\":\"https:\/\/schema.org\",\"@graph\":[{\"@type\":\"WebPage\",\"@id\":\"https:\/\/medicina.udd.cl\/kinesiologia-santiago\/files\/2015\/06\/charla-Kinesiolog\u00eda-2.jpg\",\"url\":\"https:\/\/medicina.udd.cl\/kinesiologia-santiago\/files\/2015\/06\/charla-Kinesiolog\u00eda-2.jpg\",\"name\":\"charla Kinesiolog\u00eda (2) - Kinesiolog\u00eda\",\"isPartOf\":{\"@id\":\"https:\/\/medicina.udd.cl\/kinesiologia-santiago\/#website\"},\"datePublished\":\"2015-06-10T20:07:45+00:00\",\"breadcrumb\":{\"@id\":\"https:\/\/medicina.udd.cl\/kinesiologia-santiago\/files\/2015\/06\/charla-Kinesiolog\u00eda-2.jpg#breadcrumb\"},\"inLanguage\":\"es\",\"potentialAction\":[{\"@type\":\"ReadAction\",\"target\":[\"https:\/\/medicina.udd.cl\/kinesiologia-santiago\/files\/2015\/06\/charla-Kinesiolog\u00eda-2.jpg\"]}]},{\"@type\":\"BreadcrumbList\",\"@id\":\"https:\/\/medicina.udd.cl\/kinesiologia-santiago\/files\/2015\/06\/charla-Kinesiolog\u00eda-2.jpg#breadcrumb\",\"itemListElement\":[{\"@type\":\"ListItem\",\"position\":1,\"name\":\"Home\",\"item\":\"https:\/\/medicina.udd.cl\/kinesiologia-santiago\/\"},{\"@type\":\"ListItem\",\"position\":2,\"name\":\"Destacado profesor estadounidense realiza charla en la UDD\",\"item\":\"https:\/\/medicina.udd.cl\/kinesiologia-santiago\/noticias\/2015\/06\/10\/destacado-profesor-estadounidense-realiza-charla-en-la-udd\/\"},{\"@type\":\"ListItem\",\"position\":3,\"name\":\"charla Kinesiolog\u00eda (2)\"}]},{\"@type\":\"WebSite\",\"@id\":\"https:\/\/medicina.udd.cl\/kinesiologia-santiago\/#website\",\"url\":\"https:\/\/medicina.udd.cl\/kinesiologia-santiago\/\",\"name\":\"Kinesiolog\u00eda\",\"description\":\"Facultad de Medicina Cl\u00ednica Alemana Universidad del Desarrollo\",\"inLanguage\":\"es\"}]}<\/script>\n<!-- \/ Yoast SEO plugin. -->","yoast_head_json":{"title":"charla Kinesiolog\u00eda (2) - Kinesiolog\u00eda","robots":{"index":"index","follow":"follow","max-snippet":"max-snippet:-1","max-image-preview":"max-image-preview:large","max-video-preview":"max-video-preview:-1"},"canonical":"https:\/\/medicina.udd.cl\/kinesiologia-santiago\/files\/2015\/06\/charla-Kinesiolog\u00eda-2.jpg","og_locale":"es_ES","og_type":"article","og_title":"charla Kinesiolog\u00eda (2) - Kinesiolog\u00eda","og_url":"https:\/\/medicina.udd.cl\/kinesiologia-santiago\/files\/2015\/06\/charla-Kinesiolog\u00eda-2.jpg","og_site_name":"Kinesiolog\u00eda","og_image":[{"width":516,"height":406,"url":"https:\/\/medicina.udd.cl\/kinesiologia-santiago\/files\/2015\/06\/charla-Kinesiolog\u00eda-2.jpg","type":"image\/jpeg"}],"schema":{"@context":"https:\/\/schema.org","@graph":[{"@type":"WebPage","@id":"https:\/\/medicina.udd.cl\/kinesiologia-santiago\/files\/2015\/06\/charla-Kinesiolog\u00eda-2.jpg","url":"https:\/\/medicina.udd.cl\/kinesiologia-santiago\/files\/2015\/06\/charla-Kinesiolog\u00eda-2.jpg","name":"charla Kinesiolog\u00eda (2) - Kinesiolog\u00eda","isPartOf":{"@id":"https:\/\/medicina.udd.cl\/kinesiologia-santiago\/#website"},"datePublished":"2015-06-10T20:07:45+00:00","breadcrumb":{"@id":"https:\/\/medicina.udd.cl\/kinesiologia-santiago\/files\/2015\/06\/charla-Kinesiolog\u00eda-2.jpg#breadcrumb"},"inLanguage":"es","potentialAction":[{"@type":"ReadAction","target":["https:\/\/medicina.udd.cl\/kinesiologia-santiago\/files\/2015\/06\/charla-Kinesiolog\u00eda-2.jpg"]}]},{"@type":"BreadcrumbList","@id":"https:\/\/medicina.udd.cl\/kinesiologia-santiago\/files\/2015\/06\/charla-Kinesiolog\u00eda-2.jpg#breadcrumb","itemListElement":[{"@type":"ListItem","position":1,"name":"Home","item":"https:\/\/medicina.udd.cl\/kinesiologia-santiago\/"},{"@type":"ListItem","position":2,"name":"Destacado profesor estadounidense realiza charla en la UDD","item":"https:\/\/medicina.udd.cl\/kinesiologia-santiago\/noticias\/2015\/06\/10\/destacado-profesor-estadounidense-realiza-charla-en-la-udd\/"},{"@type":"ListItem","position":3,"name":"charla Kinesiolog\u00eda (2)"}]},{"@type":"WebSite","@id":"https:\/\/medicina.udd.cl\/kinesiologia-santiago\/#website","url":"https:\/\/medicina.udd.cl\/kinesiologia-santiago\/","name":"Kinesiolog\u00eda","description":"Facultad de Medicina Cl\u00ednica Alemana Universidad del Desarrollo","inLanguage":"es"}]}},"description":{"rendered":"<p class=\"attachment\"><a href='https:\/\/medicina.udd.cl\/kinesiologia-santiago\/files\/2015\/06\/charla-Kinesiolog\u00eda-2.jpg'><img loading=\"lazy\" decoding=\"async\" width=\"300\" height=\"236\" src=\"https:\/\/medicina.udd.cl\/kinesiologia-santiago\/files\/2015\/06\/charla-Kinesiolog\u00eda-2-300x236.jpg\" class=\"attachment-medium size-medium\" alt=\"\" srcset=\"https:\/\/medicina.udd.cl\/kinesiologia-santiago\/files\/2015\/06\/charla-Kinesiolog\u00eda-2-300x236.jpg 300w, https:\/\/medicina.udd.cl\/kinesiologia-santiago\/files\/2015\/06\/charla-Kinesiolog\u00eda-2.jpg 516w\" sizes=\"auto, (max-width: 300px) 100vw, 300px\" \/><\/a><\/p>\n"},"caption":{"rendered":""},"alt_text":"","media_type":"image","mime_type":"image\/jpeg","media_details":{"width":516,"height":406,"file":"2015\/06\/charla-Kinesiolog\u00eda-2.jpg","sizes":{"thumbnail":{"file":"charla-Kinesiolog\u00eda-2-150x150.jpg","width":150,"height":150,"mime_type":"image\/jpeg","source_url":"https:\/\/medicina.udd.cl\/kinesiologia-santiago\/files\/2015\/06\/charla-Kinesiolog\u00eda-2-150x150.jpg"},"medium":{"file":"charla-Kinesiolog\u00eda-2-300x236.jpg","width":300,"height":236,"mime_type":"image\/jpeg","source_url":"https:\/\/medicina.udd.cl\/kinesiologia-santiago\/files\/2015\/06\/charla-Kinesiolog\u00eda-2-300x236.jpg"},"newsletter_featured":{"file":"charla-Kinesiolog\u00eda-2-316x224.jpg","width":316,"height":224,"mime_type":"image\/jpeg","source_url":"https:\/\/medicina.udd.cl\/kinesiologia-santiago\/files\/2015\/06\/charla-Kinesiolog\u00eda-2-316x224.jpg"},"newsletter_first":{"file":"charla-Kinesiolog\u00eda-2-286x205.jpg","width":286,"height":205,"mime_type":"image\/jpeg","source_url":"https:\/\/medicina.udd.cl\/kinesiologia-santiago\/files\/2015\/06\/charla-Kinesiolog\u00eda-2-286x205.jpg"},"newsletter_thumb":{"file":"charla-Kinesiolog\u00eda-2-288x150.jpg","width":288,"height":150,"mime_type":"image\/jpeg","source_url":"https:\/\/medicina.udd.cl\/kinesiologia-santiago\/files\/2015\/06\/charla-Kinesiolog\u00eda-2-288x150.jpg"},"newsletter_column":{"file":"charla-Kinesiolog\u00eda-2-182x140.jpg","width":182,"height":140,"mime_type":"image\/jpeg","source_url":"https:\/\/medicina.udd.cl\/kinesiologia-santiago\/files\/2015\/06\/charla-Kinesiolog\u00eda-2-182x140.jpg"},"newsletter_square":{"file":"charla-Kinesiolog\u00eda-2-62x62.jpg","width":62,"height":62,"mime_type":"image\/jpeg","source_url":"https:\/\/medicina.udd.cl\/kinesiologia-santiago\/files\/2015\/06\/charla-Kinesiolog\u00eda-2-62x62.jpg"},"newsletter_square_large":{"file":"charla-Kinesiolog\u00eda-2-87x62.jpg","width":87,"height":62,"mime_type":"image\/jpeg","source_url":"https:\/\/medicina.udd.cl\/kinesiologia-santiago\/files\/2015\/06\/charla-Kinesiolog\u00eda-2-87x62.jpg"},"squared":{"file":"charla-Kinesiolog\u00eda-2-300x300.jpg","width":300,"height":300,"mime_type":"image\/jpeg","source_url":"https:\/\/medicina.udd.cl\/kinesiologia-santiago\/files\/2015\/06\/charla-Kinesiolog\u00eda-2-300x300.jpg"},"portrait-medium":{"file":"charla-Kinesiolog\u00eda-2-220x260.jpg","width":220,"height":260,"mime_type":"image\/jpeg","source_url":"https:\/\/medicina.udd.cl\/kinesiologia-santiago\/files\/2015\/06\/charla-Kinesiolog\u00eda-2-220x260.jpg"},"landscape-small":{"file":"charla-Kinesiolog\u00eda-2-125x80.jpg","width":125,"height":80,"mime_type":"image\/jpeg","source_url":"https:\/\/medicina.udd.cl\/kinesiologia-santiago\/files\/2015\/06\/charla-Kinesiolog\u00eda-2-125x80.jpg"},"landscape-medium":{"file":"charla-Kinesiolog\u00eda-2-340x220.jpg","width":340,"height":220,"mime_type":"image\/jpeg","source_url":"https:\/\/medicina.udd.cl\/kinesiologia-santiago\/files\/2015\/06\/charla-Kinesiolog\u00eda-2-340x220.jpg"},"landscape-large":{"file":"charla-Kinesiolog\u00eda-2-365x255.jpg","width":365,"height":255,"mime_type":"image\/jpeg","source_url":"https:\/\/medicina.udd.cl\/kinesiologia-santiago\/files\/2015\/06\/charla-Kinesiolog\u00eda-2-365x255.jpg"},"panoramic":{"file":"charla-Kinesiolog\u00eda-2-516x345.jpg","width":516,"height":345,"mime_type":"image\/jpeg","source_url":"https:\/\/medicina.udd.cl\/kinesiologia-santiago\/files\/2015\/06\/charla-Kinesiolog\u00eda-2-516x345.jpg"},"custom_content":{"file":"charla-Kinesiolog\u00eda-2-126x126.jpg","width":126,"height":126,"mime_type":"image\/jpeg","source_url":"https:\/\/medicina.udd.cl\/kinesiologia-santiago\/files\/2015\/06\/charla-Kinesiolog\u00eda-2-126x126.jpg"},"full":{"file":"charla-Kinesiolog\u00eda-2.jpg","width":516,"height":406,"mime_type":"image\/jpeg","source_url":"https:\/\/medicina.udd.cl\/kinesiologia-santiago\/files\/2015\/06\/charla-Kinesiolog\u00eda-2.jpg"}},"image_meta":{"aperture":3.4,"credit":"","camera":"Canon PowerShot SX510 HS","caption":"","created_timestamp":1364851844,"copyright":"","focal_length":"4.3","iso":"400","shutter_speed":"0.066666666666667","title":""}},"post":2259,"source_url":"https:\/\/medicina.udd.cl\/kinesiologia-santiago\/files\/2015\/06\/charla-Kinesiolog\u00eda-2.jpg","_links":{"self":[{"href":"https:\/\/medicina.udd.cl\/kinesiologia-santiago\/wp-json\/wp\/v2\/media\/2261","targetHints":{"allow":["GET"]}}],"collection":[{"href":"https:\/\/medicina.udd.cl\/kinesiologia-santiago\/wp-json\/wp\/v2\/media"}],"about":[{"href":"https:\/\/medicina.udd.cl\/kinesiologia-santiago\/wp-json\/wp\/v2\/types\/attachment"}],"author":[{"embeddable":true,"href":"https:\/\/medicina.udd.cl\/kinesiologia-santiago\/wp-json\/wp\/v2\/users\/47"}],"replies":[{"embeddable":true,"href":"https:\/\/medicina.udd.cl\/kinesiologia-santiago\/wp-json\/wp\/v2\/comments?post=2261"}],"wp:attached-to":[{"embeddable":true,"post_type":"post","id":2259,"href":"https:\/\/medicina.udd.cl\/kinesiologia-santiago\/wp-json\/wp\/v2\/posts\/2259"}],"curies":[{"name":"wp","href":"https:\/\/api.w.org\/{rel}","templated":true}]}}

http://medicina.udd.cl/kinesiologia-santiago/files/2015/06/charla-Kinesiología-2.jpg

charla Kinesiología (2)

<!-- This site is optimized with the Yoast SEO plugin v26.9 - https://yoast.com/product/yoast-seo-wordpress/ -->
<title>charla Kinesiología (2) - Kinesiología</title>
<meta name="robots" content="index, follow, max-snippet:-1, max-image-preview:large, max-video-preview:-1" />
<link rel="canonical" href="https://medicina.udd.cl/kinesiologia-santiago/files/2015/06/charla-Kinesiología-2.jpg" />
<meta property="og:locale" content="es_ES" />
<meta property="og:type" content="article" />
<meta property="og:title" content="charla Kinesiología (2) - Kinesiología" />
<meta property="og:url" content="https://medicina.udd.cl/kinesiologia-santiago/files/2015/06/charla-Kinesiología-2.jpg" />
<meta property="og:site_name" content="Kinesiología" />
<meta property="og:image" content="https://medicina.udd.cl/kinesiologia-santiago/files/2015/06/charla-Kinesiología-2.jpg" />
	<meta property="og:image:width" content="516" />
	<meta property="og:image:height" content="406" />
	<meta property="og:image:type" content="image/jpeg" />
<script type="application/ld+json" class="yoast-schema-graph">{"@context":"https://schema.org","@graph":[{"@type":"WebPage","@id":"https://medicina.udd.cl/kinesiologia-santiago/files/2015/06/charla-Kinesiología-2.jpg","url":"https://medicina.udd.cl/kinesiologia-santiago/files/2015/06/charla-Kinesiología-2.jpg","name":"charla Kinesiología (2) - Kinesiología","isPartOf":{"@id":"https://medicina.udd.cl/kinesiologia-santiago/#website"},"datePublished":"2015-06-10T20:07:45+00:00","breadcrumb":{"@id":"https://medicina.udd.cl/kinesiologia-santiago/files/2015/06/charla-Kinesiología-2.jpg#breadcrumb"},"inLanguage":"es","potentialAction":[{"@type":"ReadAction","target":["https://medicina.udd.cl/kinesiologia-santiago/files/2015/06/charla-Kinesiología-2.jpg"]}]},{"@type":"BreadcrumbList","@id":"https://medicina.udd.cl/kinesiologia-santiago/files/2015/06/charla-Kinesiología-2.jpg#breadcrumb","itemListElement":[{"@type":"ListItem","position":1,"name":"Home","item":"https://medicina.udd.cl/kinesiologia-santiago/"},{"@type":"ListItem","position":2,"name":"Destacado profesor estadounidense realiza charla en la UDD","item":"https://medicina.udd.cl/kinesiologia-santiago/noticias/2015/06/10/destacado-profesor-estadounidense-realiza-charla-en-la-udd/"},{"@type":"ListItem","position":3,"name":"charla Kinesiología (2)"}]},{"@type":"WebSite","@id":"https://medicina.udd.cl/kinesiologia-santiago/#website","url":"https://medicina.udd.cl/kinesiologia-santiago/","name":"Kinesiología","description":"Facultad de Medicina Clínica Alemana Universidad del Desarrollo","inLanguage":"es"}]}</script>
<!-- / Yoast SEO plugin. -->

charla Kinesiología (2) - Kinesiología

https://medicina.udd.cl/kinesiologia-santiago/files/2015/06/charla-Kinesiología-2.jpg

Kinesiología

https://medicina.udd.cl/kinesiologia-santiago/files/2015/06/charla-Kinesiología-2.jpg#breadcrumb

Facultad de Medicina Clínica Alemana Universidad del Desarrollo

<p class="attachment"><a href='https://medicina.udd.cl/kinesiologia-santiago/files/2015/06/charla-Kinesiología-2.jpg'><img loading="lazy" decoding="async" width="300" height="236" src="https://medicina.udd.cl/kinesiologia-santiago/files/2015/06/charla-Kinesiología-2-300x236.jpg" class="attachment-medium size-medium" alt="" srcset="https://medicina.udd.cl/kinesiologia-santiago/files/2015/06/charla-Kinesiología-2-300x236.jpg 300w, https://medicina.udd.cl/kinesiologia-santiago/files/2015/06/charla-Kinesiología-2.jpg 516w" sizes="auto, (max-width: 300px) 100vw, 300px" /></a></p>

2015/06/charla-Kinesiología-2.jpg

charla-Kinesiología-2-150x150.jpg

https://medicina.udd.cl/kinesiologia-santiago/files/2015/06/charla-Kinesiología-2-150x150.jpg

charla-Kinesiología-2-300x236.jpg

https://medicina.udd.cl/kinesiologia-santiago/files/2015/06/charla-Kinesiología-2-300x236.jpg

charla-Kinesiología-2-316x224.jpg

https://medicina.udd.cl/kinesiologia-santiago/files/2015/06/charla-Kinesiología-2-316x224.jpg

charla-Kinesiología-2-286x205.jpg

https://medicina.udd.cl/kinesiologia-santiago/files/2015/06/charla-Kinesiología-2-286x205.jpg

charla-Kinesiología-2-288x150.jpg

https://medicina.udd.cl/kinesiologia-santiago/files/2015/06/charla-Kinesiología-2-288x150.jpg

charla-Kinesiología-2-182x140.jpg

https://medicina.udd.cl/kinesiologia-santiago/files/2015/06/charla-Kinesiología-2-182x140.jpg

charla-Kinesiología-2-62x62.jpg

https://medicina.udd.cl/kinesiologia-santiago/files/2015/06/charla-Kinesiología-2-62x62.jpg

charla-Kinesiología-2-87x62.jpg

https://medicina.udd.cl/kinesiologia-santiago/files/2015/06/charla-Kinesiología-2-87x62.jpg

charla-Kinesiología-2-300x300.jpg

https://medicina.udd.cl/kinesiologia-santiago/files/2015/06/charla-Kinesiología-2-300x300.jpg

charla-Kinesiología-2-220x260.jpg

https://medicina.udd.cl/kinesiologia-santiago/files/2015/06/charla-Kinesiología-2-220x260.jpg

charla-Kinesiología-2-125x80.jpg

https://medicina.udd.cl/kinesiologia-santiago/files/2015/06/charla-Kinesiología-2-125x80.jpg

charla-Kinesiología-2-340x220.jpg

https://medicina.udd.cl/kinesiologia-santiago/files/2015/06/charla-Kinesiología-2-340x220.jpg

charla-Kinesiología-2-365x255.jpg

https://medicina.udd.cl/kinesiologia-santiago/files/2015/06/charla-Kinesiología-2-365x255.jpg

charla-Kinesiología-2-516x345.jpg

https://medicina.udd.cl/kinesiologia-santiago/files/2015/06/charla-Kinesiología-2-516x345.jpg

charla-Kinesiología-2-126x126.jpg

https://medicina.udd.cl/kinesiologia-santiago/files/2015/06/charla-Kinesiología-2-126x126.jpg

charla-Kinesiología-2.jpg
