{"id":709,"date":"2012-06-06T16:43:14","date_gmt":"2012-06-06T20:43:14","guid":{"rendered":"http:\/\/medicina.udd.cl\/kinesiologia-santiago\/files\/2012\/06\/c\u00e1mara-2.jpg"},"modified":"2012-06-06T16:43:14","modified_gmt":"2012-06-06T20:43:14","slug":"camara-2","status":"inherit","type":"attachment","link":"https:\/\/medicina.udd.cl\/kinesiologia-santiago\/noticias\/2012\/06\/06\/profesor-fue-parte-de-la-evaluacion-de-la-seleccion-chilena\/camara-2\/","title":{"rendered":"C\u00e1mara hipob\u00e1rica"},"author":1,"featured_media":0,"comment_status":"open","ping_status":"open","template":"","meta":[],"class_list":["post-709","attachment","type-attachment","status-inherit","hentry"],"yoast_head":"<!-- This site is optimized with the Yoast SEO plugin v26.9 - https:\/\/yoast.com\/product\/yoast-seo-wordpress\/ -->\n<title>C\u00e1mara hipob\u00e1rica - Kinesiolog\u00eda<\/title>\n<meta name=\"robots\" content=\"index, follow, max-snippet:-1, max-image-preview:large, max-video-preview:-1\" \/>\n<link rel=\"canonical\" href=\"https:\/\/medicina.udd.cl\/kinesiologia-santiago\/files\/2012\/06\/c\u00e1mara-2.jpg\" \/>\n<meta property=\"og:locale\" content=\"es_ES\" \/>\n<meta property=\"og:type\" content=\"article\" \/>\n<meta property=\"og:title\" content=\"C\u00e1mara hipob\u00e1rica - Kinesiolog\u00eda\" \/>\n<meta property=\"og:url\" content=\"https:\/\/medicina.udd.cl\/kinesiologia-santiago\/files\/2012\/06\/c\u00e1mara-2.jpg\" \/>\n<meta property=\"og:site_name\" content=\"Kinesiolog\u00eda\" \/>\n<meta property=\"og:image\" content=\"https:\/\/medicina.udd.cl\/kinesiologia-santiago\/files\/2012\/06\/c\u00e1mara-2.jpg\" \/>\n\t<meta property=\"og:image:width\" content=\"1200\" \/>\n\t<meta property=\"og:image:height\" content=\"797\" \/>\n\t<meta property=\"og:image:type\" content=\"image\/jpeg\" \/>\n<script type=\"application\/ld+json\" class=\"yoast-schema-graph\">{\"@context\":\"https:\/\/schema.org\",\"@graph\":[{\"@type\":\"WebPage\",\"@id\":\"https:\/\/medicina.udd.cl\/kinesiologia-santiago\/files\/2012\/06\/c\u00e1mara-2.jpg\",\"url\":\"https:\/\/medicina.udd.cl\/kinesiologia-santiago\/files\/2012\/06\/c\u00e1mara-2.jpg\",\"name\":\"C\u00e1mara hipob\u00e1rica - Kinesiolog\u00eda\",\"isPartOf\":{\"@id\":\"https:\/\/medicina.udd.cl\/kinesiologia-santiago\/#website\"},\"datePublished\":\"2012-06-06T20:43:14+00:00\",\"breadcrumb\":{\"@id\":\"https:\/\/medicina.udd.cl\/kinesiologia-santiago\/files\/2012\/06\/c\u00e1mara-2.jpg#breadcrumb\"},\"inLanguage\":\"es\",\"potentialAction\":[{\"@type\":\"ReadAction\",\"target\":[\"https:\/\/medicina.udd.cl\/kinesiologia-santiago\/files\/2012\/06\/c\u00e1mara-2.jpg\"]}]},{\"@type\":\"BreadcrumbList\",\"@id\":\"https:\/\/medicina.udd.cl\/kinesiologia-santiago\/files\/2012\/06\/c\u00e1mara-2.jpg#breadcrumb\",\"itemListElement\":[{\"@type\":\"ListItem\",\"position\":1,\"name\":\"Home\",\"item\":\"https:\/\/medicina.udd.cl\/kinesiologia-santiago\/\"},{\"@type\":\"ListItem\",\"position\":2,\"name\":\"Profesor fue parte de la evaluaci\u00f3n de la selecci\u00f3n chilena\",\"item\":\"https:\/\/medicina.udd.cl\/kinesiologia-santiago\/noticias\/2012\/06\/06\/profesor-fue-parte-de-la-evaluacion-de-la-seleccion-chilena\/\"},{\"@type\":\"ListItem\",\"position\":3,\"name\":\"C\u00e1mara hipob\u00e1rica\"}]},{\"@type\":\"WebSite\",\"@id\":\"https:\/\/medicina.udd.cl\/kinesiologia-santiago\/#website\",\"url\":\"https:\/\/medicina.udd.cl\/kinesiologia-santiago\/\",\"name\":\"Kinesiolog\u00eda\",\"description\":\"Facultad de Medicina Cl\u00ednica Alemana Universidad del Desarrollo\",\"inLanguage\":\"es\"}]}<\/script>\n<!-- \/ Yoast SEO plugin. -->","yoast_head_json":{"title":"C\u00e1mara hipob\u00e1rica - Kinesiolog\u00eda","robots":{"index":"index","follow":"follow","max-snippet":"max-snippet:-1","max-image-preview":"max-image-preview:large","max-video-preview":"max-video-preview:-1"},"canonical":"https:\/\/medicina.udd.cl\/kinesiologia-santiago\/files\/2012\/06\/c\u00e1mara-2.jpg","og_locale":"es_ES","og_type":"article","og_title":"C\u00e1mara hipob\u00e1rica - Kinesiolog\u00eda","og_url":"https:\/\/medicina.udd.cl\/kinesiologia-santiago\/files\/2012\/06\/c\u00e1mara-2.jpg","og_site_name":"Kinesiolog\u00eda","og_image":[{"width":1200,"height":797,"url":"https:\/\/medicina.udd.cl\/kinesiologia-santiago\/files\/2012\/06\/c\u00e1mara-2.jpg","type":"image\/jpeg"}],"schema":{"@context":"https:\/\/schema.org","@graph":[{"@type":"WebPage","@id":"https:\/\/medicina.udd.cl\/kinesiologia-santiago\/files\/2012\/06\/c\u00e1mara-2.jpg","url":"https:\/\/medicina.udd.cl\/kinesiologia-santiago\/files\/2012\/06\/c\u00e1mara-2.jpg","name":"C\u00e1mara hipob\u00e1rica - Kinesiolog\u00eda","isPartOf":{"@id":"https:\/\/medicina.udd.cl\/kinesiologia-santiago\/#website"},"datePublished":"2012-06-06T20:43:14+00:00","breadcrumb":{"@id":"https:\/\/medicina.udd.cl\/kinesiologia-santiago\/files\/2012\/06\/c\u00e1mara-2.jpg#breadcrumb"},"inLanguage":"es","potentialAction":[{"@type":"ReadAction","target":["https:\/\/medicina.udd.cl\/kinesiologia-santiago\/files\/2012\/06\/c\u00e1mara-2.jpg"]}]},{"@type":"BreadcrumbList","@id":"https:\/\/medicina.udd.cl\/kinesiologia-santiago\/files\/2012\/06\/c\u00e1mara-2.jpg#breadcrumb","itemListElement":[{"@type":"ListItem","position":1,"name":"Home","item":"https:\/\/medicina.udd.cl\/kinesiologia-santiago\/"},{"@type":"ListItem","position":2,"name":"Profesor fue parte de la evaluaci\u00f3n de la selecci\u00f3n chilena","item":"https:\/\/medicina.udd.cl\/kinesiologia-santiago\/noticias\/2012\/06\/06\/profesor-fue-parte-de-la-evaluacion-de-la-seleccion-chilena\/"},{"@type":"ListItem","position":3,"name":"C\u00e1mara hipob\u00e1rica"}]},{"@type":"WebSite","@id":"https:\/\/medicina.udd.cl\/kinesiologia-santiago\/#website","url":"https:\/\/medicina.udd.cl\/kinesiologia-santiago\/","name":"Kinesiolog\u00eda","description":"Facultad de Medicina Cl\u00ednica Alemana Universidad del Desarrollo","inLanguage":"es"}]}},"description":{"rendered":"<p class=\"attachment\"><a href='https:\/\/medicina.udd.cl\/kinesiologia-santiago\/files\/2012\/06\/c\u00e1mara-2.jpg'><img loading=\"lazy\" decoding=\"async\" width=\"300\" height=\"199\" src=\"https:\/\/medicina.udd.cl\/kinesiologia-santiago\/files\/2012\/06\/c\u00e1mara-2-300x199.jpg\" class=\"attachment-medium size-medium\" alt=\"\" srcset=\"https:\/\/medicina.udd.cl\/kinesiologia-santiago\/files\/2012\/06\/c\u00e1mara-2-300x199.jpg 300w, https:\/\/medicina.udd.cl\/kinesiologia-santiago\/files\/2012\/06\/c\u00e1mara-2-768x510.jpg 768w, https:\/\/medicina.udd.cl\/kinesiologia-santiago\/files\/2012\/06\/c\u00e1mara-2-1024x680.jpg 1024w, https:\/\/medicina.udd.cl\/kinesiologia-santiago\/files\/2012\/06\/c\u00e1mara-2-960x638.jpg 960w, https:\/\/medicina.udd.cl\/kinesiologia-santiago\/files\/2012\/06\/c\u00e1mara-2.jpg 1200w\" sizes=\"auto, (max-width: 300px) 100vw, 300px\" \/><\/a><\/p>\n"},"caption":{"rendered":""},"alt_text":"","media_type":"image","mime_type":"image\/jpeg","media_details":{"width":1200,"height":797,"file":"2012\/06\/c\u00e1mara-2.jpg","sizes":{"thumbnail":{"file":"c\u00e1mara-2-150x150.jpg","width":150,"height":150,"mime_type":"image\/jpeg","source_url":"https:\/\/medicina.udd.cl\/kinesiologia-santiago\/files\/2012\/06\/c\u00e1mara-2-150x150.jpg"},"medium":{"file":"c\u00e1mara-2-300x199.jpg","width":300,"height":199,"mime_type":"image\/jpeg","source_url":"https:\/\/medicina.udd.cl\/kinesiologia-santiago\/files\/2012\/06\/c\u00e1mara-2-300x199.jpg"},"medium_large":{"file":"c\u00e1mara-2-768x510.jpg","width":768,"height":510,"mime_type":"image\/jpeg","source_url":"https:\/\/medicina.udd.cl\/kinesiologia-santiago\/files\/2012\/06\/c\u00e1mara-2-768x510.jpg"},"large":{"file":"c\u00e1mara-2-1024x680.jpg","width":1024,"height":680,"mime_type":"image\/jpeg","source_url":"https:\/\/medicina.udd.cl\/kinesiologia-santiago\/files\/2012\/06\/c\u00e1mara-2-1024x680.jpg"},"newsletter_featured":{"file":"c\u00e1mara-2-316x224.jpg","width":316,"height":224,"mime_type":"image\/jpeg","source_url":"https:\/\/medicina.udd.cl\/kinesiologia-santiago\/files\/2012\/06\/c\u00e1mara-2-316x224.jpg"},"newsletter_first":{"file":"c\u00e1mara-2-286x205.jpg","width":286,"height":205,"mime_type":"image\/jpeg","source_url":"https:\/\/medicina.udd.cl\/kinesiologia-santiago\/files\/2012\/06\/c\u00e1mara-2-286x205.jpg"},"newsletter_thumb":{"file":"c\u00e1mara-2-288x150.jpg","width":288,"height":150,"mime_type":"image\/jpeg","source_url":"https:\/\/medicina.udd.cl\/kinesiologia-santiago\/files\/2012\/06\/c\u00e1mara-2-288x150.jpg"},"newsletter_column":{"file":"c\u00e1mara-2-182x140.jpg","width":182,"height":140,"mime_type":"image\/jpeg","source_url":"https:\/\/medicina.udd.cl\/kinesiologia-santiago\/files\/2012\/06\/c\u00e1mara-2-182x140.jpg"},"newsletter_square":{"file":"c\u00e1mara-2-62x62.jpg","width":62,"height":62,"mime_type":"image\/jpeg","source_url":"https:\/\/medicina.udd.cl\/kinesiologia-santiago\/files\/2012\/06\/c\u00e1mara-2-62x62.jpg"},"newsletter_square_large":{"file":"c\u00e1mara-2-87x62.jpg","width":87,"height":62,"mime_type":"image\/jpeg","source_url":"https:\/\/medicina.udd.cl\/kinesiologia-santiago\/files\/2012\/06\/c\u00e1mara-2-87x62.jpg"},"featured-home":{"file":"c\u00e1mara-2-800x450.jpg","width":800,"height":450,"mime_type":"image\/jpeg","source_url":"https:\/\/medicina.udd.cl\/kinesiologia-santiago\/files\/2012\/06\/c\u00e1mara-2-800x450.jpg"},"featured-career":{"file":"c\u00e1mara-2-660x430.jpg","width":660,"height":430,"mime_type":"image\/jpeg","source_url":"https:\/\/medicina.udd.cl\/kinesiologia-santiago\/files\/2012\/06\/c\u00e1mara-2-660x430.jpg"},"squared":{"file":"c\u00e1mara-2-300x300.jpg","width":300,"height":300,"mime_type":"image\/jpeg","source_url":"https:\/\/medicina.udd.cl\/kinesiologia-santiago\/files\/2012\/06\/c\u00e1mara-2-300x300.jpg"},"stretch":{"file":"c\u00e1mara-2-800x450.jpg","width":800,"height":450,"mime_type":"image\/jpeg","source_url":"https:\/\/medicina.udd.cl\/kinesiologia-santiago\/files\/2012\/06\/c\u00e1mara-2-800x450.jpg"},"portrait-medium":{"file":"c\u00e1mara-2-220x260.jpg","width":220,"height":260,"mime_type":"image\/jpeg","source_url":"https:\/\/medicina.udd.cl\/kinesiologia-santiago\/files\/2012\/06\/c\u00e1mara-2-220x260.jpg"},"landscape-small":{"file":"c\u00e1mara-2-125x80.jpg","width":125,"height":80,"mime_type":"image\/jpeg","source_url":"https:\/\/medicina.udd.cl\/kinesiologia-santiago\/files\/2012\/06\/c\u00e1mara-2-125x80.jpg"},"landscape-medium":{"file":"c\u00e1mara-2-340x220.jpg","width":340,"height":220,"mime_type":"image\/jpeg","source_url":"https:\/\/medicina.udd.cl\/kinesiologia-santiago\/files\/2012\/06\/c\u00e1mara-2-340x220.jpg"},"landscape-large":{"file":"c\u00e1mara-2-365x255.jpg","width":365,"height":255,"mime_type":"image\/jpeg","source_url":"https:\/\/medicina.udd.cl\/kinesiologia-santiago\/files\/2012\/06\/c\u00e1mara-2-365x255.jpg"},"landscape-xlarge":{"file":"c\u00e1mara-2-660x430.jpg","width":660,"height":430,"mime_type":"image\/jpeg","source_url":"https:\/\/medicina.udd.cl\/kinesiologia-santiago\/files\/2012\/06\/c\u00e1mara-2-660x430.jpg"},"panoramic":{"file":"c\u00e1mara-2-940x345.jpg","width":940,"height":345,"mime_type":"image\/jpeg","source_url":"https:\/\/medicina.udd.cl\/kinesiologia-santiago\/files\/2012\/06\/c\u00e1mara-2-940x345.jpg"},"stretch-large":{"file":"c\u00e1mara-2-940x450.jpg","width":940,"height":450,"mime_type":"image\/jpeg","source_url":"https:\/\/medicina.udd.cl\/kinesiologia-santiago\/files\/2012\/06\/c\u00e1mara-2-940x450.jpg"},"proportional-large":{"file":"c\u00e1mara-2-960x638.jpg","width":960,"height":638,"mime_type":"image\/jpeg","source_url":"https:\/\/medicina.udd.cl\/kinesiologia-santiago\/files\/2012\/06\/c\u00e1mara-2-960x638.jpg"},"custom_content":{"file":"c\u00e1mara-2-126x126.jpg","width":126,"height":126,"mime_type":"image\/jpeg","source_url":"https:\/\/medicina.udd.cl\/kinesiologia-santiago\/files\/2012\/06\/c\u00e1mara-2-126x126.jpg"},"full":{"file":"c\u00e1mara-2.jpg","width":1200,"height":797,"mime_type":"image\/jpeg","source_url":"https:\/\/medicina.udd.cl\/kinesiologia-santiago\/files\/2012\/06\/c\u00e1mara-2.jpg"}},"image_meta":{"aperture":"5.6","credit":"","camera":"NIKON D300","caption":"","created_timestamp":"1337769479","copyright":"","focal_length":"18","iso":"2500","shutter_speed":"0.0125","title":"","orientation":"1","keywords":[]}},"post":707,"source_url":"https:\/\/medicina.udd.cl\/kinesiologia-santiago\/files\/2012\/06\/c\u00e1mara-2.jpg","_links":{"self":[{"href":"https:\/\/medicina.udd.cl\/kinesiologia-santiago\/wp-json\/wp\/v2\/media\/709","targetHints":{"allow":["GET"]}}],"collection":[{"href":"https:\/\/medicina.udd.cl\/kinesiologia-santiago\/wp-json\/wp\/v2\/media"}],"about":[{"href":"https:\/\/medicina.udd.cl\/kinesiologia-santiago\/wp-json\/wp\/v2\/types\/attachment"}],"author":[{"embeddable":true,"href":"https:\/\/medicina.udd.cl\/kinesiologia-santiago\/wp-json\/wp\/v2\/users\/1"}],"replies":[{"embeddable":true,"href":"https:\/\/medicina.udd.cl\/kinesiologia-santiago\/wp-json\/wp\/v2\/comments?post=709"}],"wp:attached-to":[{"embeddable":true,"post_type":"post","id":707,"href":"https:\/\/medicina.udd.cl\/kinesiologia-santiago\/wp-json\/wp\/v2\/posts\/707"}],"curies":[{"name":"wp","href":"https:\/\/api.w.org\/{rel}","templated":true}]}}

http://medicina.udd.cl/kinesiologia-santiago/files/2012/06/cámara-2.jpg

Cámara hipobárica

<!-- This site is optimized with the Yoast SEO plugin v26.9 - https://yoast.com/product/yoast-seo-wordpress/ -->
<title>Cámara hipobárica - Kinesiología</title>
<meta name="robots" content="index, follow, max-snippet:-1, max-image-preview:large, max-video-preview:-1" />
<link rel="canonical" href="https://medicina.udd.cl/kinesiologia-santiago/files/2012/06/cámara-2.jpg" />
<meta property="og:locale" content="es_ES" />
<meta property="og:type" content="article" />
<meta property="og:title" content="Cámara hipobárica - Kinesiología" />
<meta property="og:url" content="https://medicina.udd.cl/kinesiologia-santiago/files/2012/06/cámara-2.jpg" />
<meta property="og:site_name" content="Kinesiología" />
<meta property="og:image" content="https://medicina.udd.cl/kinesiologia-santiago/files/2012/06/cámara-2.jpg" />
	<meta property="og:image:width" content="1200" />
	<meta property="og:image:height" content="797" />
	<meta property="og:image:type" content="image/jpeg" />
<script type="application/ld+json" class="yoast-schema-graph">{"@context":"https://schema.org","@graph":[{"@type":"WebPage","@id":"https://medicina.udd.cl/kinesiologia-santiago/files/2012/06/cámara-2.jpg","url":"https://medicina.udd.cl/kinesiologia-santiago/files/2012/06/cámara-2.jpg","name":"Cámara hipobárica - Kinesiología","isPartOf":{"@id":"https://medicina.udd.cl/kinesiologia-santiago/#website"},"datePublished":"2012-06-06T20:43:14+00:00","breadcrumb":{"@id":"https://medicina.udd.cl/kinesiologia-santiago/files/2012/06/cámara-2.jpg#breadcrumb"},"inLanguage":"es","potentialAction":[{"@type":"ReadAction","target":["https://medicina.udd.cl/kinesiologia-santiago/files/2012/06/cámara-2.jpg"]}]},{"@type":"BreadcrumbList","@id":"https://medicina.udd.cl/kinesiologia-santiago/files/2012/06/cámara-2.jpg#breadcrumb","itemListElement":[{"@type":"ListItem","position":1,"name":"Home","item":"https://medicina.udd.cl/kinesiologia-santiago/"},{"@type":"ListItem","position":2,"name":"Profesor fue parte de la evaluación de la selección chilena","item":"https://medicina.udd.cl/kinesiologia-santiago/noticias/2012/06/06/profesor-fue-parte-de-la-evaluacion-de-la-seleccion-chilena/"},{"@type":"ListItem","position":3,"name":"Cámara hipobárica"}]},{"@type":"WebSite","@id":"https://medicina.udd.cl/kinesiologia-santiago/#website","url":"https://medicina.udd.cl/kinesiologia-santiago/","name":"Kinesiología","description":"Facultad de Medicina Clínica Alemana Universidad del Desarrollo","inLanguage":"es"}]}</script>
<!-- / Yoast SEO plugin. -->

Cámara hipobárica - Kinesiología

https://medicina.udd.cl/kinesiologia-santiago/files/2012/06/cámara-2.jpg

Kinesiología

https://medicina.udd.cl/kinesiologia-santiago/files/2012/06/cámara-2.jpg#breadcrumb

Profesor fue parte de la evaluación de la selección chilena

Facultad de Medicina Clínica Alemana Universidad del Desarrollo

<p class="attachment"><a href='https://medicina.udd.cl/kinesiologia-santiago/files/2012/06/cámara-2.jpg'><img loading="lazy" decoding="async" width="300" height="199" src="https://medicina.udd.cl/kinesiologia-santiago/files/2012/06/cámara-2-300x199.jpg" class="attachment-medium size-medium" alt="" srcset="https://medicina.udd.cl/kinesiologia-santiago/files/2012/06/cámara-2-300x199.jpg 300w, https://medicina.udd.cl/kinesiologia-santiago/files/2012/06/cámara-2-768x510.jpg 768w, https://medicina.udd.cl/kinesiologia-santiago/files/2012/06/cámara-2-1024x680.jpg 1024w, https://medicina.udd.cl/kinesiologia-santiago/files/2012/06/cámara-2-960x638.jpg 960w, https://medicina.udd.cl/kinesiologia-santiago/files/2012/06/cámara-2.jpg 1200w" sizes="auto, (max-width: 300px) 100vw, 300px" /></a></p>

2012/06/cámara-2.jpg

cámara-2-150x150.jpg

https://medicina.udd.cl/kinesiologia-santiago/files/2012/06/cámara-2-150x150.jpg

cámara-2-300x199.jpg

https://medicina.udd.cl/kinesiologia-santiago/files/2012/06/cámara-2-300x199.jpg

cámara-2-768x510.jpg

https://medicina.udd.cl/kinesiologia-santiago/files/2012/06/cámara-2-768x510.jpg

cámara-2-1024x680.jpg

https://medicina.udd.cl/kinesiologia-santiago/files/2012/06/cámara-2-1024x680.jpg

cámara-2-316x224.jpg

https://medicina.udd.cl/kinesiologia-santiago/files/2012/06/cámara-2-316x224.jpg

cámara-2-286x205.jpg

https://medicina.udd.cl/kinesiologia-santiago/files/2012/06/cámara-2-286x205.jpg

cámara-2-288x150.jpg

https://medicina.udd.cl/kinesiologia-santiago/files/2012/06/cámara-2-288x150.jpg

cámara-2-182x140.jpg

https://medicina.udd.cl/kinesiologia-santiago/files/2012/06/cámara-2-182x140.jpg

cámara-2-62x62.jpg

https://medicina.udd.cl/kinesiologia-santiago/files/2012/06/cámara-2-62x62.jpg

cámara-2-87x62.jpg

https://medicina.udd.cl/kinesiologia-santiago/files/2012/06/cámara-2-87x62.jpg

cámara-2-800x450.jpg

https://medicina.udd.cl/kinesiologia-santiago/files/2012/06/cámara-2-800x450.jpg

cámara-2-660x430.jpg

https://medicina.udd.cl/kinesiologia-santiago/files/2012/06/cámara-2-660x430.jpg

cámara-2-300x300.jpg

https://medicina.udd.cl/kinesiologia-santiago/files/2012/06/cámara-2-300x300.jpg

cámara-2-220x260.jpg

https://medicina.udd.cl/kinesiologia-santiago/files/2012/06/cámara-2-220x260.jpg

cámara-2-125x80.jpg

https://medicina.udd.cl/kinesiologia-santiago/files/2012/06/cámara-2-125x80.jpg

cámara-2-340x220.jpg

https://medicina.udd.cl/kinesiologia-santiago/files/2012/06/cámara-2-340x220.jpg

cámara-2-365x255.jpg

https://medicina.udd.cl/kinesiologia-santiago/files/2012/06/cámara-2-365x255.jpg

cámara-2-940x345.jpg

https://medicina.udd.cl/kinesiologia-santiago/files/2012/06/cámara-2-940x345.jpg

cámara-2-940x450.jpg

https://medicina.udd.cl/kinesiologia-santiago/files/2012/06/cámara-2-940x450.jpg

cámara-2-960x638.jpg

https://medicina.udd.cl/kinesiologia-santiago/files/2012/06/cámara-2-960x638.jpg

cámara-2-126x126.jpg

https://medicina.udd.cl/kinesiologia-santiago/files/2012/06/cámara-2-126x126.jpg

cámara-2.jpg
