{"id":823,"date":"2012-11-21T10:45:15","date_gmt":"2012-11-21T13:45:16","guid":{"rendered":"http:\/\/medicina.udd.cl\/kinesiologia-santiago\/files\/2012\/11\/kinesiolog\u00eda.jpeg"},"modified":"2012-11-21T10:45:15","modified_gmt":"2012-11-21T13:45:16","slug":"kinesiologia-7","status":"inherit","type":"attachment","link":"https:\/\/medicina.udd.cl\/kinesiologia-santiago\/noticias\/2012\/11\/21\/docentes-de-la-carrera-participan-en-cuarta-jornada-de-kinesiologia-intensiva-y-soporte-ventilatorio\/kinesiologia-7\/","title":{"rendered":"kinesiolog\u00eda"},"author":30,"featured_media":0,"comment_status":"open","ping_status":"open","template":"","meta":[],"class_list":["post-823","attachment","type-attachment","status-inherit","hentry"],"yoast_head":"<!-- This site is optimized with the Yoast SEO plugin v26.9 - https:\/\/yoast.com\/product\/yoast-seo-wordpress\/ -->\n<title>kinesiolog\u00eda - Kinesiolog\u00eda<\/title>\n<meta name=\"robots\" content=\"index, follow, max-snippet:-1, max-image-preview:large, max-video-preview:-1\" \/>\n<link rel=\"canonical\" href=\"https:\/\/medicina.udd.cl\/kinesiologia-santiago\/files\/2012\/11\/kinesiolog\u00eda.jpeg\" \/>\n<meta property=\"og:locale\" content=\"es_ES\" \/>\n<meta property=\"og:type\" content=\"article\" \/>\n<meta property=\"og:title\" content=\"kinesiolog\u00eda - Kinesiolog\u00eda\" \/>\n<meta property=\"og:url\" content=\"https:\/\/medicina.udd.cl\/kinesiologia-santiago\/files\/2012\/11\/kinesiolog\u00eda.jpeg\" \/>\n<meta property=\"og:site_name\" content=\"Kinesiolog\u00eda\" \/>\n<meta property=\"og:image\" content=\"https:\/\/medicina.udd.cl\/kinesiologia-santiago\/files\/2012\/11\/kinesiolog\u00eda.jpeg\" \/>\n\t<meta property=\"og:image:width\" content=\"500\" \/>\n\t<meta property=\"og:image:height\" content=\"373\" \/>\n\t<meta property=\"og:image:type\" content=\"image\/jpeg\" \/>\n<script type=\"application\/ld+json\" class=\"yoast-schema-graph\">{\"@context\":\"https:\/\/schema.org\",\"@graph\":[{\"@type\":\"WebPage\",\"@id\":\"https:\/\/medicina.udd.cl\/kinesiologia-santiago\/files\/2012\/11\/kinesiolog\u00eda.jpeg\",\"url\":\"https:\/\/medicina.udd.cl\/kinesiologia-santiago\/files\/2012\/11\/kinesiolog\u00eda.jpeg\",\"name\":\"kinesiolog\u00eda - Kinesiolog\u00eda\",\"isPartOf\":{\"@id\":\"https:\/\/medicina.udd.cl\/kinesiologia-santiago\/#website\"},\"datePublished\":\"2012-11-21T13:45:16+00:00\",\"breadcrumb\":{\"@id\":\"https:\/\/medicina.udd.cl\/kinesiologia-santiago\/files\/2012\/11\/kinesiolog\u00eda.jpeg#breadcrumb\"},\"inLanguage\":\"es\",\"potentialAction\":[{\"@type\":\"ReadAction\",\"target\":[\"https:\/\/medicina.udd.cl\/kinesiologia-santiago\/files\/2012\/11\/kinesiolog\u00eda.jpeg\"]}]},{\"@type\":\"BreadcrumbList\",\"@id\":\"https:\/\/medicina.udd.cl\/kinesiologia-santiago\/files\/2012\/11\/kinesiolog\u00eda.jpeg#breadcrumb\",\"itemListElement\":[{\"@type\":\"ListItem\",\"position\":1,\"name\":\"Home\",\"item\":\"https:\/\/medicina.udd.cl\/kinesiologia-santiago\/\"},{\"@type\":\"ListItem\",\"position\":2,\"name\":\"Docentes de la carrera participan en Cuarta Jornada de Kinesiolog\u00eda Intensiva y Soporte Ventilatorio\",\"item\":\"https:\/\/medicina.udd.cl\/kinesiologia-santiago\/noticias\/2012\/11\/21\/docentes-de-la-carrera-participan-en-cuarta-jornada-de-kinesiologia-intensiva-y-soporte-ventilatorio\/\"},{\"@type\":\"ListItem\",\"position\":3,\"name\":\"kinesiolog\u00eda\"}]},{\"@type\":\"WebSite\",\"@id\":\"https:\/\/medicina.udd.cl\/kinesiologia-santiago\/#website\",\"url\":\"https:\/\/medicina.udd.cl\/kinesiologia-santiago\/\",\"name\":\"Kinesiolog\u00eda\",\"description\":\"Facultad de Medicina Cl\u00ednica Alemana Universidad del Desarrollo\",\"inLanguage\":\"es\"}]}<\/script>\n<!-- \/ Yoast SEO plugin. -->","yoast_head_json":{"title":"kinesiolog\u00eda - Kinesiolog\u00eda","robots":{"index":"index","follow":"follow","max-snippet":"max-snippet:-1","max-image-preview":"max-image-preview:large","max-video-preview":"max-video-preview:-1"},"canonical":"https:\/\/medicina.udd.cl\/kinesiologia-santiago\/files\/2012\/11\/kinesiolog\u00eda.jpeg","og_locale":"es_ES","og_type":"article","og_title":"kinesiolog\u00eda - Kinesiolog\u00eda","og_url":"https:\/\/medicina.udd.cl\/kinesiologia-santiago\/files\/2012\/11\/kinesiolog\u00eda.jpeg","og_site_name":"Kinesiolog\u00eda","og_image":[{"width":500,"height":373,"url":"https:\/\/medicina.udd.cl\/kinesiologia-santiago\/files\/2012\/11\/kinesiolog\u00eda.jpeg","type":"image\/jpeg"}],"schema":{"@context":"https:\/\/schema.org","@graph":[{"@type":"WebPage","@id":"https:\/\/medicina.udd.cl\/kinesiologia-santiago\/files\/2012\/11\/kinesiolog\u00eda.jpeg","url":"https:\/\/medicina.udd.cl\/kinesiologia-santiago\/files\/2012\/11\/kinesiolog\u00eda.jpeg","name":"kinesiolog\u00eda - Kinesiolog\u00eda","isPartOf":{"@id":"https:\/\/medicina.udd.cl\/kinesiologia-santiago\/#website"},"datePublished":"2012-11-21T13:45:16+00:00","breadcrumb":{"@id":"https:\/\/medicina.udd.cl\/kinesiologia-santiago\/files\/2012\/11\/kinesiolog\u00eda.jpeg#breadcrumb"},"inLanguage":"es","potentialAction":[{"@type":"ReadAction","target":["https:\/\/medicina.udd.cl\/kinesiologia-santiago\/files\/2012\/11\/kinesiolog\u00eda.jpeg"]}]},{"@type":"BreadcrumbList","@id":"https:\/\/medicina.udd.cl\/kinesiologia-santiago\/files\/2012\/11\/kinesiolog\u00eda.jpeg#breadcrumb","itemListElement":[{"@type":"ListItem","position":1,"name":"Home","item":"https:\/\/medicina.udd.cl\/kinesiologia-santiago\/"},{"@type":"ListItem","position":2,"name":"Docentes de la carrera participan en Cuarta Jornada de Kinesiolog\u00eda Intensiva y Soporte Ventilatorio","item":"https:\/\/medicina.udd.cl\/kinesiologia-santiago\/noticias\/2012\/11\/21\/docentes-de-la-carrera-participan-en-cuarta-jornada-de-kinesiologia-intensiva-y-soporte-ventilatorio\/"},{"@type":"ListItem","position":3,"name":"kinesiolog\u00eda"}]},{"@type":"WebSite","@id":"https:\/\/medicina.udd.cl\/kinesiologia-santiago\/#website","url":"https:\/\/medicina.udd.cl\/kinesiologia-santiago\/","name":"Kinesiolog\u00eda","description":"Facultad de Medicina Cl\u00ednica Alemana Universidad del Desarrollo","inLanguage":"es"}]}},"description":{"rendered":"<p class=\"attachment\"><a href='https:\/\/medicina.udd.cl\/kinesiologia-santiago\/files\/2012\/11\/kinesiolog\u00eda.jpeg'><img loading=\"lazy\" decoding=\"async\" width=\"300\" height=\"224\" src=\"https:\/\/medicina.udd.cl\/kinesiologia-santiago\/files\/2012\/11\/kinesiolog\u00eda-300x224.jpeg\" class=\"attachment-medium size-medium\" alt=\"\" srcset=\"https:\/\/medicina.udd.cl\/kinesiologia-santiago\/files\/2012\/11\/kinesiolog\u00eda-300x224.jpeg 300w, https:\/\/medicina.udd.cl\/kinesiologia-santiago\/files\/2012\/11\/kinesiolog\u00eda.jpeg 500w\" sizes=\"auto, (max-width: 300px) 100vw, 300px\" \/><\/a><\/p>\n"},"caption":{"rendered":""},"alt_text":"","media_type":"image","mime_type":"image\/jpeg","media_details":{"width":500,"height":373,"file":"2012\/11\/kinesiolog\u00eda.jpeg","sizes":{"thumbnail":{"file":"kinesiolog\u00eda-150x150.jpeg","width":150,"height":150,"mime_type":"image\/jpeg","source_url":"https:\/\/medicina.udd.cl\/kinesiologia-santiago\/files\/2012\/11\/kinesiolog\u00eda-150x150.jpeg"},"medium":{"file":"kinesiolog\u00eda-300x224.jpeg","width":300,"height":224,"mime_type":"image\/jpeg","source_url":"https:\/\/medicina.udd.cl\/kinesiologia-santiago\/files\/2012\/11\/kinesiolog\u00eda-300x224.jpeg"},"newsletter_featured":{"file":"kinesiolog\u00eda-316x224.jpeg","width":316,"height":224,"mime_type":"image\/jpeg","source_url":"https:\/\/medicina.udd.cl\/kinesiologia-santiago\/files\/2012\/11\/kinesiolog\u00eda-316x224.jpeg"},"newsletter_first":{"file":"kinesiolog\u00eda-286x205.jpeg","width":286,"height":205,"mime_type":"image\/jpeg","source_url":"https:\/\/medicina.udd.cl\/kinesiologia-santiago\/files\/2012\/11\/kinesiolog\u00eda-286x205.jpeg"},"newsletter_thumb":{"file":"kinesiolog\u00eda-288x150.jpeg","width":288,"height":150,"mime_type":"image\/jpeg","source_url":"https:\/\/medicina.udd.cl\/kinesiologia-santiago\/files\/2012\/11\/kinesiolog\u00eda-288x150.jpeg"},"newsletter_column":{"file":"kinesiolog\u00eda-182x140.jpeg","width":182,"height":140,"mime_type":"image\/jpeg","source_url":"https:\/\/medicina.udd.cl\/kinesiologia-santiago\/files\/2012\/11\/kinesiolog\u00eda-182x140.jpeg"},"newsletter_square":{"file":"kinesiolog\u00eda-62x62.jpeg","width":62,"height":62,"mime_type":"image\/jpeg","source_url":"https:\/\/medicina.udd.cl\/kinesiologia-santiago\/files\/2012\/11\/kinesiolog\u00eda-62x62.jpeg"},"newsletter_square_large":{"file":"kinesiolog\u00eda-87x62.jpeg","width":87,"height":62,"mime_type":"image\/jpeg","source_url":"https:\/\/medicina.udd.cl\/kinesiologia-santiago\/files\/2012\/11\/kinesiolog\u00eda-87x62.jpeg"},"squared":{"file":"kinesiolog\u00eda-300x300.jpeg","width":300,"height":300,"mime_type":"image\/jpeg","source_url":"https:\/\/medicina.udd.cl\/kinesiologia-santiago\/files\/2012\/11\/kinesiolog\u00eda-300x300.jpeg"},"portrait-medium":{"file":"kinesiolog\u00eda-220x260.jpeg","width":220,"height":260,"mime_type":"image\/jpeg","source_url":"https:\/\/medicina.udd.cl\/kinesiologia-santiago\/files\/2012\/11\/kinesiolog\u00eda-220x260.jpeg"},"landscape-small":{"file":"kinesiolog\u00eda-125x80.jpeg","width":125,"height":80,"mime_type":"image\/jpeg","source_url":"https:\/\/medicina.udd.cl\/kinesiologia-santiago\/files\/2012\/11\/kinesiolog\u00eda-125x80.jpeg"},"landscape-medium":{"file":"kinesiolog\u00eda-340x220.jpeg","width":340,"height":220,"mime_type":"image\/jpeg","source_url":"https:\/\/medicina.udd.cl\/kinesiologia-santiago\/files\/2012\/11\/kinesiolog\u00eda-340x220.jpeg"},"landscape-large":{"file":"kinesiolog\u00eda-365x255.jpeg","width":365,"height":255,"mime_type":"image\/jpeg","source_url":"https:\/\/medicina.udd.cl\/kinesiologia-santiago\/files\/2012\/11\/kinesiolog\u00eda-365x255.jpeg"},"panoramic":{"file":"kinesiolog\u00eda-500x345.jpeg","width":500,"height":345,"mime_type":"image\/jpeg","source_url":"https:\/\/medicina.udd.cl\/kinesiologia-santiago\/files\/2012\/11\/kinesiolog\u00eda-500x345.jpeg"},"custom_content":{"file":"kinesiolog\u00eda-126x126.jpeg","width":126,"height":126,"mime_type":"image\/jpeg","source_url":"https:\/\/medicina.udd.cl\/kinesiologia-santiago\/files\/2012\/11\/kinesiolog\u00eda-126x126.jpeg"},"full":{"file":"kinesiolog\u00eda.jpeg","width":500,"height":373,"mime_type":"image\/jpeg","source_url":"https:\/\/medicina.udd.cl\/kinesiologia-santiago\/files\/2012\/11\/kinesiolog\u00eda.jpeg"}},"image_meta":{"aperture":"2.8","credit":"","camera":"iPhone 4","caption":"","created_timestamp":"1349441637","copyright":"","focal_length":"3.85","iso":"800","shutter_speed":"0.066666666666667","title":"","orientation":"1","keywords":[]}},"post":822,"source_url":"https:\/\/medicina.udd.cl\/kinesiologia-santiago\/files\/2012\/11\/kinesiolog\u00eda.jpeg","_links":{"self":[{"href":"https:\/\/medicina.udd.cl\/kinesiologia-santiago\/wp-json\/wp\/v2\/media\/823","targetHints":{"allow":["GET"]}}],"collection":[{"href":"https:\/\/medicina.udd.cl\/kinesiologia-santiago\/wp-json\/wp\/v2\/media"}],"about":[{"href":"https:\/\/medicina.udd.cl\/kinesiologia-santiago\/wp-json\/wp\/v2\/types\/attachment"}],"author":[{"embeddable":true,"href":"https:\/\/medicina.udd.cl\/kinesiologia-santiago\/wp-json\/wp\/v2\/users\/30"}],"replies":[{"embeddable":true,"href":"https:\/\/medicina.udd.cl\/kinesiologia-santiago\/wp-json\/wp\/v2\/comments?post=823"}],"wp:attached-to":[{"embeddable":true,"post_type":"post","id":822,"href":"https:\/\/medicina.udd.cl\/kinesiologia-santiago\/wp-json\/wp\/v2\/posts\/822"}],"curies":[{"name":"wp","href":"https:\/\/api.w.org\/{rel}","templated":true}]}}

http://medicina.udd.cl/kinesiologia-santiago/files/2012/11/kinesiología.jpeg

kinesiología

<!-- This site is optimized with the Yoast SEO plugin v26.9 - https://yoast.com/product/yoast-seo-wordpress/ -->
<title>kinesiología - Kinesiología</title>
<meta name="robots" content="index, follow, max-snippet:-1, max-image-preview:large, max-video-preview:-1" />
<link rel="canonical" href="https://medicina.udd.cl/kinesiologia-santiago/files/2012/11/kinesiología.jpeg" />
<meta property="og:locale" content="es_ES" />
<meta property="og:type" content="article" />
<meta property="og:title" content="kinesiología - Kinesiología" />
<meta property="og:url" content="https://medicina.udd.cl/kinesiologia-santiago/files/2012/11/kinesiología.jpeg" />
<meta property="og:site_name" content="Kinesiología" />
<meta property="og:image" content="https://medicina.udd.cl/kinesiologia-santiago/files/2012/11/kinesiología.jpeg" />
	<meta property="og:image:width" content="500" />
	<meta property="og:image:height" content="373" />
	<meta property="og:image:type" content="image/jpeg" />
<script type="application/ld+json" class="yoast-schema-graph">{"@context":"https://schema.org","@graph":[{"@type":"WebPage","@id":"https://medicina.udd.cl/kinesiologia-santiago/files/2012/11/kinesiología.jpeg","url":"https://medicina.udd.cl/kinesiologia-santiago/files/2012/11/kinesiología.jpeg","name":"kinesiología - Kinesiología","isPartOf":{"@id":"https://medicina.udd.cl/kinesiologia-santiago/#website"},"datePublished":"2012-11-21T13:45:16+00:00","breadcrumb":{"@id":"https://medicina.udd.cl/kinesiologia-santiago/files/2012/11/kinesiología.jpeg#breadcrumb"},"inLanguage":"es","potentialAction":[{"@type":"ReadAction","target":["https://medicina.udd.cl/kinesiologia-santiago/files/2012/11/kinesiología.jpeg"]}]},{"@type":"BreadcrumbList","@id":"https://medicina.udd.cl/kinesiologia-santiago/files/2012/11/kinesiología.jpeg#breadcrumb","itemListElement":[{"@type":"ListItem","position":1,"name":"Home","item":"https://medicina.udd.cl/kinesiologia-santiago/"},{"@type":"ListItem","position":2,"name":"Docentes de la carrera participan en Cuarta Jornada de Kinesiología Intensiva y Soporte Ventilatorio","item":"https://medicina.udd.cl/kinesiologia-santiago/noticias/2012/11/21/docentes-de-la-carrera-participan-en-cuarta-jornada-de-kinesiologia-intensiva-y-soporte-ventilatorio/"},{"@type":"ListItem","position":3,"name":"kinesiología"}]},{"@type":"WebSite","@id":"https://medicina.udd.cl/kinesiologia-santiago/#website","url":"https://medicina.udd.cl/kinesiologia-santiago/","name":"Kinesiología","description":"Facultad de Medicina Clínica Alemana Universidad del Desarrollo","inLanguage":"es"}]}</script>
<!-- / Yoast SEO plugin. -->

kinesiología - Kinesiología

https://medicina.udd.cl/kinesiologia-santiago/files/2012/11/kinesiología.jpeg

Kinesiología

https://medicina.udd.cl/kinesiologia-santiago/files/2012/11/kinesiología.jpeg#breadcrumb

Docentes de la carrera participan en Cuarta Jornada de Kinesiología Intensiva y Soporte Ventilatorio

Facultad de Medicina Clínica Alemana Universidad del Desarrollo

<p class="attachment"><a href='https://medicina.udd.cl/kinesiologia-santiago/files/2012/11/kinesiología.jpeg'><img loading="lazy" decoding="async" width="300" height="224" src="https://medicina.udd.cl/kinesiologia-santiago/files/2012/11/kinesiología-300x224.jpeg" class="attachment-medium size-medium" alt="" srcset="https://medicina.udd.cl/kinesiologia-santiago/files/2012/11/kinesiología-300x224.jpeg 300w, https://medicina.udd.cl/kinesiologia-santiago/files/2012/11/kinesiología.jpeg 500w" sizes="auto, (max-width: 300px) 100vw, 300px" /></a></p>

2012/11/kinesiología.jpeg

kinesiología-150x150.jpeg

https://medicina.udd.cl/kinesiologia-santiago/files/2012/11/kinesiología-150x150.jpeg

kinesiología-300x224.jpeg

https://medicina.udd.cl/kinesiologia-santiago/files/2012/11/kinesiología-300x224.jpeg

kinesiología-316x224.jpeg

https://medicina.udd.cl/kinesiologia-santiago/files/2012/11/kinesiología-316x224.jpeg

kinesiología-286x205.jpeg

https://medicina.udd.cl/kinesiologia-santiago/files/2012/11/kinesiología-286x205.jpeg

kinesiología-288x150.jpeg

https://medicina.udd.cl/kinesiologia-santiago/files/2012/11/kinesiología-288x150.jpeg

kinesiología-182x140.jpeg

https://medicina.udd.cl/kinesiologia-santiago/files/2012/11/kinesiología-182x140.jpeg

kinesiología-62x62.jpeg

https://medicina.udd.cl/kinesiologia-santiago/files/2012/11/kinesiología-62x62.jpeg

kinesiología-87x62.jpeg

https://medicina.udd.cl/kinesiologia-santiago/files/2012/11/kinesiología-87x62.jpeg

kinesiología-300x300.jpeg

https://medicina.udd.cl/kinesiologia-santiago/files/2012/11/kinesiología-300x300.jpeg

kinesiología-220x260.jpeg

https://medicina.udd.cl/kinesiologia-santiago/files/2012/11/kinesiología-220x260.jpeg

kinesiología-125x80.jpeg

https://medicina.udd.cl/kinesiologia-santiago/files/2012/11/kinesiología-125x80.jpeg

kinesiología-340x220.jpeg

https://medicina.udd.cl/kinesiologia-santiago/files/2012/11/kinesiología-340x220.jpeg

kinesiología-365x255.jpeg

https://medicina.udd.cl/kinesiologia-santiago/files/2012/11/kinesiología-365x255.jpeg

kinesiología-500x345.jpeg

https://medicina.udd.cl/kinesiologia-santiago/files/2012/11/kinesiología-500x345.jpeg

kinesiología-126x126.jpeg

https://medicina.udd.cl/kinesiologia-santiago/files/2012/11/kinesiología-126x126.jpeg

kinesiología.jpeg
