{"id":4989,"date":"2021-01-18T09:47:15","date_gmt":"2021-01-18T12:47:15","guid":{"rendered":"http:\/\/medicina.udd.cl\/kinesiologia-santiago\/?page_id=4989"},"modified":"2021-01-18T15:40:25","modified_gmt":"2021-01-18T18:40:25","slug":"profesionales-de-la-salud-impacct-covid-19-udd","status":"publish","type":"page","link":"https:\/\/medicina.udd.cl\/kinesiologia-santiago\/profesionales-de-la-salud-impacct-covid-19-udd\/","title":{"rendered":"[Profesionales de la Salud] IMPACCT-COVID-19-UDD"},"content":{"rendered":"\n<p>Enfrentarse a un gran n\u00famero de pacientes con\nuna nueva enfermedad, el r\u00e1pido aumento de la carga asistencial, las altas\ntasas de mortalidad del COVID-19 y el uso por periodos prolongados de elementos\nde protecci\u00f3n personal pueden generar estr\u00e9s, ansiedad y burnout en los\nprofesionales atendiendo a estos pacientes.<\/p>\n\n\n\n<p>Adem\u00e1s, cada centro hospitalario ten\u00eda cierta\nlibertad para decidir c\u00f3mo aumentaba la capacidad hospitalaria. Esto implica\nque la cultura organizacional y liderazgo presente en cada instituci\u00f3n va a\ndeterminar c\u00f3mo se manej\u00f3 ese proceso y hasta qu\u00e9 punto el equipo\nmultidisciplinario fue part\u00edcipe de las decisiones <\/p>\n\n\n\n<p>Explorar las experiencias de los profesionales de la salud que trabajaron durante la pandemia en cuidados intensivos permitir\u00e1 dilucidar qu\u00e9 funcion\u00f3 bien y qu\u00e9 aspectos del proceso son mejorables en el caso que hubiera otra ola o epidemia en el futuro.<\/p>\n\n\n\n<h2 class=\"wp-block-heading\"><strong>Protocolo<\/strong><\/h2>\n\n\n\n<p><strong>Contexto<\/strong><\/p>\n\n\n\n<p>Equipos multidisciplinarios con liderazgo\ndistribuido y designado junto a cultura abierta tienden a adaptarse mejor a\ncambios r\u00e1pidos en la entrega de cuidados de salud. En un contexto de pandemia,\nlas caracter\u00edsticas de la cultura organizacional y el tipo de liderazgo\npresente van a influenciar como la respuesta al aumento de capacidad es\npercibido por diferentes grupos profesionales que trabajan en las unidades de\ncuidados intensivos.<\/p>\n\n\n\n<p>Adem\u00e1s de la adaptaci\u00f3n al cambio como desaf\u00edo\ninherente, se agregan los desaf\u00edos cl\u00ednicos, emocionales y f\u00edsicos. En el\n\u00e1mbito cl\u00ednico estos se asocian a enfrentarse a una patolog\u00eda de la cual se\nconoce poco. En el \u00e1mbito emocional, los desaf\u00edos se relacionan al riesgo de\nexponerse a una patolog\u00eda potencialmente fatal junto con presenciar la muerte\nde un gran n\u00famero de pacientes muy por encima de lo habitual. En el caso de los\ndesaf\u00edos f\u00edsicos, estos se relacionan a extensas jornadas de trabajo y, en\nmuchos casos, turnos extras para cubrir el aumento de demanda y los colegas que\nse han enfermado.<\/p>\n\n\n\n<p>Explorar c\u00f3mo los profesionales de la salud\nhan experimentado estos desaf\u00edos ayudar\u00e1 a dilucidar qu\u00e9 modelos de trabajo han\nfuncionado mejor, qu\u00e9 aspectos de la respuesta frente a la pandemia son\nmejorables y cu\u00e1les se deber\u00edan fortalecer en futuras epidemias.<\/p>\n\n\n\n<h2 class=\"wp-block-heading\"><strong>Objetivo\ngeneral<\/strong><\/h2>\n\n\n\n<p>Explorar los desaf\u00edos emocionales,\nintelectuales, f\u00edsicos y administrativos enfrentados por los profesionales de\nla salud que trabajan en la UCI durante la pandemia de COVID-19.<\/p>\n\n\n\n<h2 class=\"wp-block-heading\"><strong>Dise\u00f1o\ndel estudio<\/strong><\/h2>\n\n\n\n<p>Estudio cualitativo<\/p>\n\n\n\n<h2 class=\"wp-block-heading\"><strong>Participantes<\/strong><\/h2>\n\n\n\n<p>Profesionales de salud que trabajaron en una\nunidad de cuidados intensivos durante la pandemia COVID-19<\/p>\n\n\n\n<h2 class=\"wp-block-heading\"><strong>Criterios de selecci\u00f3n y estrategia de reclutamiento<\/strong><\/h2>\n\n\n\n<p>Se incluir\u00e1n a m\u00e9dicos, enfermeros,\nkinesi\u00f3logos y t\u00e9cnicos param\u00e9dicos que se desempe\u00f1en de manera habitual en UCI\ny que hayan trabajado durante la pandemia del COVID-19. Tambi\u00e9n se invitar\u00e1\npersonal que haya realizado labores de refuerzo durante la pandemia por al\nmenos 72 horas.<\/p>\n\n\n\n<p>Se pondr\u00e1n posters en cada unidad para\nreclutar a m\u00e1s profesionales de la salud que no hayan asistido a la sesi\u00f3n de\npresentaci\u00f3n del estudio. Previo a la recolecci\u00f3n de datos el profesional de\nsalud debe consentir voluntariamente su participaci\u00f3n en el estudio mediante\nrespuesta en formulario Google<\/p>\n\n\n\n<h2 class=\"wp-block-heading\"><strong>Recolecci\u00f3n\nde datos<\/strong><\/h2>\n\n\n\n<p>La recolecci\u00f3n de datos ser\u00e1 mediante grupo\nfocales realizados mediante videoconferencia en horarios que coincidan con el\nfin de los turnos de noche y d\u00eda. Tambi\u00e9n daremos la opci\u00f3n de hacer un grupo\nfocal a la hora de almuerzo para captar participantes que no les acomode las\notras sesiones. Los grupos focales ser\u00e1n guiados por un psic\u00f3logo cl\u00ednico con\nexperiencia en este tipo de recolecci\u00f3n de datos. El grupo focal ser\u00e1 grabado\npara su posterior transcripci\u00f3n palabra por palabra, y otra persona del grupo\nde investigaci\u00f3n tomar\u00e1 notas de campo para complementar los datos verbales.<\/p>\n\n\n\n<h2 class=\"wp-block-heading\"><strong>Tama\u00f1o muestral<\/strong><\/h2>\n\n\n\n<p>Se espera reclutar dos a tres profesionales de cada grupo por centro participante tomando en cuenta los a\u00f1os de experiencia en UCI para tener una muestra balanceada. Se espera un m\u00ednimo de ocho grupos focales con 9 a 12 participantes cada uno.<\/p>\n\n\n\n<p> <a href=\"https:\/\/medicina.udd.cl\/kinesiologia-santiago\/impacct\/\"><strong>Ir a inicio<\/strong><\/a> <\/p>\n","protected":false},"excerpt":{"rendered":"<p>Enfrentarse a un gran n\u00famero de pacientes con una nueva enfermedad, el r\u00e1pido aumento de la carga asistencial, las altas tasas de mortalidad del COVID-19 y el uso por periodos prolongados de elementos de protecci\u00f3n personal pueden generar estr\u00e9s, ansiedad y burnout en los profesionales atendiendo a estos pacientes. Adem\u00e1s, cada centro hospitalario ten\u00eda cierta [&hellip;]<\/p>\n","protected":false},"author":9192219,"featured_media":0,"parent":0,"menu_order":0,"comment_status":"closed","ping_status":"closed","template":"","meta":{"footnotes":""},"class_list":["post-4989","page","type-page","status-publish","hentry"],"yoast_head":"<!-- This site is optimized with the Yoast SEO plugin v26.9 - https:\/\/yoast.com\/product\/yoast-seo-wordpress\/ -->\n<title>[Profesionales de la Salud] IMPACCT-COVID-19-UDD - Kinesiolog\u00eda<\/title>\n<meta name=\"robots\" content=\"index, follow, max-snippet:-1, max-image-preview:large, max-video-preview:-1\" \/>\n<link rel=\"canonical\" href=\"https:\/\/medicina.udd.cl\/kinesiologia-santiago\/profesionales-de-la-salud-impacct-covid-19-udd\/\" \/>\n<meta property=\"og:locale\" content=\"es_ES\" \/>\n<meta property=\"og:type\" content=\"article\" \/>\n<meta property=\"og:title\" content=\"[Profesionales de la Salud] IMPACCT-COVID-19-UDD - Kinesiolog\u00eda\" \/>\n<meta property=\"og:description\" content=\"Enfrentarse a un gran n\u00famero de pacientes con una nueva enfermedad, el r\u00e1pido aumento de la carga asistencial, las altas tasas de mortalidad del COVID-19 y el uso por periodos prolongados de elementos de protecci\u00f3n personal pueden generar estr\u00e9s, ansiedad y burnout en los profesionales atendiendo a estos pacientes. Adem\u00e1s, cada centro hospitalario ten\u00eda cierta [&hellip;]\" \/>\n<meta property=\"og:url\" content=\"https:\/\/medicina.udd.cl\/kinesiologia-santiago\/profesionales-de-la-salud-impacct-covid-19-udd\/\" \/>\n<meta property=\"og:site_name\" content=\"Kinesiolog\u00eda\" \/>\n<meta property=\"article:modified_time\" content=\"2021-01-18T18:40:25+00:00\" \/>\n<meta name=\"twitter:label1\" content=\"Tiempo de lectura\" \/>\n\t<meta name=\"twitter:data1\" content=\"3 minutos\" \/>\n<script type=\"application\/ld+json\" class=\"yoast-schema-graph\">{\"@context\":\"https:\/\/schema.org\",\"@graph\":[{\"@type\":\"WebPage\",\"@id\":\"https:\/\/medicina.udd.cl\/kinesiologia-santiago\/profesionales-de-la-salud-impacct-covid-19-udd\/\",\"url\":\"https:\/\/medicina.udd.cl\/kinesiologia-santiago\/profesionales-de-la-salud-impacct-covid-19-udd\/\",\"name\":\"[Profesionales de la Salud] IMPACCT-COVID-19-UDD - Kinesiolog\u00eda\",\"isPartOf\":{\"@id\":\"https:\/\/medicina.udd.cl\/kinesiologia-santiago\/#website\"},\"datePublished\":\"2021-01-18T12:47:15+00:00\",\"dateModified\":\"2021-01-18T18:40:25+00:00\",\"breadcrumb\":{\"@id\":\"https:\/\/medicina.udd.cl\/kinesiologia-santiago\/profesionales-de-la-salud-impacct-covid-19-udd\/#breadcrumb\"},\"inLanguage\":\"es\",\"potentialAction\":[{\"@type\":\"ReadAction\",\"target\":[\"https:\/\/medicina.udd.cl\/kinesiologia-santiago\/profesionales-de-la-salud-impacct-covid-19-udd\/\"]}]},{\"@type\":\"BreadcrumbList\",\"@id\":\"https:\/\/medicina.udd.cl\/kinesiologia-santiago\/profesionales-de-la-salud-impacct-covid-19-udd\/#breadcrumb\",\"itemListElement\":[{\"@type\":\"ListItem\",\"position\":1,\"name\":\"Home\",\"item\":\"https:\/\/medicina.udd.cl\/kinesiologia-santiago\/\"},{\"@type\":\"ListItem\",\"position\":2,\"name\":\"[Profesionales de la Salud] IMPACCT-COVID-19-UDD\"}]},{\"@type\":\"WebSite\",\"@id\":\"https:\/\/medicina.udd.cl\/kinesiologia-santiago\/#website\",\"url\":\"https:\/\/medicina.udd.cl\/kinesiologia-santiago\/\",\"name\":\"Kinesiolog\u00eda\",\"description\":\"Facultad de Medicina Cl\u00ednica Alemana Universidad del Desarrollo\",\"inLanguage\":\"es\"}]}<\/script>\n<!-- \/ Yoast SEO plugin. -->","yoast_head_json":{"title":"[Profesionales de la Salud] IMPACCT-COVID-19-UDD - Kinesiolog\u00eda","robots":{"index":"index","follow":"follow","max-snippet":"max-snippet:-1","max-image-preview":"max-image-preview:large","max-video-preview":"max-video-preview:-1"},"canonical":"https:\/\/medicina.udd.cl\/kinesiologia-santiago\/profesionales-de-la-salud-impacct-covid-19-udd\/","og_locale":"es_ES","og_type":"article","og_title":"[Profesionales de la Salud] IMPACCT-COVID-19-UDD - Kinesiolog\u00eda","og_description":"Enfrentarse a un gran n\u00famero de pacientes con una nueva enfermedad, el r\u00e1pido aumento de la carga asistencial, las altas tasas de mortalidad del COVID-19 y el uso por periodos prolongados de elementos de protecci\u00f3n personal pueden generar estr\u00e9s, ansiedad y burnout en los profesionales atendiendo a estos pacientes. Adem\u00e1s, cada centro hospitalario ten\u00eda cierta [&hellip;]","og_url":"https:\/\/medicina.udd.cl\/kinesiologia-santiago\/profesionales-de-la-salud-impacct-covid-19-udd\/","og_site_name":"Kinesiolog\u00eda","article_modified_time":"2021-01-18T18:40:25+00:00","twitter_misc":{"Tiempo de lectura":"3 minutos"},"schema":{"@context":"https:\/\/schema.org","@graph":[{"@type":"WebPage","@id":"https:\/\/medicina.udd.cl\/kinesiologia-santiago\/profesionales-de-la-salud-impacct-covid-19-udd\/","url":"https:\/\/medicina.udd.cl\/kinesiologia-santiago\/profesionales-de-la-salud-impacct-covid-19-udd\/","name":"[Profesionales de la Salud] IMPACCT-COVID-19-UDD - Kinesiolog\u00eda","isPartOf":{"@id":"https:\/\/medicina.udd.cl\/kinesiologia-santiago\/#website"},"datePublished":"2021-01-18T12:47:15+00:00","dateModified":"2021-01-18T18:40:25+00:00","breadcrumb":{"@id":"https:\/\/medicina.udd.cl\/kinesiologia-santiago\/profesionales-de-la-salud-impacct-covid-19-udd\/#breadcrumb"},"inLanguage":"es","potentialAction":[{"@type":"ReadAction","target":["https:\/\/medicina.udd.cl\/kinesiologia-santiago\/profesionales-de-la-salud-impacct-covid-19-udd\/"]}]},{"@type":"BreadcrumbList","@id":"https:\/\/medicina.udd.cl\/kinesiologia-santiago\/profesionales-de-la-salud-impacct-covid-19-udd\/#breadcrumb","itemListElement":[{"@type":"ListItem","position":1,"name":"Home","item":"https:\/\/medicina.udd.cl\/kinesiologia-santiago\/"},{"@type":"ListItem","position":2,"name":"[Profesionales de la Salud] IMPACCT-COVID-19-UDD"}]},{"@type":"WebSite","@id":"https:\/\/medicina.udd.cl\/kinesiologia-santiago\/#website","url":"https:\/\/medicina.udd.cl\/kinesiologia-santiago\/","name":"Kinesiolog\u00eda","description":"Facultad de Medicina Cl\u00ednica Alemana Universidad del Desarrollo","inLanguage":"es"}]}},"_links":{"self":[{"href":"https:\/\/medicina.udd.cl\/kinesiologia-santiago\/wp-json\/wp\/v2\/pages\/4989","targetHints":{"allow":["GET"]}}],"collection":[{"href":"https:\/\/medicina.udd.cl\/kinesiologia-santiago\/wp-json\/wp\/v2\/pages"}],"about":[{"href":"https:\/\/medicina.udd.cl\/kinesiologia-santiago\/wp-json\/wp\/v2\/types\/page"}],"author":[{"embeddable":true,"href":"https:\/\/medicina.udd.cl\/kinesiologia-santiago\/wp-json\/wp\/v2\/users\/9192219"}],"replies":[{"embeddable":true,"href":"https:\/\/medicina.udd.cl\/kinesiologia-santiago\/wp-json\/wp\/v2\/comments?post=4989"}],"version-history":[{"count":4,"href":"https:\/\/medicina.udd.cl\/kinesiologia-santiago\/wp-json\/wp\/v2\/pages\/4989\/revisions"}],"predecessor-version":[{"id":5023,"href":"https:\/\/medicina.udd.cl\/kinesiologia-santiago\/wp-json\/wp\/v2\/pages\/4989\/revisions\/5023"}],"wp:attachment":[{"href":"https:\/\/medicina.udd.cl\/kinesiologia-santiago\/wp-json\/wp\/v2\/media?parent=4989"}],"curies":[{"name":"wp","href":"https:\/\/api.w.org\/{rel}","templated":true}]}}