{"id":5010,"date":"2021-01-18T14:11:10","date_gmt":"2021-01-18T17:11:10","guid":{"rendered":"http:\/\/medicina.udd.cl\/kinesiologia-santiago\/?page_id=5010"},"modified":"2021-01-18T16:50:26","modified_gmt":"2021-01-18T19:50:26","slug":"equipo-a-cargo-impacct-covid-19-udd","status":"publish","type":"page","link":"https:\/\/medicina.udd.cl\/kinesiologia-santiago\/equipo-a-cargo-impacct-covid-19-udd\/","title":{"rendered":"[Equipo a cargo] IMPACCT-COVID-19-UDD"},"content":{"rendered":"\n<figure class=\"wp-block-table\"><table class=\"\"><tbody><tr><td>Investigador responsable<\/td><td>Catalina Merino<\/td><\/tr><tr><td>Equipo co-investigador<\/td><td>Felipe Gonz\u00e1lez Agust\u00edn Camus Jaime Leppe Ana Castro \u00c1vila<\/td><\/tr><tr><td>Responsable Cl\u00ednica Alemana Santiago<\/td><td>Agust\u00edn Camus<\/td><\/tr><tr><td>Responsable Cl\u00ednica Bupa<\/td><td>Javiera Aguilera<\/td><\/tr><tr><td>Responsable Cl\u00ednica INDISA<\/td><td>Felipe Mu\u00f1oz<\/td><\/tr><tr><td>Responsable Hospital del Salvador<\/td><td>Camilo C\u00e1ceres<\/td><\/tr><tr><td>Responsable Hospital Regional de Antofagasta<\/td><td>Yerko Villagra<\/td><\/tr><tr><td>Responsable Hospital de Coquimbo<\/td><td>Eduardo Gonz\u00e1lez<\/td><\/tr><\/tbody><\/table><\/figure>\n\n\n\n<ul class=\"wp-block-list\"><li><strong><a href=\"https:\/\/medicina.udd.cl\/kinesiologia-santiago\/sobre-el-estudio-impacct-covid-19-udd\/\">Sobre el estudio<\/a><\/strong><\/li><li><strong><a href=\"https:\/\/medicina.udd.cl\/kinesiologia-santiago\/protocolo-impacct-covid-19-udd\/\">Protocolo<\/a><\/strong><\/li><li><strong><a href=\"https:\/\/medicina.udd.cl\/kinesiologia-santiago\/files\/2021\/01\/Folleto-v5_2.pdf\">Folleto informativo<\/a><\/strong><\/li><li><strong><a href=\"https:\/\/medicina.udd.cl\/kinesiologia-santiago\/centros-participantes-impacct-covid-19-udd\/\">Centros participantes<\/a><\/strong><\/li><\/ul>\n\n\n\n<p> <a href=\"https:\/\/medicina.udd.cl\/kinesiologia-santiago\/impacct\/\"><strong>Ir a inicio<\/strong><\/a> <\/p>\n","protected":false},"excerpt":{"rendered":"<p>Investigador responsable Catalina Merino Equipo co-investigador Felipe Gonz\u00e1lez Agust\u00edn Camus Jaime Leppe Ana Castro \u00c1vila Responsable Cl\u00ednica Alemana Santiago Agust\u00edn Camus Responsable Cl\u00ednica Bupa Javiera Aguilera Responsable Cl\u00ednica INDISA Felipe Mu\u00f1oz Responsable Hospital del Salvador Camilo C\u00e1ceres Responsable Hospital Regional de Antofagasta Yerko Villagra Responsable Hospital de Coquimbo Eduardo Gonz\u00e1lez Sobre el estudio Protocolo Folleto [&hellip;]<\/p>\n","protected":false},"author":9192219,"featured_media":0,"parent":0,"menu_order":0,"comment_status":"closed","ping_status":"closed","template":"","meta":{"footnotes":""},"class_list":["post-5010","page","type-page","status-publish","hentry"],"yoast_head":"<!-- This site is optimized with the Yoast SEO plugin v26.9 - https:\/\/yoast.com\/product\/yoast-seo-wordpress\/ -->\n<title>[Equipo a cargo] IMPACCT-COVID-19-UDD - Kinesiolog\u00eda<\/title>\n<meta name=\"robots\" content=\"index, follow, max-snippet:-1, max-image-preview:large, max-video-preview:-1\" \/>\n<link rel=\"canonical\" href=\"https:\/\/medicina.udd.cl\/kinesiologia-santiago\/equipo-a-cargo-impacct-covid-19-udd\/\" \/>\n<meta property=\"og:locale\" content=\"es_ES\" \/>\n<meta property=\"og:type\" content=\"article\" \/>\n<meta property=\"og:title\" content=\"[Equipo a cargo] IMPACCT-COVID-19-UDD - Kinesiolog\u00eda\" \/>\n<meta property=\"og:description\" content=\"Investigador responsable Catalina Merino Equipo co-investigador Felipe Gonz\u00e1lez Agust\u00edn Camus Jaime Leppe Ana Castro \u00c1vila Responsable Cl\u00ednica Alemana Santiago Agust\u00edn Camus Responsable Cl\u00ednica Bupa Javiera Aguilera Responsable Cl\u00ednica INDISA Felipe Mu\u00f1oz Responsable Hospital del Salvador Camilo C\u00e1ceres Responsable Hospital Regional de Antofagasta Yerko Villagra Responsable Hospital de Coquimbo Eduardo Gonz\u00e1lez Sobre el estudio Protocolo Folleto [&hellip;]\" \/>\n<meta property=\"og:url\" content=\"https:\/\/medicina.udd.cl\/kinesiologia-santiago\/equipo-a-cargo-impacct-covid-19-udd\/\" \/>\n<meta property=\"og:site_name\" content=\"Kinesiolog\u00eda\" \/>\n<meta property=\"article:modified_time\" content=\"2021-01-18T19:50:26+00:00\" \/>\n<script type=\"application\/ld+json\" class=\"yoast-schema-graph\">{\"@context\":\"https:\/\/schema.org\",\"@graph\":[{\"@type\":\"WebPage\",\"@id\":\"https:\/\/medicina.udd.cl\/kinesiologia-santiago\/equipo-a-cargo-impacct-covid-19-udd\/\",\"url\":\"https:\/\/medicina.udd.cl\/kinesiologia-santiago\/equipo-a-cargo-impacct-covid-19-udd\/\",\"name\":\"[Equipo a cargo] IMPACCT-COVID-19-UDD - Kinesiolog\u00eda\",\"isPartOf\":{\"@id\":\"https:\/\/medicina.udd.cl\/kinesiologia-santiago\/#website\"},\"datePublished\":\"2021-01-18T17:11:10+00:00\",\"dateModified\":\"2021-01-18T19:50:26+00:00\",\"breadcrumb\":{\"@id\":\"https:\/\/medicina.udd.cl\/kinesiologia-santiago\/equipo-a-cargo-impacct-covid-19-udd\/#breadcrumb\"},\"inLanguage\":\"es\",\"potentialAction\":[{\"@type\":\"ReadAction\",\"target\":[\"https:\/\/medicina.udd.cl\/kinesiologia-santiago\/equipo-a-cargo-impacct-covid-19-udd\/\"]}]},{\"@type\":\"BreadcrumbList\",\"@id\":\"https:\/\/medicina.udd.cl\/kinesiologia-santiago\/equipo-a-cargo-impacct-covid-19-udd\/#breadcrumb\",\"itemListElement\":[{\"@type\":\"ListItem\",\"position\":1,\"name\":\"Home\",\"item\":\"https:\/\/medicina.udd.cl\/kinesiologia-santiago\/\"},{\"@type\":\"ListItem\",\"position\":2,\"name\":\"[Equipo a cargo] IMPACCT-COVID-19-UDD\"}]},{\"@type\":\"WebSite\",\"@id\":\"https:\/\/medicina.udd.cl\/kinesiologia-santiago\/#website\",\"url\":\"https:\/\/medicina.udd.cl\/kinesiologia-santiago\/\",\"name\":\"Kinesiolog\u00eda\",\"description\":\"Facultad de Medicina Cl\u00ednica Alemana Universidad del Desarrollo\",\"inLanguage\":\"es\"}]}<\/script>\n<!-- \/ Yoast SEO plugin. -->","yoast_head_json":{"title":"[Equipo a cargo] IMPACCT-COVID-19-UDD - Kinesiolog\u00eda","robots":{"index":"index","follow":"follow","max-snippet":"max-snippet:-1","max-image-preview":"max-image-preview:large","max-video-preview":"max-video-preview:-1"},"canonical":"https:\/\/medicina.udd.cl\/kinesiologia-santiago\/equipo-a-cargo-impacct-covid-19-udd\/","og_locale":"es_ES","og_type":"article","og_title":"[Equipo a cargo] IMPACCT-COVID-19-UDD - Kinesiolog\u00eda","og_description":"Investigador responsable Catalina Merino Equipo co-investigador Felipe Gonz\u00e1lez Agust\u00edn Camus Jaime Leppe Ana Castro \u00c1vila Responsable Cl\u00ednica Alemana Santiago Agust\u00edn Camus Responsable Cl\u00ednica Bupa Javiera Aguilera Responsable Cl\u00ednica INDISA Felipe Mu\u00f1oz Responsable Hospital del Salvador Camilo C\u00e1ceres Responsable Hospital Regional de Antofagasta Yerko Villagra Responsable Hospital de Coquimbo Eduardo Gonz\u00e1lez Sobre el estudio Protocolo Folleto [&hellip;]","og_url":"https:\/\/medicina.udd.cl\/kinesiologia-santiago\/equipo-a-cargo-impacct-covid-19-udd\/","og_site_name":"Kinesiolog\u00eda","article_modified_time":"2021-01-18T19:50:26+00:00","schema":{"@context":"https:\/\/schema.org","@graph":[{"@type":"WebPage","@id":"https:\/\/medicina.udd.cl\/kinesiologia-santiago\/equipo-a-cargo-impacct-covid-19-udd\/","url":"https:\/\/medicina.udd.cl\/kinesiologia-santiago\/equipo-a-cargo-impacct-covid-19-udd\/","name":"[Equipo a cargo] IMPACCT-COVID-19-UDD - Kinesiolog\u00eda","isPartOf":{"@id":"https:\/\/medicina.udd.cl\/kinesiologia-santiago\/#website"},"datePublished":"2021-01-18T17:11:10+00:00","dateModified":"2021-01-18T19:50:26+00:00","breadcrumb":{"@id":"https:\/\/medicina.udd.cl\/kinesiologia-santiago\/equipo-a-cargo-impacct-covid-19-udd\/#breadcrumb"},"inLanguage":"es","potentialAction":[{"@type":"ReadAction","target":["https:\/\/medicina.udd.cl\/kinesiologia-santiago\/equipo-a-cargo-impacct-covid-19-udd\/"]}]},{"@type":"BreadcrumbList","@id":"https:\/\/medicina.udd.cl\/kinesiologia-santiago\/equipo-a-cargo-impacct-covid-19-udd\/#breadcrumb","itemListElement":[{"@type":"ListItem","position":1,"name":"Home","item":"https:\/\/medicina.udd.cl\/kinesiologia-santiago\/"},{"@type":"ListItem","position":2,"name":"[Equipo a cargo] IMPACCT-COVID-19-UDD"}]},{"@type":"WebSite","@id":"https:\/\/medicina.udd.cl\/kinesiologia-santiago\/#website","url":"https:\/\/medicina.udd.cl\/kinesiologia-santiago\/","name":"Kinesiolog\u00eda","description":"Facultad de Medicina Cl\u00ednica Alemana Universidad del Desarrollo","inLanguage":"es"}]}},"_links":{"self":[{"href":"https:\/\/medicina.udd.cl\/kinesiologia-santiago\/wp-json\/wp\/v2\/pages\/5010","targetHints":{"allow":["GET"]}}],"collection":[{"href":"https:\/\/medicina.udd.cl\/kinesiologia-santiago\/wp-json\/wp\/v2\/pages"}],"about":[{"href":"https:\/\/medicina.udd.cl\/kinesiologia-santiago\/wp-json\/wp\/v2\/types\/page"}],"author":[{"embeddable":true,"href":"https:\/\/medicina.udd.cl\/kinesiologia-santiago\/wp-json\/wp\/v2\/users\/9192219"}],"replies":[{"embeddable":true,"href":"https:\/\/medicina.udd.cl\/kinesiologia-santiago\/wp-json\/wp\/v2\/comments?post=5010"}],"version-history":[{"count":3,"href":"https:\/\/medicina.udd.cl\/kinesiologia-santiago\/wp-json\/wp\/v2\/pages\/5010\/revisions"}],"predecessor-version":[{"id":5028,"href":"https:\/\/medicina.udd.cl\/kinesiologia-santiago\/wp-json\/wp\/v2\/pages\/5010\/revisions\/5028"}],"wp:attachment":[{"href":"https:\/\/medicina.udd.cl\/kinesiologia-santiago\/wp-json\/wp\/v2\/media?parent=5010"}],"curies":[{"name":"wp","href":"https:\/\/api.w.org\/{rel}","templated":true}]}}