{"id":201,"date":"2023-02-21T19:42:57","date_gmt":"2023-02-21T19:42:57","guid":{"rendered":"https:\/\/medicina.udd.cl\/labsaludpoblacional\/?post_type=person&#038;p=201"},"modified":"2023-02-21T19:42:57","modified_gmt":"2023-02-21T19:42:57","slug":"liliana-jadue","status":"publish","type":"person","link":"https:\/\/medicina.udd.cl\/labsaludpoblacional\/persona\/liliana-jadue\/","title":{"rendered":"Liliana Jadue"},"featured_media":202,"template":"","people_tax":[],"people_areas":[],"people_levels":[],"class_list":["post-201","person","type-person","status-publish","has-post-thumbnail","hentry"],"yoast_head":"<!-- This site is optimized with the Yoast SEO plugin v26.9 - https:\/\/yoast.com\/product\/yoast-seo-wordpress\/ -->\n<title>Liliana Jadue - Laboratorio de Salud Poblacional<\/title>\n<meta name=\"robots\" content=\"index, follow, max-snippet:-1, max-image-preview:large, max-video-preview:-1\" \/>\n<link rel=\"canonical\" href=\"https:\/\/medicina.udd.cl\/labsaludpoblacional\/persona\/liliana-jadue\/\" \/>\n<meta property=\"og:locale\" content=\"es_ES\" \/>\n<meta property=\"og:type\" content=\"article\" \/>\n<meta property=\"og:title\" content=\"Liliana Jadue - Laboratorio de Salud Poblacional\" \/>\n<meta property=\"og:url\" content=\"https:\/\/medicina.udd.cl\/labsaludpoblacional\/persona\/liliana-jadue\/\" \/>\n<meta property=\"og:site_name\" content=\"Laboratorio de Salud Poblacional\" \/>\n<meta property=\"og:image\" content=\"https:\/\/medicina.udd.cl\/labsaludpoblacional\/files\/2023\/02\/dra-liliana-jadue-2022-4-scaled.jpg\" \/>\n\t<meta property=\"og:image:width\" content=\"2560\" \/>\n\t<meta property=\"og:image:height\" content=\"2560\" \/>\n\t<meta property=\"og:image:type\" content=\"image\/jpeg\" \/>\n<meta name=\"twitter:card\" content=\"summary_large_image\" \/>\n<script type=\"application\/ld+json\" class=\"yoast-schema-graph\">{\"@context\":\"https:\/\/schema.org\",\"@graph\":[{\"@type\":\"WebPage\",\"@id\":\"https:\/\/medicina.udd.cl\/labsaludpoblacional\/persona\/liliana-jadue\/\",\"url\":\"https:\/\/medicina.udd.cl\/labsaludpoblacional\/persona\/liliana-jadue\/\",\"name\":\"Liliana Jadue - Laboratorio de Salud Poblacional\",\"isPartOf\":{\"@id\":\"https:\/\/medicina.udd.cl\/labsaludpoblacional\/#website\"},\"primaryImageOfPage\":{\"@id\":\"https:\/\/medicina.udd.cl\/labsaludpoblacional\/persona\/liliana-jadue\/#primaryimage\"},\"image\":{\"@id\":\"https:\/\/medicina.udd.cl\/labsaludpoblacional\/persona\/liliana-jadue\/#primaryimage\"},\"thumbnailUrl\":\"https:\/\/medicina.udd.cl\/labsaludpoblacional\/files\/2023\/02\/dra-liliana-jadue-2022-4-scaled.jpg\",\"datePublished\":\"2023-02-21T19:42:57+00:00\",\"breadcrumb\":{\"@id\":\"https:\/\/medicina.udd.cl\/labsaludpoblacional\/persona\/liliana-jadue\/#breadcrumb\"},\"inLanguage\":\"es\",\"potentialAction\":[{\"@type\":\"ReadAction\",\"target\":[\"https:\/\/medicina.udd.cl\/labsaludpoblacional\/persona\/liliana-jadue\/\"]}]},{\"@type\":\"ImageObject\",\"inLanguage\":\"es\",\"@id\":\"https:\/\/medicina.udd.cl\/labsaludpoblacional\/persona\/liliana-jadue\/#primaryimage\",\"url\":\"https:\/\/medicina.udd.cl\/labsaludpoblacional\/files\/2023\/02\/dra-liliana-jadue-2022-4-scaled.jpg\",\"contentUrl\":\"https:\/\/medicina.udd.cl\/labsaludpoblacional\/files\/2023\/02\/dra-liliana-jadue-2022-4-scaled.jpg\",\"width\":2560,\"height\":2560},{\"@type\":\"BreadcrumbList\",\"@id\":\"https:\/\/medicina.udd.cl\/labsaludpoblacional\/persona\/liliana-jadue\/#breadcrumb\",\"itemListElement\":[{\"@type\":\"ListItem\",\"position\":1,\"name\":\"Portada\",\"item\":\"https:\/\/medicina.udd.cl\/labsaludpoblacional\/\"},{\"@type\":\"ListItem\",\"position\":2,\"name\":\"Personas\",\"item\":\"https:\/\/medicina.udd.cl\/labsaludpoblacional\/persona\/\"},{\"@type\":\"ListItem\",\"position\":3,\"name\":\"Liliana Jadue\"}]},{\"@type\":\"WebSite\",\"@id\":\"https:\/\/medicina.udd.cl\/labsaludpoblacional\/#website\",\"url\":\"https:\/\/medicina.udd.cl\/labsaludpoblacional\/\",\"name\":\"Laboratorio de Salud Poblacional\",\"description\":\"Otro sitio m\u00e1s de Medicina\",\"inLanguage\":\"es\"}]}<\/script>\n<!-- \/ Yoast SEO plugin. -->","yoast_head_json":{"title":"Liliana Jadue - Laboratorio de Salud Poblacional","robots":{"index":"index","follow":"follow","max-snippet":"max-snippet:-1","max-image-preview":"max-image-preview:large","max-video-preview":"max-video-preview:-1"},"canonical":"https:\/\/medicina.udd.cl\/labsaludpoblacional\/persona\/liliana-jadue\/","og_locale":"es_ES","og_type":"article","og_title":"Liliana Jadue - Laboratorio de Salud Poblacional","og_url":"https:\/\/medicina.udd.cl\/labsaludpoblacional\/persona\/liliana-jadue\/","og_site_name":"Laboratorio de Salud Poblacional","og_image":[{"width":2560,"height":2560,"url":"https:\/\/medicina.udd.cl\/labsaludpoblacional\/files\/2023\/02\/dra-liliana-jadue-2022-4-scaled.jpg","type":"image\/jpeg"}],"twitter_card":"summary_large_image","schema":{"@context":"https:\/\/schema.org","@graph":[{"@type":"WebPage","@id":"https:\/\/medicina.udd.cl\/labsaludpoblacional\/persona\/liliana-jadue\/","url":"https:\/\/medicina.udd.cl\/labsaludpoblacional\/persona\/liliana-jadue\/","name":"Liliana Jadue - Laboratorio de Salud Poblacional","isPartOf":{"@id":"https:\/\/medicina.udd.cl\/labsaludpoblacional\/#website"},"primaryImageOfPage":{"@id":"https:\/\/medicina.udd.cl\/labsaludpoblacional\/persona\/liliana-jadue\/#primaryimage"},"image":{"@id":"https:\/\/medicina.udd.cl\/labsaludpoblacional\/persona\/liliana-jadue\/#primaryimage"},"thumbnailUrl":"https:\/\/medicina.udd.cl\/labsaludpoblacional\/files\/2023\/02\/dra-liliana-jadue-2022-4-scaled.jpg","datePublished":"2023-02-21T19:42:57+00:00","breadcrumb":{"@id":"https:\/\/medicina.udd.cl\/labsaludpoblacional\/persona\/liliana-jadue\/#breadcrumb"},"inLanguage":"es","potentialAction":[{"@type":"ReadAction","target":["https:\/\/medicina.udd.cl\/labsaludpoblacional\/persona\/liliana-jadue\/"]}]},{"@type":"ImageObject","inLanguage":"es","@id":"https:\/\/medicina.udd.cl\/labsaludpoblacional\/persona\/liliana-jadue\/#primaryimage","url":"https:\/\/medicina.udd.cl\/labsaludpoblacional\/files\/2023\/02\/dra-liliana-jadue-2022-4-scaled.jpg","contentUrl":"https:\/\/medicina.udd.cl\/labsaludpoblacional\/files\/2023\/02\/dra-liliana-jadue-2022-4-scaled.jpg","width":2560,"height":2560},{"@type":"BreadcrumbList","@id":"https:\/\/medicina.udd.cl\/labsaludpoblacional\/persona\/liliana-jadue\/#breadcrumb","itemListElement":[{"@type":"ListItem","position":1,"name":"Portada","item":"https:\/\/medicina.udd.cl\/labsaludpoblacional\/"},{"@type":"ListItem","position":2,"name":"Personas","item":"https:\/\/medicina.udd.cl\/labsaludpoblacional\/persona\/"},{"@type":"ListItem","position":3,"name":"Liliana Jadue"}]},{"@type":"WebSite","@id":"https:\/\/medicina.udd.cl\/labsaludpoblacional\/#website","url":"https:\/\/medicina.udd.cl\/labsaludpoblacional\/","name":"Laboratorio de Salud Poblacional","description":"Otro sitio m\u00e1s de Medicina","inLanguage":"es"}]}},"label":"Liliana Jadue","role":false,"thumbnail_url":"https:\/\/medicina.udd.cl\/labsaludpoblacional\/files\/2023\/02\/dra-liliana-jadue-2022-4-500x500.jpg","email":"","tel_job":"","content":{"rendered":"<div class=\"person-modal person-modal--scl\">\n\t<header class=\"person-modal__header\">\n\t\t<div class=\"person-modal__bg\"><\/div>\n\t\t<div class=\"modal-container\">\n\t\t\t\t\t\t<div class=\"person-modal__media\">\n\t\t\t\t<img width=\"500\" height=\"500\" src=\"https:\/\/medicina.udd.cl\/labsaludpoblacional\/files\/2023\/02\/dra-liliana-jadue-2022-4-62x62.jpg\" class=\"person-modal__image wp-post-image lazyload\" alt=\"\" decoding=\"async\" loading=\"lazy\" sizes=\"auto, (max-width: 500px) 100vw, 500px\" data-src=\"https:\/\/medicina.udd.cl\/labsaludpoblacional\/files\/2023\/02\/dra-liliana-jadue-2022-4-500x500.jpg\" data-srcset=\"https:\/\/medicina.udd.cl\/labsaludpoblacional\/files\/2023\/02\/dra-liliana-jadue-2022-4-500x500.jpg 500w, https:\/\/medicina.udd.cl\/labsaludpoblacional\/files\/2023\/02\/dra-liliana-jadue-2022-4-300x300.jpg 300w, https:\/\/medicina.udd.cl\/labsaludpoblacional\/files\/2023\/02\/dra-liliana-jadue-2022-4-1024x1024.jpg 1024w, https:\/\/medicina.udd.cl\/labsaludpoblacional\/files\/2023\/02\/dra-liliana-jadue-2022-4-150x150.jpg 150w, https:\/\/medicina.udd.cl\/labsaludpoblacional\/files\/2023\/02\/dra-liliana-jadue-2022-4-768x768.jpg 768w, https:\/\/medicina.udd.cl\/labsaludpoblacional\/files\/2023\/02\/dra-liliana-jadue-2022-4-62x62.jpg 62w, https:\/\/medicina.udd.cl\/labsaludpoblacional\/files\/2023\/02\/dra-liliana-jadue-2022-4-1536x1536.jpg 1536w, https:\/\/medicina.udd.cl\/labsaludpoblacional\/files\/2023\/02\/dra-liliana-jadue-2022-4-2048x2048.jpg 2048w, https:\/\/medicina.udd.cl\/labsaludpoblacional\/files\/2023\/02\/dra-liliana-jadue-2022-4-750x750.jpg 750w, https:\/\/medicina.udd.cl\/labsaludpoblacional\/files\/2023\/02\/dra-liliana-jadue-2022-4-250x250.jpg 250w, https:\/\/medicina.udd.cl\/labsaludpoblacional\/files\/2023\/02\/dra-liliana-jadue-2022-4-126x126.jpg 126w\" \/>\t\t\t<\/div>\n\t\t\t\t\t\t<div class=\"person-modal__data\">\n\t\t\t\t<h1 class=\"person-modal__name\">Liliana Jadue<\/h1>\n\t\t\t\t\t\t\t\t\t\t\t\t\t\t\t<\/div>\n\t\t<\/div>\n\t<\/header>\n\t<div class=\"modal-container\">\n\t\t\t<div class=\"person-modal__content text\">\n\t\t\t\t\t\t\t\t\t\t<ul>\n<li class=\"MsoNormal\"><span>M\u00e9dico Cirujano, Pontificia Universidad Cat\u00f3lica de Chile.<\/span><\/li>\n<li class=\"MsoNormal\"><span>Mag\u00edster en Salud P\u00fablica menci\u00f3n Epidemiolog\u00eda, Universidad de Chile.<\/span><\/li>\n<li class=\"MsoNormal\"><span>Especialista en Salud P\u00fablica, Corporaci\u00f3n Nacional Aut\u00f3noma de Certificaci\u00f3n de Especialidades M\u00e9dicas (Conacem).<\/span><\/li>\n<li class=\"MsoNormal\"><span>Vicedecana de las carreras de la Salud, Facultad de Medicina Cl\u00ednica Alemana Universidad del Desarrollo.<\/span><\/li>\n<li class=\"MsoNormal\"><span>Directora del Mag\u00edster en Gesti\u00f3n en Salud de la Universidad del Desarrollo.<\/span><\/li>\n<li class=\"MsoNormal\"><span>Ex subsecretaria de Salud.<\/span><\/li>\n<\/ul>\n\t\t<\/div>\n\t<\/div>\n<\/div>\n"},"identifier":"b88bee0b90e239595ed1a862ef0bb5a0976dd0de","has_credential":[],"given_name":"Liliana","family_name":"Jadue","name":"Liliana Jadue","job_title":"","telephone":"","note":"","im":"","_self_schedule":null,"_links":{"self":[{"href":"https:\/\/medicina.udd.cl\/labsaludpoblacional\/wp-json\/wp\/v2\/people\/201","targetHints":{"allow":["GET"]}}],"collection":[{"href":"https:\/\/medicina.udd.cl\/labsaludpoblacional\/wp-json\/wp\/v2\/people"}],"about":[{"href":"https:\/\/medicina.udd.cl\/labsaludpoblacional\/wp-json\/wp\/v2\/types\/person"}],"wp:featuredmedia":[{"embeddable":true,"href":"https:\/\/medicina.udd.cl\/labsaludpoblacional\/wp-json\/wp\/v2\/media\/202"}],"wp:attachment":[{"href":"https:\/\/medicina.udd.cl\/labsaludpoblacional\/wp-json\/wp\/v2\/media?parent=201"}],"wp:term":[{"taxonomy":"people_tax","embeddable":true,"href":"https:\/\/medicina.udd.cl\/labsaludpoblacional\/wp-json\/wp\/v2\/people_tax?post=201"},{"taxonomy":"people_areas","embeddable":true,"href":"https:\/\/medicina.udd.cl\/labsaludpoblacional\/wp-json\/wp\/v2\/people_areas?post=201"},{"taxonomy":"people_levels","embeddable":true,"href":"https:\/\/medicina.udd.cl\/labsaludpoblacional\/wp-json\/wp\/v2\/people_levels?post=201"}],"curies":[{"name":"wp","href":"https:\/\/api.w.org\/{rel}","templated":true}]}}

<!-- This site is optimized with the Yoast SEO plugin v26.9 - https://yoast.com/product/yoast-seo-wordpress/ -->
<title>Liliana Jadue - Laboratorio de Salud Poblacional</title>
<meta name="robots" content="index, follow, max-snippet:-1, max-image-preview:large, max-video-preview:-1" />
<link rel="canonical" href="https://medicina.udd.cl/labsaludpoblacional/persona/liliana-jadue/" />
<meta property="og:locale" content="es_ES" />
<meta property="og:type" content="article" />
<meta property="og:title" content="Liliana Jadue - Laboratorio de Salud Poblacional" />
<meta property="og:url" content="https://medicina.udd.cl/labsaludpoblacional/persona/liliana-jadue/" />
<meta property="og:site_name" content="Laboratorio de Salud Poblacional" />
<meta property="og:image" content="https://medicina.udd.cl/labsaludpoblacional/files/2023/02/dra-liliana-jadue-2022-4-scaled.jpg" />
	<meta property="og:image:width" content="2560" />
	<meta property="og:image:height" content="2560" />
	<meta property="og:image:type" content="image/jpeg" />
<meta name="twitter:card" content="summary_large_image" />
<script type="application/ld+json" class="yoast-schema-graph">{"@context":"https://schema.org","@graph":[{"@type":"WebPage","@id":"https://medicina.udd.cl/labsaludpoblacional/persona/liliana-jadue/","url":"https://medicina.udd.cl/labsaludpoblacional/persona/liliana-jadue/","name":"Liliana Jadue - Laboratorio de Salud Poblacional","isPartOf":{"@id":"https://medicina.udd.cl/labsaludpoblacional/#website"},"primaryImageOfPage":{"@id":"https://medicina.udd.cl/labsaludpoblacional/persona/liliana-jadue/#primaryimage"},"image":{"@id":"https://medicina.udd.cl/labsaludpoblacional/persona/liliana-jadue/#primaryimage"},"thumbnailUrl":"https://medicina.udd.cl/labsaludpoblacional/files/2023/02/dra-liliana-jadue-2022-4-scaled.jpg","datePublished":"2023-02-21T19:42:57+00:00","breadcrumb":{"@id":"https://medicina.udd.cl/labsaludpoblacional/persona/liliana-jadue/#breadcrumb"},"inLanguage":"es","potentialAction":[{"@type":"ReadAction","target":["https://medicina.udd.cl/labsaludpoblacional/persona/liliana-jadue/"]}]},{"@type":"ImageObject","inLanguage":"es","@id":"https://medicina.udd.cl/labsaludpoblacional/persona/liliana-jadue/#primaryimage","url":"https://medicina.udd.cl/labsaludpoblacional/files/2023/02/dra-liliana-jadue-2022-4-scaled.jpg","contentUrl":"https://medicina.udd.cl/labsaludpoblacional/files/2023/02/dra-liliana-jadue-2022-4-scaled.jpg","width":2560,"height":2560},{"@type":"BreadcrumbList","@id":"https://medicina.udd.cl/labsaludpoblacional/persona/liliana-jadue/#breadcrumb","itemListElement":[{"@type":"ListItem","position":1,"name":"Portada","item":"https://medicina.udd.cl/labsaludpoblacional/"},{"@type":"ListItem","position":2,"name":"Personas","item":"https://medicina.udd.cl/labsaludpoblacional/persona/"},{"@type":"ListItem","position":3,"name":"Liliana Jadue"}]},{"@type":"WebSite","@id":"https://medicina.udd.cl/labsaludpoblacional/#website","url":"https://medicina.udd.cl/labsaludpoblacional/","name":"Laboratorio de Salud Poblacional","description":"Otro sitio más de Medicina","inLanguage":"es"}]}</script>
<!-- / Yoast SEO plugin. -->

Otro sitio más de Medicina

<div class="person-modal person-modal--scl">
	<header class="person-modal__header">
		<div class="person-modal__bg"></div>
		<div class="modal-container">
						<div class="person-modal__media">
				<img width="500" height="500" src="https://medicina.udd.cl/labsaludpoblacional/files/2023/02/dra-liliana-jadue-2022-4-62x62.jpg" class="person-modal__image wp-post-image lazyload" alt="" decoding="async" loading="lazy" sizes="auto, (max-width: 500px) 100vw, 500px" data-src="https://medicina.udd.cl/labsaludpoblacional/files/2023/02/dra-liliana-jadue-2022-4-500x500.jpg" data-srcset="https://medicina.udd.cl/labsaludpoblacional/files/2023/02/dra-liliana-jadue-2022-4-500x500.jpg 500w, https://medicina.udd.cl/labsaludpoblacional/files/2023/02/dra-liliana-jadue-2022-4-300x300.jpg 300w, https://medicina.udd.cl/labsaludpoblacional/files/2023/02/dra-liliana-jadue-2022-4-1024x1024.jpg 1024w, https://medicina.udd.cl/labsaludpoblacional/files/2023/02/dra-liliana-jadue-2022-4-150x150.jpg 150w, https://medicina.udd.cl/labsaludpoblacional/files/2023/02/dra-liliana-jadue-2022-4-768x768.jpg 768w, https://medicina.udd.cl/labsaludpoblacional/files/2023/02/dra-liliana-jadue-2022-4-62x62.jpg 62w, https://medicina.udd.cl/labsaludpoblacional/files/2023/02/dra-liliana-jadue-2022-4-1536x1536.jpg 1536w, https://medicina.udd.cl/labsaludpoblacional/files/2023/02/dra-liliana-jadue-2022-4-2048x2048.jpg 2048w, https://medicina.udd.cl/labsaludpoblacional/files/2023/02/dra-liliana-jadue-2022-4-750x750.jpg 750w, https://medicina.udd.cl/labsaludpoblacional/files/2023/02/dra-liliana-jadue-2022-4-250x250.jpg 250w, https://medicina.udd.cl/labsaludpoblacional/files/2023/02/dra-liliana-jadue-2022-4-126x126.jpg 126w" />			</div>
						<div class="person-modal__data">
				<h1 class="person-modal__name">Liliana Jadue</h1>
															</div>
		</div>
	</header>
	<div class="modal-container">
			<div class="person-modal__content text">
										<ul>
<li class="MsoNormal"><span>Médico Cirujano, Pontificia Universidad Católica de Chile.</span></li>
<li class="MsoNormal"><span>Magíster en Salud Pública mención Epidemiología, Universidad de Chile.</span></li>
<li class="MsoNormal"><span>Especialista en Salud Pública, Corporación Nacional Autónoma de Certificación de Especialidades Médicas (Conacem).</span></li>
<li class="MsoNormal"><span>Vicedecana de las carreras de la Salud, Facultad de Medicina Clínica Alemana Universidad del Desarrollo.</span></li>
<li class="MsoNormal"><span>Directora del Magíster en Gestión en Salud de la Universidad del Desarrollo.</span></li>
<li class="MsoNormal"><span>Ex subsecretaria de Salud.</span></li>
</ul>
		</div>
	</div>
</div>
