{"version":"1.0","provider_name":"Medicina","provider_url":"https:\/\/medicina.udd.cl\/medicina-santiago","author_name":"paulinamunoz","author_url":"https:\/\/medicina.udd.cl\/medicina-santiago\/noticias\/author\/paulinamunoz\/","title":"Seleccionados Concurso de Especialidades Primarias 2017 - Medicina","type":"rich","width":600,"height":338,"html":"<blockquote class=\"wp-embedded-content\" data-secret=\"Lxs9U1fkLy\"><a href=\"https:\/\/medicina.udd.cl\/medicina-santiago\/seleccionados-concurso-de-especialidades-primarias-2017\/\">Seleccionados Concurso de Especialidades Primarias 2017<\/a><\/blockquote><iframe sandbox=\"allow-scripts\" security=\"restricted\" src=\"https:\/\/medicina.udd.cl\/medicina-santiago\/seleccionados-concurso-de-especialidades-primarias-2017\/embed\/#?secret=Lxs9U1fkLy\" width=\"600\" height=\"338\" title=\"\u00abSeleccionados Concurso de Especialidades Primarias 2017\u00bb \u2014 Medicina\" data-secret=\"Lxs9U1fkLy\" frameborder=\"0\" marginwidth=\"0\" marginheight=\"0\" scrolling=\"no\" class=\"wp-embedded-content\"><\/iframe><script type=\"text\/javascript\">\n\/* <![CDATA[ *\/\n\/*! This file is auto-generated *\/\n!function(d,l){\"use strict\";l.querySelector&&d.addEventListener&&\"undefined\"!=typeof URL&&(d.wp=d.wp||{},d.wp.receiveEmbedMessage||(d.wp.receiveEmbedMessage=function(e){var t=e.data;if((t||t.secret||t.message||t.value)&&!\/[^a-zA-Z0-9]\/.test(t.secret)){for(var s,r,n,a=l.querySelectorAll('iframe[data-secret=\"'+t.secret+'\"]'),o=l.querySelectorAll('blockquote[data-secret=\"'+t.secret+'\"]'),c=new RegExp(\"^https?:$\",\"i\"),i=0;i<o.length;i++)o[i].style.display=\"none\";for(i=0;i<a.length;i++)s=a[i],e.source===s.contentWindow&&(s.removeAttribute(\"style\"),\"height\"===t.message?(1e3<(r=parseInt(t.value,10))?r=1e3:~~r<200&&(r=200),s.height=r):\"link\"===t.message&&(r=new URL(s.getAttribute(\"src\")),n=new URL(t.value),c.test(n.protocol))&&n.host===r.host&&l.activeElement===s&&(d.top.location.href=t.value))}},d.addEventListener(\"message\",d.wp.receiveEmbedMessage,!1),l.addEventListener(\"DOMContentLoaded\",function(){for(var e,t,s=l.querySelectorAll(\"iframe.wp-embedded-content\"),r=0;r<s.length;r++)(t=(e=s[r]).getAttribute(\"data-secret\"))||(t=Math.random().toString(36).substring(2,12),e.src+=\"#?secret=\"+t,e.setAttribute(\"data-secret\",t)),e.contentWindow.postMessage({message:\"ready\",secret:t},\"*\")},!1)))}(window,document);\n\/\/# sourceURL=https:\/\/medicina.udd.cl\/medicina-santiago\/wp-includes\/js\/wp-embed.min.js\n\/* ]]> *\/\n<\/script>\n","description":"Cirug\u00eda Infantil Stephanni Graf Guerra Cirug\u00eda General \u00a0 \u00a0 \u00a0 \u00a0 Harry Von Jentschyk Rojas Francisco Carriel Albarrac\u00edn Andr\u00e9s Mella Albornoz Galo C\u00e1rdenas Santacruz Medicina Interna\u00a0 \u00a0 Francisca Araya Donoso Mart\u00edn Castillo Montt Sof\u00eda Leighton Swaneck Sim\u00f3n de La Maza Fontecilla Diego Bustos P\u00e9rez Medicina F\u00edsica y Rehabilitaci\u00f3n\u00a0 \u00a0 \u00a0 Cecilia Morales Donoso Estefan\u00eda Castro [&hellip;]","thumbnail_url":"http:\/\/medicina.udd.cl\/medicina-santiago\/files\/2017\/01\/Facultad-de-Medicina-Clinica-Alemana-e1485433474780-300x148.jpg"}

Cirugía Infantil Stephanni Graf Guerra Cirugía General         Harry Von Jentschyk Rojas Francisco Carriel Albarracín Andrés Mella Albornoz Galo Cárdenas Santacruz Medicina Interna    Francisca Araya Donoso Martín Castillo Montt Sofía Leighton Swaneck Simón de La Maza Fontecilla Diego Bustos Pérez Medicina Física y Rehabilitación      Cecilia Morales Donoso Estefanía Castro [&hellip;]
