{"id":1429,"date":"2012-11-13T09:25:09","date_gmt":"2012-11-13T12:25:09","guid":{"rendered":"http:\/\/medicina.udd.cl\/medicina-santiago\/files\/2012\/11\/Jornada-Infectolog\u00eda-2012_1.jpg"},"modified":"2012-11-13T09:25:09","modified_gmt":"2012-11-13T12:25:09","slug":"jornada-infectologia-2012_1","status":"inherit","type":"attachment","link":"https:\/\/medicina.udd.cl\/medicina-santiago\/noticias\/2012\/11\/13\/activa-participacion-de-alumnos-en-jornada-de-infectologia-organizada-por-academia-cientifica-de-estudiantes-de-medicina\/jornada-infectologia-2012_1\/","title":{"rendered":"Jornada Infectolog\u00eda 2012_1"},"author":30,"featured_media":0,"comment_status":"open","ping_status":"open","template":"","meta":[],"class_list":["post-1429","attachment","type-attachment","status-inherit","hentry"],"yoast_head":"<!-- This site is optimized with the Yoast SEO plugin v26.9 - https:\/\/yoast.com\/product\/yoast-seo-wordpress\/ -->\n<title>Jornada Infectolog\u00eda 2012_1 - Medicina<\/title>\n<meta name=\"robots\" content=\"index, follow, max-snippet:-1, max-image-preview:large, max-video-preview:-1\" \/>\n<link rel=\"canonical\" href=\"https:\/\/medicina.udd.cl\/medicina-santiago\/files\/2012\/11\/Jornada-Infectolog\u00eda-2012_1.jpg\" \/>\n<meta property=\"og:locale\" content=\"es_ES\" \/>\n<meta property=\"og:type\" content=\"article\" \/>\n<meta property=\"og:title\" content=\"Jornada Infectolog\u00eda 2012_1 - Medicina\" \/>\n<meta property=\"og:url\" content=\"https:\/\/medicina.udd.cl\/medicina-santiago\/files\/2012\/11\/Jornada-Infectolog\u00eda-2012_1.jpg\" \/>\n<meta property=\"og:site_name\" content=\"Medicina\" \/>\n<meta property=\"og:image\" content=\"https:\/\/medicina.udd.cl\/medicina-santiago\/files\/2012\/11\/Jornada-Infectolog\u00eda-2012_1.jpg\" \/>\n\t<meta property=\"og:image:width\" content=\"500\" \/>\n\t<meta property=\"og:image:height\" content=\"333\" \/>\n\t<meta property=\"og:image:type\" content=\"image\/jpeg\" \/>\n<script type=\"application\/ld+json\" class=\"yoast-schema-graph\">{\"@context\":\"https:\/\/schema.org\",\"@graph\":[{\"@type\":\"WebPage\",\"@id\":\"https:\/\/medicina.udd.cl\/medicina-santiago\/files\/2012\/11\/Jornada-Infectolog\u00eda-2012_1.jpg\",\"url\":\"https:\/\/medicina.udd.cl\/medicina-santiago\/files\/2012\/11\/Jornada-Infectolog\u00eda-2012_1.jpg\",\"name\":\"Jornada Infectolog\u00eda 2012_1 - Medicina\",\"isPartOf\":{\"@id\":\"https:\/\/medicina.udd.cl\/medicina-santiago\/#website\"},\"datePublished\":\"2012-11-13T12:25:09+00:00\",\"breadcrumb\":{\"@id\":\"https:\/\/medicina.udd.cl\/medicina-santiago\/files\/2012\/11\/Jornada-Infectolog\u00eda-2012_1.jpg#breadcrumb\"},\"inLanguage\":\"es\",\"potentialAction\":[{\"@type\":\"ReadAction\",\"target\":[\"https:\/\/medicina.udd.cl\/medicina-santiago\/files\/2012\/11\/Jornada-Infectolog\u00eda-2012_1.jpg\"]}]},{\"@type\":\"BreadcrumbList\",\"@id\":\"https:\/\/medicina.udd.cl\/medicina-santiago\/files\/2012\/11\/Jornada-Infectolog\u00eda-2012_1.jpg#breadcrumb\",\"itemListElement\":[{\"@type\":\"ListItem\",\"position\":1,\"name\":\"Home\",\"item\":\"https:\/\/medicina.udd.cl\/medicina-santiago\/\"},{\"@type\":\"ListItem\",\"position\":2,\"name\":\"ACTIVA PARTICIPACI\u00d3N DE ALUMNOS EN JORNADA DE INFECTOLOG\u00cdA ORGANIZADA POR ACADEMIA CIENT\u00cdFICA DE ESTUDIANTES DE MEDICINA\",\"item\":\"https:\/\/medicina.udd.cl\/medicina-santiago\/noticias\/2012\/11\/13\/activa-participacion-de-alumnos-en-jornada-de-infectologia-organizada-por-academia-cientifica-de-estudiantes-de-medicina\/\"},{\"@type\":\"ListItem\",\"position\":3,\"name\":\"Jornada Infectolog\u00eda 2012_1\"}]},{\"@type\":\"WebSite\",\"@id\":\"https:\/\/medicina.udd.cl\/medicina-santiago\/#website\",\"url\":\"https:\/\/medicina.udd.cl\/medicina-santiago\/\",\"name\":\"Medicina\",\"description\":\"Facultad de Medicina Cl\u00ednica Alemana Universidad del Desarrollo\",\"inLanguage\":\"es\"}]}<\/script>\n<!-- \/ Yoast SEO plugin. -->","yoast_head_json":{"title":"Jornada Infectolog\u00eda 2012_1 - Medicina","robots":{"index":"index","follow":"follow","max-snippet":"max-snippet:-1","max-image-preview":"max-image-preview:large","max-video-preview":"max-video-preview:-1"},"canonical":"https:\/\/medicina.udd.cl\/medicina-santiago\/files\/2012\/11\/Jornada-Infectolog\u00eda-2012_1.jpg","og_locale":"es_ES","og_type":"article","og_title":"Jornada Infectolog\u00eda 2012_1 - Medicina","og_url":"https:\/\/medicina.udd.cl\/medicina-santiago\/files\/2012\/11\/Jornada-Infectolog\u00eda-2012_1.jpg","og_site_name":"Medicina","og_image":[{"width":500,"height":333,"url":"https:\/\/medicina.udd.cl\/medicina-santiago\/files\/2012\/11\/Jornada-Infectolog\u00eda-2012_1.jpg","type":"image\/jpeg"}],"schema":{"@context":"https:\/\/schema.org","@graph":[{"@type":"WebPage","@id":"https:\/\/medicina.udd.cl\/medicina-santiago\/files\/2012\/11\/Jornada-Infectolog\u00eda-2012_1.jpg","url":"https:\/\/medicina.udd.cl\/medicina-santiago\/files\/2012\/11\/Jornada-Infectolog\u00eda-2012_1.jpg","name":"Jornada Infectolog\u00eda 2012_1 - Medicina","isPartOf":{"@id":"https:\/\/medicina.udd.cl\/medicina-santiago\/#website"},"datePublished":"2012-11-13T12:25:09+00:00","breadcrumb":{"@id":"https:\/\/medicina.udd.cl\/medicina-santiago\/files\/2012\/11\/Jornada-Infectolog\u00eda-2012_1.jpg#breadcrumb"},"inLanguage":"es","potentialAction":[{"@type":"ReadAction","target":["https:\/\/medicina.udd.cl\/medicina-santiago\/files\/2012\/11\/Jornada-Infectolog\u00eda-2012_1.jpg"]}]},{"@type":"BreadcrumbList","@id":"https:\/\/medicina.udd.cl\/medicina-santiago\/files\/2012\/11\/Jornada-Infectolog\u00eda-2012_1.jpg#breadcrumb","itemListElement":[{"@type":"ListItem","position":1,"name":"Home","item":"https:\/\/medicina.udd.cl\/medicina-santiago\/"},{"@type":"ListItem","position":2,"name":"ACTIVA PARTICIPACI\u00d3N DE ALUMNOS EN JORNADA DE INFECTOLOG\u00cdA ORGANIZADA POR ACADEMIA CIENT\u00cdFICA DE ESTUDIANTES DE MEDICINA","item":"https:\/\/medicina.udd.cl\/medicina-santiago\/noticias\/2012\/11\/13\/activa-participacion-de-alumnos-en-jornada-de-infectologia-organizada-por-academia-cientifica-de-estudiantes-de-medicina\/"},{"@type":"ListItem","position":3,"name":"Jornada Infectolog\u00eda 2012_1"}]},{"@type":"WebSite","@id":"https:\/\/medicina.udd.cl\/medicina-santiago\/#website","url":"https:\/\/medicina.udd.cl\/medicina-santiago\/","name":"Medicina","description":"Facultad de Medicina Cl\u00ednica Alemana Universidad del Desarrollo","inLanguage":"es"}]}},"description":{"rendered":"<p class=\"attachment\"><a href='https:\/\/medicina.udd.cl\/medicina-santiago\/files\/2012\/11\/Jornada-Infectolog\u00eda-2012_1.jpg'><img loading=\"lazy\" decoding=\"async\" width=\"300\" height=\"200\" src=\"https:\/\/medicina.udd.cl\/medicina-santiago\/files\/2012\/11\/Jornada-Infectolog\u00eda-2012_1-300x200.jpg\" class=\"attachment-medium size-medium\" alt=\"\" srcset=\"https:\/\/medicina.udd.cl\/medicina-santiago\/files\/2012\/11\/Jornada-Infectolog\u00eda-2012_1-300x200.jpg 300w, https:\/\/medicina.udd.cl\/medicina-santiago\/files\/2012\/11\/Jornada-Infectolog\u00eda-2012_1.jpg 500w\" sizes=\"auto, (max-width: 300px) 100vw, 300px\" \/><\/a><\/p>\n"},"caption":{"rendered":""},"alt_text":"","media_type":"image","mime_type":"image\/jpeg","media_details":{"width":500,"height":333,"file":"2012\/11\/Jornada-Infectolog\u00eda-2012_1.jpg","sizes":{"thumbnail":{"file":"Jornada-Infectolog\u00eda-2012_1-150x150.jpg","width":150,"height":150,"mime_type":"image\/jpeg","source_url":"https:\/\/medicina.udd.cl\/medicina-santiago\/files\/2012\/11\/Jornada-Infectolog\u00eda-2012_1-150x150.jpg"},"medium":{"file":"Jornada-Infectolog\u00eda-2012_1-300x200.jpg","width":300,"height":200,"mime_type":"image\/jpeg","source_url":"https:\/\/medicina.udd.cl\/medicina-santiago\/files\/2012\/11\/Jornada-Infectolog\u00eda-2012_1-300x200.jpg"},"newsletter_featured":{"file":"Jornada-Infectolog\u00eda-2012_1-316x224.jpg","width":316,"height":224,"mime_type":"image\/jpeg","source_url":"https:\/\/medicina.udd.cl\/medicina-santiago\/files\/2012\/11\/Jornada-Infectolog\u00eda-2012_1-316x224.jpg"},"newsletter_first":{"file":"Jornada-Infectolog\u00eda-2012_1-286x205.jpg","width":286,"height":205,"mime_type":"image\/jpeg","source_url":"https:\/\/medicina.udd.cl\/medicina-santiago\/files\/2012\/11\/Jornada-Infectolog\u00eda-2012_1-286x205.jpg"},"newsletter_thumb":{"file":"Jornada-Infectolog\u00eda-2012_1-288x150.jpg","width":288,"height":150,"mime_type":"image\/jpeg","source_url":"https:\/\/medicina.udd.cl\/medicina-santiago\/files\/2012\/11\/Jornada-Infectolog\u00eda-2012_1-288x150.jpg"},"newsletter_column":{"file":"Jornada-Infectolog\u00eda-2012_1-182x140.jpg","width":182,"height":140,"mime_type":"image\/jpeg","source_url":"https:\/\/medicina.udd.cl\/medicina-santiago\/files\/2012\/11\/Jornada-Infectolog\u00eda-2012_1-182x140.jpg"},"newsletter_square":{"file":"Jornada-Infectolog\u00eda-2012_1-62x62.jpg","width":62,"height":62,"mime_type":"image\/jpeg","source_url":"https:\/\/medicina.udd.cl\/medicina-santiago\/files\/2012\/11\/Jornada-Infectolog\u00eda-2012_1-62x62.jpg"},"newsletter_square_large":{"file":"Jornada-Infectolog\u00eda-2012_1-87x62.jpg","width":87,"height":62,"mime_type":"image\/jpeg","source_url":"https:\/\/medicina.udd.cl\/medicina-santiago\/files\/2012\/11\/Jornada-Infectolog\u00eda-2012_1-87x62.jpg"},"squared":{"file":"Jornada-Infectolog\u00eda-2012_1-300x300.jpg","width":300,"height":300,"mime_type":"image\/jpeg","source_url":"https:\/\/medicina.udd.cl\/medicina-santiago\/files\/2012\/11\/Jornada-Infectolog\u00eda-2012_1-300x300.jpg"},"portrait-medium":{"file":"Jornada-Infectolog\u00eda-2012_1-220x260.jpg","width":220,"height":260,"mime_type":"image\/jpeg","source_url":"https:\/\/medicina.udd.cl\/medicina-santiago\/files\/2012\/11\/Jornada-Infectolog\u00eda-2012_1-220x260.jpg"},"landscape-small":{"file":"Jornada-Infectolog\u00eda-2012_1-125x80.jpg","width":125,"height":80,"mime_type":"image\/jpeg","source_url":"https:\/\/medicina.udd.cl\/medicina-santiago\/files\/2012\/11\/Jornada-Infectolog\u00eda-2012_1-125x80.jpg"},"landscape-medium":{"file":"Jornada-Infectolog\u00eda-2012_1-340x220.jpg","width":340,"height":220,"mime_type":"image\/jpeg","source_url":"https:\/\/medicina.udd.cl\/medicina-santiago\/files\/2012\/11\/Jornada-Infectolog\u00eda-2012_1-340x220.jpg"},"landscape-large":{"file":"Jornada-Infectolog\u00eda-2012_1-365x255.jpg","width":365,"height":255,"mime_type":"image\/jpeg","source_url":"https:\/\/medicina.udd.cl\/medicina-santiago\/files\/2012\/11\/Jornada-Infectolog\u00eda-2012_1-365x255.jpg"},"custom_content":{"file":"Jornada-Infectolog\u00eda-2012_1-126x126.jpg","width":126,"height":126,"mime_type":"image\/jpeg","source_url":"https:\/\/medicina.udd.cl\/medicina-santiago\/files\/2012\/11\/Jornada-Infectolog\u00eda-2012_1-126x126.jpg"},"full":{"file":"Jornada-Infectolog\u00eda-2012_1.jpg","width":500,"height":333,"mime_type":"image\/jpeg","source_url":"https:\/\/medicina.udd.cl\/medicina-santiago\/files\/2012\/11\/Jornada-Infectolog\u00eda-2012_1.jpg"}},"image_meta":{"aperture":"4","credit":"","camera":"Canon EOS REBEL T2i","caption":"","created_timestamp":"1352491553","copyright":"","focal_length":"18","iso":"400","shutter_speed":"0.016666666666667","title":"","orientation":"1","keywords":[]}},"post":1427,"source_url":"https:\/\/medicina.udd.cl\/medicina-santiago\/files\/2012\/11\/Jornada-Infectolog\u00eda-2012_1.jpg","_links":{"self":[{"href":"https:\/\/medicina.udd.cl\/medicina-santiago\/wp-json\/wp\/v2\/media\/1429","targetHints":{"allow":["GET"]}}],"collection":[{"href":"https:\/\/medicina.udd.cl\/medicina-santiago\/wp-json\/wp\/v2\/media"}],"about":[{"href":"https:\/\/medicina.udd.cl\/medicina-santiago\/wp-json\/wp\/v2\/types\/attachment"}],"author":[{"embeddable":true,"href":"https:\/\/medicina.udd.cl\/medicina-santiago\/wp-json\/wp\/v2\/users\/30"}],"replies":[{"embeddable":true,"href":"https:\/\/medicina.udd.cl\/medicina-santiago\/wp-json\/wp\/v2\/comments?post=1429"}],"wp:attached-to":[{"embeddable":true,"post_type":"post","id":1427,"href":"https:\/\/medicina.udd.cl\/medicina-santiago\/wp-json\/wp\/v2\/posts\/1427"}],"curies":[{"name":"wp","href":"https:\/\/api.w.org\/{rel}","templated":true}]}}

http://medicina.udd.cl/medicina-santiago/files/2012/11/Jornada-Infectología-2012_1.jpg

Jornada Infectología 2012_1

<!-- This site is optimized with the Yoast SEO plugin v26.9 - https://yoast.com/product/yoast-seo-wordpress/ -->
<title>Jornada Infectología 2012_1 - Medicina</title>
<meta name="robots" content="index, follow, max-snippet:-1, max-image-preview:large, max-video-preview:-1" />
<link rel="canonical" href="https://medicina.udd.cl/medicina-santiago/files/2012/11/Jornada-Infectología-2012_1.jpg" />
<meta property="og:locale" content="es_ES" />
<meta property="og:type" content="article" />
<meta property="og:title" content="Jornada Infectología 2012_1 - Medicina" />
<meta property="og:url" content="https://medicina.udd.cl/medicina-santiago/files/2012/11/Jornada-Infectología-2012_1.jpg" />
<meta property="og:site_name" content="Medicina" />
<meta property="og:image" content="https://medicina.udd.cl/medicina-santiago/files/2012/11/Jornada-Infectología-2012_1.jpg" />
	<meta property="og:image:width" content="500" />
	<meta property="og:image:height" content="333" />
	<meta property="og:image:type" content="image/jpeg" />
<script type="application/ld+json" class="yoast-schema-graph">{"@context":"https://schema.org","@graph":[{"@type":"WebPage","@id":"https://medicina.udd.cl/medicina-santiago/files/2012/11/Jornada-Infectología-2012_1.jpg","url":"https://medicina.udd.cl/medicina-santiago/files/2012/11/Jornada-Infectología-2012_1.jpg","name":"Jornada Infectología 2012_1 - Medicina","isPartOf":{"@id":"https://medicina.udd.cl/medicina-santiago/#website"},"datePublished":"2012-11-13T12:25:09+00:00","breadcrumb":{"@id":"https://medicina.udd.cl/medicina-santiago/files/2012/11/Jornada-Infectología-2012_1.jpg#breadcrumb"},"inLanguage":"es","potentialAction":[{"@type":"ReadAction","target":["https://medicina.udd.cl/medicina-santiago/files/2012/11/Jornada-Infectología-2012_1.jpg"]}]},{"@type":"BreadcrumbList","@id":"https://medicina.udd.cl/medicina-santiago/files/2012/11/Jornada-Infectología-2012_1.jpg#breadcrumb","itemListElement":[{"@type":"ListItem","position":1,"name":"Home","item":"https://medicina.udd.cl/medicina-santiago/"},{"@type":"ListItem","position":2,"name":"ACTIVA PARTICIPACIÓN DE ALUMNOS EN JORNADA DE INFECTOLOGÍA ORGANIZADA POR ACADEMIA CIENTÍFICA DE ESTUDIANTES DE MEDICINA","item":"https://medicina.udd.cl/medicina-santiago/noticias/2012/11/13/activa-participacion-de-alumnos-en-jornada-de-infectologia-organizada-por-academia-cientifica-de-estudiantes-de-medicina/"},{"@type":"ListItem","position":3,"name":"Jornada Infectología 2012_1"}]},{"@type":"WebSite","@id":"https://medicina.udd.cl/medicina-santiago/#website","url":"https://medicina.udd.cl/medicina-santiago/","name":"Medicina","description":"Facultad de Medicina Clínica Alemana Universidad del Desarrollo","inLanguage":"es"}]}</script>
<!-- / Yoast SEO plugin. -->

Jornada Infectología 2012_1 - Medicina

https://medicina.udd.cl/medicina-santiago/files/2012/11/Jornada-Infectología-2012_1.jpg

https://medicina.udd.cl/medicina-santiago/files/2012/11/Jornada-Infectología-2012_1.jpg#breadcrumb

ACTIVA PARTICIPACIÓN DE ALUMNOS EN JORNADA DE INFECTOLOGÍA ORGANIZADA POR ACADEMIA CIENTÍFICA DE ESTUDIANTES DE MEDICINA

Facultad de Medicina Clínica Alemana Universidad del Desarrollo

<p class="attachment"><a href='https://medicina.udd.cl/medicina-santiago/files/2012/11/Jornada-Infectología-2012_1.jpg'><img loading="lazy" decoding="async" width="300" height="200" src="https://medicina.udd.cl/medicina-santiago/files/2012/11/Jornada-Infectología-2012_1-300x200.jpg" class="attachment-medium size-medium" alt="" srcset="https://medicina.udd.cl/medicina-santiago/files/2012/11/Jornada-Infectología-2012_1-300x200.jpg 300w, https://medicina.udd.cl/medicina-santiago/files/2012/11/Jornada-Infectología-2012_1.jpg 500w" sizes="auto, (max-width: 300px) 100vw, 300px" /></a></p>

2012/11/Jornada-Infectología-2012_1.jpg

Jornada-Infectología-2012_1-150x150.jpg

https://medicina.udd.cl/medicina-santiago/files/2012/11/Jornada-Infectología-2012_1-150x150.jpg

Jornada-Infectología-2012_1-300x200.jpg

https://medicina.udd.cl/medicina-santiago/files/2012/11/Jornada-Infectología-2012_1-300x200.jpg

Jornada-Infectología-2012_1-316x224.jpg

https://medicina.udd.cl/medicina-santiago/files/2012/11/Jornada-Infectología-2012_1-316x224.jpg

Jornada-Infectología-2012_1-286x205.jpg

https://medicina.udd.cl/medicina-santiago/files/2012/11/Jornada-Infectología-2012_1-286x205.jpg

Jornada-Infectología-2012_1-288x150.jpg

https://medicina.udd.cl/medicina-santiago/files/2012/11/Jornada-Infectología-2012_1-288x150.jpg

Jornada-Infectología-2012_1-182x140.jpg

https://medicina.udd.cl/medicina-santiago/files/2012/11/Jornada-Infectología-2012_1-182x140.jpg

Jornada-Infectología-2012_1-62x62.jpg

https://medicina.udd.cl/medicina-santiago/files/2012/11/Jornada-Infectología-2012_1-62x62.jpg

Jornada-Infectología-2012_1-87x62.jpg

https://medicina.udd.cl/medicina-santiago/files/2012/11/Jornada-Infectología-2012_1-87x62.jpg

Jornada-Infectología-2012_1-300x300.jpg

https://medicina.udd.cl/medicina-santiago/files/2012/11/Jornada-Infectología-2012_1-300x300.jpg

Jornada-Infectología-2012_1-220x260.jpg

https://medicina.udd.cl/medicina-santiago/files/2012/11/Jornada-Infectología-2012_1-220x260.jpg

Jornada-Infectología-2012_1-125x80.jpg

https://medicina.udd.cl/medicina-santiago/files/2012/11/Jornada-Infectología-2012_1-125x80.jpg

Jornada-Infectología-2012_1-340x220.jpg

https://medicina.udd.cl/medicina-santiago/files/2012/11/Jornada-Infectología-2012_1-340x220.jpg

Jornada-Infectología-2012_1-365x255.jpg

https://medicina.udd.cl/medicina-santiago/files/2012/11/Jornada-Infectología-2012_1-365x255.jpg

Jornada-Infectología-2012_1-126x126.jpg

https://medicina.udd.cl/medicina-santiago/files/2012/11/Jornada-Infectología-2012_1-126x126.jpg

Jornada-Infectología-2012_1.jpg
