{"id":10,"date":"2010-03-31T19:35:25","date_gmt":"2010-03-31T23:35:25","guid":{"rendered":"http:\/\/medicina.udd.cl\/medicina\/sobre-la-carrera\/malla-curricular\/"},"modified":"2025-07-09T12:57:39","modified_gmt":"2025-07-09T16:57:39","slug":"malla-curricular","status":"publish","type":"page","link":"https:\/\/medicina.udd.cl\/medicina-santiago\/admision\/malla-curricular\/","title":{"rendered":"Malla Curricular"},"content":{"rendered":"\n<div class=\"wp-block-media-text alignfull is-stacked-on-mobile\" style=\"grid-template-columns:35% auto\"><figure class=\"wp-block-media-text__media\"><img loading=\"lazy\" decoding=\"async\" width=\"1024\" height=\"683\" src=\"https:\/\/medicina.udd.cl\/medicina-santiago\/files\/2025\/07\/medicina-1024x683.jpg\" alt=\"\" class=\"wp-image-10455 size-large\" srcset=\"https:\/\/medicina.udd.cl\/medicina-santiago\/files\/2025\/07\/medicina-1024x683.jpg 1024w, https:\/\/medicina.udd.cl\/medicina-santiago\/files\/2025\/07\/medicina-300x200.jpg 300w, https:\/\/medicina.udd.cl\/medicina-santiago\/files\/2025\/07\/medicina-768x513.jpg 768w, https:\/\/medicina.udd.cl\/medicina-santiago\/files\/2025\/07\/medicina.jpg 1536w\" sizes=\"auto, (max-width: 1024px) 100vw, 1024px\" \/><\/figure><div class=\"wp-block-media-text__content\">\n<p>Estudiar Medicina en la UDD es prepararte para los desaf\u00edos del presente y del futuro con una <strong>malla renovada de 6 a\u00f1os<\/strong>, que incluye <strong>dos a\u00f1os de internado<\/strong> que te conectar\u00e1n directamente con las comunidades y la realidad del sistema de salud. Tendr\u00e1s <strong>contacto con pacientes desde el primer a\u00f1o<\/strong>, formaci\u00f3n en destacados campos cl\u00ednicos como Cl\u00ednica Alemana y Hospital Padre Hurtado, y una s\u00f3lida base en <strong>bienestar, integraci\u00f3n, investigaci\u00f3n y docencia de excelencia<\/strong>.<\/p>\n<\/div><\/div>\n\n\n<p class=\"wp-block-udd-button text-center\"><a class=\"btn btn-primary btn-lg\" href=\"https:\/\/www.udd.cl\/mallas\/medicina.pdf\" data-url=\"https:\/\/www.udd.cl\/mallas\/medicina.pdf\" target=\"_blank\" rel=\"noreferrer noopener\"><svg class=\"svg-download-dims\"><use xlink:href='https:\/\/medicina.udd.cl\/medicina-santiago\/wp-content\/themes\/facultades-2018\/assets\/img\/svg\/dist\/main.svg?version=1695853099#download'><\/use><\/svg> Descarga la malla en .PDF <\/a><\/p>\n\n\n\n<h2 class=\"wp-block-heading\">Conoce la malla <\/h2>\n\n\n\n<figure class=\"wp-block-embed aligncenter is-type-video is-provider-youtube wp-block-embed-youtube wp-embed-aspect-16-9 wp-has-aspect-ratio\"><div class=\"wp-block-embed__wrapper\">\n<iframe loading=\"lazy\" title=\"Malla curricular Medicina UDD\" width=\"500\" height=\"281\" src=\"https:\/\/www.youtube.com\/embed\/xqDUh5QkkI4?feature=oembed&#038;rel=0&#038;modestbranding=1&#038;autohide=1&#038;autoplay=0&#038;enablejsapi=1&#038;showinfo=0\" allowautoplay=\"allowautoplay\" frameborder=\"0\" allow=\"accelerometer; autoplay; clipboard-write; encrypted-media; gyroscope; picture-in-picture; web-share\" referrerpolicy=\"strict-origin-when-cross-origin\" allowfullscreen><\/iframe>\n<\/div><\/figure>\n\n\n<p class=\"wp-block-udd-button text-center\"><a class=\"btn btn-primary \" href=\"https:\/\/medicina.udd.cl\/medicina-santiago\/files\/2021\/03\/malla.png\" data-url=\"https:\/\/medicina.udd.cl\/medicina-santiago\/files\/2021\/03\/malla.png\"><svg class=\"svg-download-dims\"><use xlink:href='https:\/\/medicina.udd.cl\/medicina-santiago\/wp-content\/themes\/facultades-2018\/assets\/img\/svg\/dist\/main.svg?version=1695853099#download'><\/use><\/svg> Descargar malla admisi\u00f3n 2023 y anteriores <\/a><\/p>\n","protected":false},"excerpt":{"rendered":"<p>Revisa nuestra malla curricular.<\/p>\n","protected":false},"author":1,"featured_media":0,"parent":6158,"menu_order":20,"comment_status":"open","ping_status":"open","template":"","meta":{"footnotes":""},"class_list":["post-10","page","type-page","status-publish","hentry"],"yoast_head":"<!-- This site is optimized with the Yoast SEO plugin v26.9 - https:\/\/yoast.com\/product\/yoast-seo-wordpress\/ -->\n<title>Malla Curricular - Medicina en 6 a\u00f1os UDD<\/title>\n<meta name=\"description\" content=\"Conoce la malla renovada de la carrera de Medicina en la UDD, s\u00e9 parte del Proceso de Admisi\u00f3n y \u00fanete a esta gran carrera. Admisi\u00f3n 2025.\" \/>\n<meta name=\"robots\" content=\"index, follow, max-snippet:-1, max-image-preview:large, max-video-preview:-1\" \/>\n<link rel=\"canonical\" href=\"https:\/\/medicina.udd.cl\/medicina-santiago\/admision\/malla-curricular\/\" \/>\n<meta property=\"og:locale\" content=\"es_ES\" \/>\n<meta property=\"og:type\" content=\"article\" \/>\n<meta property=\"og:title\" content=\"Malla Curricular - Medicina en 6 a\u00f1os UDD\" \/>\n<meta property=\"og:description\" content=\"Conoce la malla renovada de la carrera de Medicina en la UDD, s\u00e9 parte del Proceso de Admisi\u00f3n y \u00fanete a esta gran carrera. Admisi\u00f3n 2025.\" \/>\n<meta property=\"og:url\" content=\"https:\/\/medicina.udd.cl\/medicina-santiago\/admision\/malla-curricular\/\" \/>\n<meta property=\"og:site_name\" content=\"Medicina\" \/>\n<meta property=\"article:modified_time\" content=\"2025-07-09T16:57:39+00:00\" \/>\n<meta property=\"og:image\" content=\"https:\/\/medicina.udd.cl\/medicina-santiago\/files\/2025\/07\/medicina-1024x683.jpg\" \/>\n<meta name=\"twitter:label1\" content=\"Tiempo de lectura\" \/>\n\t<meta name=\"twitter:data1\" content=\"1 minuto\" \/>\n<script type=\"application\/ld+json\" class=\"yoast-schema-graph\">{\"@context\":\"https:\/\/schema.org\",\"@graph\":[{\"@type\":\"WebPage\",\"@id\":\"https:\/\/medicina.udd.cl\/medicina-santiago\/admision\/malla-curricular\/\",\"url\":\"https:\/\/medicina.udd.cl\/medicina-santiago\/admision\/malla-curricular\/\",\"name\":\"Malla Curricular - Medicina en 6 a\u00f1os UDD\",\"isPartOf\":{\"@id\":\"https:\/\/medicina.udd.cl\/medicina-santiago\/#website\"},\"primaryImageOfPage\":{\"@id\":\"https:\/\/medicina.udd.cl\/medicina-santiago\/admision\/malla-curricular\/#primaryimage\"},\"image\":{\"@id\":\"https:\/\/medicina.udd.cl\/medicina-santiago\/admision\/malla-curricular\/#primaryimage\"},\"thumbnailUrl\":\"https:\/\/medicina.udd.cl\/medicina-santiago\/files\/2025\/07\/medicina-1024x683.jpg\",\"datePublished\":\"2010-03-31T23:35:25+00:00\",\"dateModified\":\"2025-07-09T16:57:39+00:00\",\"description\":\"Conoce la malla renovada de la carrera de Medicina en la UDD, s\u00e9 parte del Proceso de Admisi\u00f3n y \u00fanete a esta gran carrera. Admisi\u00f3n 2025.\",\"breadcrumb\":{\"@id\":\"https:\/\/medicina.udd.cl\/medicina-santiago\/admision\/malla-curricular\/#breadcrumb\"},\"inLanguage\":\"es\",\"potentialAction\":[{\"@type\":\"ReadAction\",\"target\":[\"https:\/\/medicina.udd.cl\/medicina-santiago\/admision\/malla-curricular\/\"]}]},{\"@type\":\"ImageObject\",\"inLanguage\":\"es\",\"@id\":\"https:\/\/medicina.udd.cl\/medicina-santiago\/admision\/malla-curricular\/#primaryimage\",\"url\":\"https:\/\/medicina.udd.cl\/medicina-santiago\/files\/2025\/07\/medicina.jpg\",\"contentUrl\":\"https:\/\/medicina.udd.cl\/medicina-santiago\/files\/2025\/07\/medicina.jpg\",\"width\":1536,\"height\":1025},{\"@type\":\"BreadcrumbList\",\"@id\":\"https:\/\/medicina.udd.cl\/medicina-santiago\/admision\/malla-curricular\/#breadcrumb\",\"itemListElement\":[{\"@type\":\"ListItem\",\"position\":1,\"name\":\"Home\",\"item\":\"https:\/\/medicina.udd.cl\/medicina-santiago\/\"},{\"@type\":\"ListItem\",\"position\":2,\"name\":\"Admisi\u00f3n\",\"item\":\"https:\/\/medicina.udd.cl\/medicina-santiago\/admision\/\"},{\"@type\":\"ListItem\",\"position\":3,\"name\":\"Malla Curricular\"}]},{\"@type\":\"WebSite\",\"@id\":\"https:\/\/medicina.udd.cl\/medicina-santiago\/#website\",\"url\":\"https:\/\/medicina.udd.cl\/medicina-santiago\/\",\"name\":\"Medicina\",\"description\":\"Facultad de Medicina Cl\u00ednica Alemana Universidad del Desarrollo\",\"inLanguage\":\"es\"}]}<\/script>\n<!-- \/ Yoast SEO plugin. -->","yoast_head_json":{"title":"Malla Curricular - Medicina en 6 a\u00f1os UDD","description":"Conoce la malla renovada de la carrera de Medicina en la UDD, s\u00e9 parte del Proceso de Admisi\u00f3n y \u00fanete a esta gran carrera. Admisi\u00f3n 2025.","robots":{"index":"index","follow":"follow","max-snippet":"max-snippet:-1","max-image-preview":"max-image-preview:large","max-video-preview":"max-video-preview:-1"},"canonical":"https:\/\/medicina.udd.cl\/medicina-santiago\/admision\/malla-curricular\/","og_locale":"es_ES","og_type":"article","og_title":"Malla Curricular - Medicina en 6 a\u00f1os UDD","og_description":"Conoce la malla renovada de la carrera de Medicina en la UDD, s\u00e9 parte del Proceso de Admisi\u00f3n y \u00fanete a esta gran carrera. Admisi\u00f3n 2025.","og_url":"https:\/\/medicina.udd.cl\/medicina-santiago\/admision\/malla-curricular\/","og_site_name":"Medicina","article_modified_time":"2025-07-09T16:57:39+00:00","og_image":[{"url":"https:\/\/medicina.udd.cl\/medicina-santiago\/files\/2025\/07\/medicina-1024x683.jpg","type":"","width":"","height":""}],"twitter_misc":{"Tiempo de lectura":"1 minuto"},"schema":{"@context":"https:\/\/schema.org","@graph":[{"@type":"WebPage","@id":"https:\/\/medicina.udd.cl\/medicina-santiago\/admision\/malla-curricular\/","url":"https:\/\/medicina.udd.cl\/medicina-santiago\/admision\/malla-curricular\/","name":"Malla Curricular - Medicina en 6 a\u00f1os UDD","isPartOf":{"@id":"https:\/\/medicina.udd.cl\/medicina-santiago\/#website"},"primaryImageOfPage":{"@id":"https:\/\/medicina.udd.cl\/medicina-santiago\/admision\/malla-curricular\/#primaryimage"},"image":{"@id":"https:\/\/medicina.udd.cl\/medicina-santiago\/admision\/malla-curricular\/#primaryimage"},"thumbnailUrl":"https:\/\/medicina.udd.cl\/medicina-santiago\/files\/2025\/07\/medicina-1024x683.jpg","datePublished":"2010-03-31T23:35:25+00:00","dateModified":"2025-07-09T16:57:39+00:00","description":"Conoce la malla renovada de la carrera de Medicina en la UDD, s\u00e9 parte del Proceso de Admisi\u00f3n y \u00fanete a esta gran carrera. Admisi\u00f3n 2025.","breadcrumb":{"@id":"https:\/\/medicina.udd.cl\/medicina-santiago\/admision\/malla-curricular\/#breadcrumb"},"inLanguage":"es","potentialAction":[{"@type":"ReadAction","target":["https:\/\/medicina.udd.cl\/medicina-santiago\/admision\/malla-curricular\/"]}]},{"@type":"ImageObject","inLanguage":"es","@id":"https:\/\/medicina.udd.cl\/medicina-santiago\/admision\/malla-curricular\/#primaryimage","url":"https:\/\/medicina.udd.cl\/medicina-santiago\/files\/2025\/07\/medicina.jpg","contentUrl":"https:\/\/medicina.udd.cl\/medicina-santiago\/files\/2025\/07\/medicina.jpg","width":1536,"height":1025},{"@type":"BreadcrumbList","@id":"https:\/\/medicina.udd.cl\/medicina-santiago\/admision\/malla-curricular\/#breadcrumb","itemListElement":[{"@type":"ListItem","position":1,"name":"Home","item":"https:\/\/medicina.udd.cl\/medicina-santiago\/"},{"@type":"ListItem","position":2,"name":"Admisi\u00f3n","item":"https:\/\/medicina.udd.cl\/medicina-santiago\/admision\/"},{"@type":"ListItem","position":3,"name":"Malla Curricular"}]},{"@type":"WebSite","@id":"https:\/\/medicina.udd.cl\/medicina-santiago\/#website","url":"https:\/\/medicina.udd.cl\/medicina-santiago\/","name":"Medicina","description":"Facultad de Medicina Cl\u00ednica Alemana Universidad del Desarrollo","inLanguage":"es"}]}},"_links":{"self":[{"href":"https:\/\/medicina.udd.cl\/medicina-santiago\/wp-json\/wp\/v2\/pages\/10","targetHints":{"allow":["GET"]}}],"collection":[{"href":"https:\/\/medicina.udd.cl\/medicina-santiago\/wp-json\/wp\/v2\/pages"}],"about":[{"href":"https:\/\/medicina.udd.cl\/medicina-santiago\/wp-json\/wp\/v2\/types\/page"}],"author":[{"embeddable":true,"href":"https:\/\/medicina.udd.cl\/medicina-santiago\/wp-json\/wp\/v2\/users\/1"}],"replies":[{"embeddable":true,"href":"https:\/\/medicina.udd.cl\/medicina-santiago\/wp-json\/wp\/v2\/comments?post=10"}],"version-history":[{"count":49,"href":"https:\/\/medicina.udd.cl\/medicina-santiago\/wp-json\/wp\/v2\/pages\/10\/revisions"}],"predecessor-version":[{"id":10456,"href":"https:\/\/medicina.udd.cl\/medicina-santiago\/wp-json\/wp\/v2\/pages\/10\/revisions\/10456"}],"up":[{"embeddable":true,"href":"https:\/\/medicina.udd.cl\/medicina-santiago\/wp-json\/wp\/v2\/pages\/6158"}],"wp:attachment":[{"href":"https:\/\/medicina.udd.cl\/medicina-santiago\/wp-json\/wp\/v2\/media?parent=10"}],"curies":[{"name":"wp","href":"https:\/\/api.w.org\/{rel}","templated":true}]}}