{"id":1307,"date":"2012-10-09T11:25:50","date_gmt":"2012-10-09T14:25:50","guid":{"rendered":"http:\/\/medicina.udd.cl\/medicina-santiago\/"},"modified":"2018-09-03T17:04:28","modified_gmt":"2018-09-03T20:04:28","slug":"palabras-del-director","status":"publish","type":"page","link":"https:\/\/medicina.udd.cl\/medicina-santiago\/la-carrera\/descripcion\/palabras-del-director\/","title":{"rendered":"Palabras de la directora"},"content":{"rendered":"<p style=\"text-align: justify\"><a href=\"http:\/\/medicina.udd.cl\/medicina-santiago\/files\/2018\/08\/Marcela-Castillo.jpg\"><img loading=\"lazy\" decoding=\"async\" class=\"wp-image-5745 size-medium aligncenter\" src=\"http:\/\/medicina.udd.cl\/medicina-santiago\/files\/2018\/08\/Marcela-Castillo-242x300.jpg\" alt=\"\" width=\"242\" height=\"300\" srcset=\"https:\/\/medicina.udd.cl\/medicina-santiago\/files\/2018\/08\/Marcela-Castillo-242x300.jpg 242w, https:\/\/medicina.udd.cl\/medicina-santiago\/files\/2018\/08\/Marcela-Castillo-768x951.jpg 768w, https:\/\/medicina.udd.cl\/medicina-santiago\/files\/2018\/08\/Marcela-Castillo-827x1024.jpg 827w, https:\/\/medicina.udd.cl\/medicina-santiago\/files\/2018\/08\/Marcela-Castillo-776x960.jpg 776w, https:\/\/medicina.udd.cl\/medicina-santiago\/files\/2018\/08\/Marcela-Castillo.jpg 1981w\" sizes=\"auto, (max-width: 242px) 100vw, 242px\" \/><\/a><\/p>\n<p>Queridos alumnos de Medicina:<\/p>\n<p>Nuestra Facultad busca formar un m\u00e9dico de excelencia para Chile, en esta definici\u00f3n incluimos muchos aspectos profesionales y humanos: queremos doctores que escuchen a quien los necesita, que sepan comunicar un correcto tratamiento, as\u00ed como acompa\u00f1ar a una familia en una decisi\u00f3n compleja de salud.<\/p>\n<p>Queremos profesionales cr\u00edticos, que busquen soluciones innovadoras a los problemas globales de salud. Un m\u00e9dico que quiera siempre saber m\u00e1s, que con sencillez reconozca que el conocimiento es ilimitado y que con humildad reconozca sus l\u00edmites; pero que a su vez tenga las herramientas para descubrir cosas nuevas y buscar sus respuestas. Que sepa aprovechar al m\u00e1ximo la tecnolog\u00eda y calidad de los m\u00e9dicos de Cl\u00ednica Alemana y que se apasione con las oportunidades que brindan los equipos humanos y los pacientes del Hospital Padre Hurtado, en donde las necesidades de salud de la poblaci\u00f3n se transforman en los rostros de personas y familias.<\/p>\n<p>En este contexto, la Universidad del Desarrollo busca cultivar en ustedes lo necesario para ser un profesional exitoso en el mundo actual, con la oportunidad de trabajar en equipo, as\u00ed como conocer m\u00e1s all\u00e1 de sus disciplinas.<\/p>\n<p>Con un cuerpo docente de excelencia y toda la dedicaci\u00f3n de la Direcci\u00f3n de carrera de Medicina, buscaremos acompa\u00f1arlos en este proceso de transformaci\u00f3n, que va desde ser alumnos de una clase de anatom\u00eda hasta gestores de bienestar para una comunidad, grandes cirujanos, docentes apasionados por su labor, investigadores de t\u00e9cnicas de punta, amantes de la bio\u00e9tica, autoridades en salud p\u00fablica, m\u00e9dicos de la atenci\u00f3n primaria de salud con una enorme capacidad resolutiva, o lo que ustedes decidan ser.<\/p>\n<p>Gracias por permitirnos acompa\u00f1arlos en esta incre\u00edble profesi\u00f3n, que es la Medicina.<\/p>\n<p style=\"text-align: right\"><strong>Dra. Marcela Castillo Franzoy<\/strong><\/p>\n<p style=\"text-align: right\"><strong>Directora carrera de Medicina<\/strong><\/p>\n<p>&nbsp;<\/p>\n<p>&nbsp;<\/p>\n<p>&nbsp;<\/p>\n<p>&nbsp;<\/p>\n<p>&nbsp;<\/p>\n<p>&nbsp;<\/p>\n<p style=\"text-align: right\">\n","protected":false},"excerpt":{"rendered":"<p>Queridos alumnos de Medicina: Nuestra Facultad busca formar un m\u00e9dico de excelencia para Chile, en esta definici\u00f3n incluimos muchos aspectos profesionales y humanos: queremos doctores que escuchen a quien los necesita, que sepan comunicar un correcto tratamiento, as\u00ed como acompa\u00f1ar a una familia en una decisi\u00f3n compleja de salud. Queremos profesionales cr\u00edticos, que busquen soluciones [&hellip;]<\/p>\n","protected":false},"author":1,"featured_media":0,"parent":1297,"menu_order":50,"comment_status":"open","ping_status":"open","template":"","meta":{"footnotes":""},"class_list":["post-1307","page","type-page","status-publish","hentry"],"yoast_head":"<!-- This site is optimized with the Yoast SEO plugin v26.9 - https:\/\/yoast.com\/product\/yoast-seo-wordpress\/ -->\n<title>Palabras de la Directora | Carrera de Medicina (Santiago) | UDD<\/title>\n<meta name=\"description\" content=\"Conoce las palabras de nuestra directora de la Carrera de Medicina (Santiago) de la Universidad del Desarrollo.\" \/>\n<meta name=\"robots\" content=\"index, follow, max-snippet:-1, max-image-preview:large, max-video-preview:-1\" \/>\n<link rel=\"canonical\" href=\"https:\/\/medicina.udd.cl\/medicina-santiago\/la-carrera\/descripcion\/palabras-del-director\/\" \/>\n<meta property=\"og:locale\" content=\"es_ES\" \/>\n<meta property=\"og:type\" content=\"article\" \/>\n<meta property=\"og:title\" content=\"Palabras de la Directora | Carrera de Medicina (Santiago) | UDD\" \/>\n<meta property=\"og:description\" content=\"Conoce las palabras de nuestra directora de la Carrera de Medicina (Santiago) de la Universidad del Desarrollo.\" \/>\n<meta property=\"og:url\" content=\"https:\/\/medicina.udd.cl\/medicina-santiago\/la-carrera\/descripcion\/palabras-del-director\/\" \/>\n<meta property=\"og:site_name\" content=\"Medicina\" \/>\n<meta property=\"article:modified_time\" content=\"2018-09-03T20:04:28+00:00\" \/>\n<meta property=\"og:image\" content=\"http:\/\/medicina.udd.cl\/medicina-santiago\/files\/2018\/08\/Marcela-Castillo-242x300.jpg\" \/>\n<meta name=\"twitter:label1\" content=\"Tiempo de lectura\" \/>\n\t<meta name=\"twitter:data1\" content=\"2 minutos\" \/>\n<script type=\"application\/ld+json\" class=\"yoast-schema-graph\">{\"@context\":\"https:\/\/schema.org\",\"@graph\":[{\"@type\":\"WebPage\",\"@id\":\"https:\/\/medicina.udd.cl\/medicina-santiago\/la-carrera\/descripcion\/palabras-del-director\/\",\"url\":\"https:\/\/medicina.udd.cl\/medicina-santiago\/la-carrera\/descripcion\/palabras-del-director\/\",\"name\":\"Palabras de la Directora | Carrera de Medicina (Santiago) | UDD\",\"isPartOf\":{\"@id\":\"https:\/\/medicina.udd.cl\/medicina-santiago\/#website\"},\"primaryImageOfPage\":{\"@id\":\"https:\/\/medicina.udd.cl\/medicina-santiago\/la-carrera\/descripcion\/palabras-del-director\/#primaryimage\"},\"image\":{\"@id\":\"https:\/\/medicina.udd.cl\/medicina-santiago\/la-carrera\/descripcion\/palabras-del-director\/#primaryimage\"},\"thumbnailUrl\":\"http:\/\/medicina.udd.cl\/medicina-santiago\/files\/2018\/08\/Marcela-Castillo-242x300.jpg\",\"datePublished\":\"2012-10-09T14:25:50+00:00\",\"dateModified\":\"2018-09-03T20:04:28+00:00\",\"description\":\"Conoce las palabras de nuestra directora de la Carrera de Medicina (Santiago) de la Universidad del Desarrollo.\",\"breadcrumb\":{\"@id\":\"https:\/\/medicina.udd.cl\/medicina-santiago\/la-carrera\/descripcion\/palabras-del-director\/#breadcrumb\"},\"inLanguage\":\"es\",\"potentialAction\":[{\"@type\":\"ReadAction\",\"target\":[\"https:\/\/medicina.udd.cl\/medicina-santiago\/la-carrera\/descripcion\/palabras-del-director\/\"]}]},{\"@type\":\"ImageObject\",\"inLanguage\":\"es\",\"@id\":\"https:\/\/medicina.udd.cl\/medicina-santiago\/la-carrera\/descripcion\/palabras-del-director\/#primaryimage\",\"url\":\"http:\/\/medicina.udd.cl\/medicina-santiago\/files\/2018\/08\/Marcela-Castillo-242x300.jpg\",\"contentUrl\":\"http:\/\/medicina.udd.cl\/medicina-santiago\/files\/2018\/08\/Marcela-Castillo-242x300.jpg\"},{\"@type\":\"BreadcrumbList\",\"@id\":\"https:\/\/medicina.udd.cl\/medicina-santiago\/la-carrera\/descripcion\/palabras-del-director\/#breadcrumb\",\"itemListElement\":[{\"@type\":\"ListItem\",\"position\":1,\"name\":\"Home\",\"item\":\"https:\/\/medicina.udd.cl\/medicina-santiago\/\"},{\"@type\":\"ListItem\",\"position\":2,\"name\":\"MEDICINE\",\"item\":\"https:\/\/medicina.udd.cl\/medicina-santiago\/la-carrera\/\"},{\"@type\":\"ListItem\",\"position\":3,\"name\":\"Descripci\u00f3n\",\"item\":\"https:\/\/medicina.udd.cl\/medicina-santiago\/la-carrera\/descripcion\/\"},{\"@type\":\"ListItem\",\"position\":4,\"name\":\"Palabras de la directora\"}]},{\"@type\":\"WebSite\",\"@id\":\"https:\/\/medicina.udd.cl\/medicina-santiago\/#website\",\"url\":\"https:\/\/medicina.udd.cl\/medicina-santiago\/\",\"name\":\"Medicina\",\"description\":\"Facultad de Medicina Cl\u00ednica Alemana Universidad del Desarrollo\",\"inLanguage\":\"es\"}]}<\/script>\n<!-- \/ Yoast SEO plugin. -->","yoast_head_json":{"title":"Palabras de la Directora | Carrera de Medicina (Santiago) | UDD","description":"Conoce las palabras de nuestra directora de la Carrera de Medicina (Santiago) de la Universidad del Desarrollo.","robots":{"index":"index","follow":"follow","max-snippet":"max-snippet:-1","max-image-preview":"max-image-preview:large","max-video-preview":"max-video-preview:-1"},"canonical":"https:\/\/medicina.udd.cl\/medicina-santiago\/la-carrera\/descripcion\/palabras-del-director\/","og_locale":"es_ES","og_type":"article","og_title":"Palabras de la Directora | Carrera de Medicina (Santiago) | UDD","og_description":"Conoce las palabras de nuestra directora de la Carrera de Medicina (Santiago) de la Universidad del Desarrollo.","og_url":"https:\/\/medicina.udd.cl\/medicina-santiago\/la-carrera\/descripcion\/palabras-del-director\/","og_site_name":"Medicina","article_modified_time":"2018-09-03T20:04:28+00:00","og_image":[{"url":"http:\/\/medicina.udd.cl\/medicina-santiago\/files\/2018\/08\/Marcela-Castillo-242x300.jpg","type":"","width":"","height":""}],"twitter_misc":{"Tiempo de lectura":"2 minutos"},"schema":{"@context":"https:\/\/schema.org","@graph":[{"@type":"WebPage","@id":"https:\/\/medicina.udd.cl\/medicina-santiago\/la-carrera\/descripcion\/palabras-del-director\/","url":"https:\/\/medicina.udd.cl\/medicina-santiago\/la-carrera\/descripcion\/palabras-del-director\/","name":"Palabras de la Directora | Carrera de Medicina (Santiago) | UDD","isPartOf":{"@id":"https:\/\/medicina.udd.cl\/medicina-santiago\/#website"},"primaryImageOfPage":{"@id":"https:\/\/medicina.udd.cl\/medicina-santiago\/la-carrera\/descripcion\/palabras-del-director\/#primaryimage"},"image":{"@id":"https:\/\/medicina.udd.cl\/medicina-santiago\/la-carrera\/descripcion\/palabras-del-director\/#primaryimage"},"thumbnailUrl":"http:\/\/medicina.udd.cl\/medicina-santiago\/files\/2018\/08\/Marcela-Castillo-242x300.jpg","datePublished":"2012-10-09T14:25:50+00:00","dateModified":"2018-09-03T20:04:28+00:00","description":"Conoce las palabras de nuestra directora de la Carrera de Medicina (Santiago) de la Universidad del Desarrollo.","breadcrumb":{"@id":"https:\/\/medicina.udd.cl\/medicina-santiago\/la-carrera\/descripcion\/palabras-del-director\/#breadcrumb"},"inLanguage":"es","potentialAction":[{"@type":"ReadAction","target":["https:\/\/medicina.udd.cl\/medicina-santiago\/la-carrera\/descripcion\/palabras-del-director\/"]}]},{"@type":"ImageObject","inLanguage":"es","@id":"https:\/\/medicina.udd.cl\/medicina-santiago\/la-carrera\/descripcion\/palabras-del-director\/#primaryimage","url":"http:\/\/medicina.udd.cl\/medicina-santiago\/files\/2018\/08\/Marcela-Castillo-242x300.jpg","contentUrl":"http:\/\/medicina.udd.cl\/medicina-santiago\/files\/2018\/08\/Marcela-Castillo-242x300.jpg"},{"@type":"BreadcrumbList","@id":"https:\/\/medicina.udd.cl\/medicina-santiago\/la-carrera\/descripcion\/palabras-del-director\/#breadcrumb","itemListElement":[{"@type":"ListItem","position":1,"name":"Home","item":"https:\/\/medicina.udd.cl\/medicina-santiago\/"},{"@type":"ListItem","position":2,"name":"MEDICINE","item":"https:\/\/medicina.udd.cl\/medicina-santiago\/la-carrera\/"},{"@type":"ListItem","position":3,"name":"Descripci\u00f3n","item":"https:\/\/medicina.udd.cl\/medicina-santiago\/la-carrera\/descripcion\/"},{"@type":"ListItem","position":4,"name":"Palabras de la directora"}]},{"@type":"WebSite","@id":"https:\/\/medicina.udd.cl\/medicina-santiago\/#website","url":"https:\/\/medicina.udd.cl\/medicina-santiago\/","name":"Medicina","description":"Facultad de Medicina Cl\u00ednica Alemana Universidad del Desarrollo","inLanguage":"es"}]}},"_links":{"self":[{"href":"https:\/\/medicina.udd.cl\/medicina-santiago\/wp-json\/wp\/v2\/pages\/1307","targetHints":{"allow":["GET"]}}],"collection":[{"href":"https:\/\/medicina.udd.cl\/medicina-santiago\/wp-json\/wp\/v2\/pages"}],"about":[{"href":"https:\/\/medicina.udd.cl\/medicina-santiago\/wp-json\/wp\/v2\/types\/page"}],"author":[{"embeddable":true,"href":"https:\/\/medicina.udd.cl\/medicina-santiago\/wp-json\/wp\/v2\/users\/1"}],"replies":[{"embeddable":true,"href":"https:\/\/medicina.udd.cl\/medicina-santiago\/wp-json\/wp\/v2\/comments?post=1307"}],"version-history":[{"count":20,"href":"https:\/\/medicina.udd.cl\/medicina-santiago\/wp-json\/wp\/v2\/pages\/1307\/revisions"}],"predecessor-version":[{"id":5784,"href":"https:\/\/medicina.udd.cl\/medicina-santiago\/wp-json\/wp\/v2\/pages\/1307\/revisions\/5784"}],"up":[{"embeddable":true,"href":"https:\/\/medicina.udd.cl\/medicina-santiago\/wp-json\/wp\/v2\/pages\/1297"}],"wp:attachment":[{"href":"https:\/\/medicina.udd.cl\/medicina-santiago\/wp-json\/wp\/v2\/media?parent=1307"}],"curies":[{"name":"wp","href":"https:\/\/api.w.org\/{rel}","templated":true}]}}

<p style="text-align: justify"><a href="http://medicina.udd.cl/medicina-santiago/files/2018/08/Marcela-Castillo.jpg"><img loading="lazy" decoding="async" class="wp-image-5745 size-medium aligncenter" src="http://medicina.udd.cl/medicina-santiago/files/2018/08/Marcela-Castillo-242x300.jpg" alt="" width="242" height="300" srcset="https://medicina.udd.cl/medicina-santiago/files/2018/08/Marcela-Castillo-242x300.jpg 242w, https://medicina.udd.cl/medicina-santiago/files/2018/08/Marcela-Castillo-768x951.jpg 768w, https://medicina.udd.cl/medicina-santiago/files/2018/08/Marcela-Castillo-827x1024.jpg 827w, https://medicina.udd.cl/medicina-santiago/files/2018/08/Marcela-Castillo-776x960.jpg 776w, https://medicina.udd.cl/medicina-santiago/files/2018/08/Marcela-Castillo.jpg 1981w" sizes="auto, (max-width: 242px) 100vw, 242px" /></a></p>
<p>Queridos alumnos de Medicina:</p>
<p>Nuestra Facultad busca formar un médico de excelencia para Chile, en esta definición incluimos muchos aspectos profesionales y humanos: queremos doctores que escuchen a quien los necesita, que sepan comunicar un correcto tratamiento, así como acompañar a una familia en una decisión compleja de salud.</p>
<p>Queremos profesionales críticos, que busquen soluciones innovadoras a los problemas globales de salud. Un médico que quiera siempre saber más, que con sencillez reconozca que el conocimiento es ilimitado y que con humildad reconozca sus límites; pero que a su vez tenga las herramientas para descubrir cosas nuevas y buscar sus respuestas. Que sepa aprovechar al máximo la tecnología y calidad de los médicos de Clínica Alemana y que se apasione con las oportunidades que brindan los equipos humanos y los pacientes del Hospital Padre Hurtado, en donde las necesidades de salud de la población se transforman en los rostros de personas y familias.</p>
<p>En este contexto, la Universidad del Desarrollo busca cultivar en ustedes lo necesario para ser un profesional exitoso en el mundo actual, con la oportunidad de trabajar en equipo, así como conocer más allá de sus disciplinas.</p>
<p>Con un cuerpo docente de excelencia y toda la dedicación de la Dirección de carrera de Medicina, buscaremos acompañarlos en este proceso de transformación, que va desde ser alumnos de una clase de anatomía hasta gestores de bienestar para una comunidad, grandes cirujanos, docentes apasionados por su labor, investigadores de técnicas de punta, amantes de la bioética, autoridades en salud pública, médicos de la atención primaria de salud con una enorme capacidad resolutiva, o lo que ustedes decidan ser.</p>
<p>Gracias por permitirnos acompañarlos en esta increíble profesión, que es la Medicina.</p>
<p style="text-align: right"><strong>Dra. Marcela Castillo Franzoy</strong></p>
<p style="text-align: right"><strong>Directora carrera de Medicina</strong></p>
<p>&nbsp;</p>
<p>&nbsp;</p>
<p>&nbsp;</p>
<p>&nbsp;</p>
<p>&nbsp;</p>
<p>&nbsp;</p>
<p style="text-align: right">

<p>Queridos alumnos de Medicina: Nuestra Facultad busca formar un médico de excelencia para Chile, en esta definición incluimos muchos aspectos profesionales y humanos: queremos doctores que escuchen a quien los necesita, que sepan comunicar un correcto tratamiento, así como acompañar a una familia en una decisión compleja de salud. Queremos profesionales críticos, que busquen soluciones [&hellip;]</p>

<!-- This site is optimized with the Yoast SEO plugin v26.9 - https://yoast.com/product/yoast-seo-wordpress/ -->
<title>Palabras de la Directora | Carrera de Medicina (Santiago) | UDD</title>
<meta name="description" content="Conoce las palabras de nuestra directora de la Carrera de Medicina (Santiago) de la Universidad del Desarrollo." />
<meta name="robots" content="index, follow, max-snippet:-1, max-image-preview:large, max-video-preview:-1" />
<link rel="canonical" href="https://medicina.udd.cl/medicina-santiago/la-carrera/descripcion/palabras-del-director/" />
<meta property="og:locale" content="es_ES" />
<meta property="og:type" content="article" />
<meta property="og:title" content="Palabras de la Directora | Carrera de Medicina (Santiago) | UDD" />
<meta property="og:description" content="Conoce las palabras de nuestra directora de la Carrera de Medicina (Santiago) de la Universidad del Desarrollo." />
<meta property="og:url" content="https://medicina.udd.cl/medicina-santiago/la-carrera/descripcion/palabras-del-director/" />
<meta property="og:site_name" content="Medicina" />
<meta property="article:modified_time" content="2018-09-03T20:04:28+00:00" />
<meta property="og:image" content="http://medicina.udd.cl/medicina-santiago/files/2018/08/Marcela-Castillo-242x300.jpg" />
<meta name="twitter:label1" content="Tiempo de lectura" />
	<meta name="twitter:data1" content="2 minutos" />
<script type="application/ld+json" class="yoast-schema-graph">{"@context":"https://schema.org","@graph":[{"@type":"WebPage","@id":"https://medicina.udd.cl/medicina-santiago/la-carrera/descripcion/palabras-del-director/","url":"https://medicina.udd.cl/medicina-santiago/la-carrera/descripcion/palabras-del-director/","name":"Palabras de la Directora | Carrera de Medicina (Santiago) | UDD","isPartOf":{"@id":"https://medicina.udd.cl/medicina-santiago/#website"},"primaryImageOfPage":{"@id":"https://medicina.udd.cl/medicina-santiago/la-carrera/descripcion/palabras-del-director/#primaryimage"},"image":{"@id":"https://medicina.udd.cl/medicina-santiago/la-carrera/descripcion/palabras-del-director/#primaryimage"},"thumbnailUrl":"http://medicina.udd.cl/medicina-santiago/files/2018/08/Marcela-Castillo-242x300.jpg","datePublished":"2012-10-09T14:25:50+00:00","dateModified":"2018-09-03T20:04:28+00:00","description":"Conoce las palabras de nuestra directora de la Carrera de Medicina (Santiago) de la Universidad del Desarrollo.","breadcrumb":{"@id":"https://medicina.udd.cl/medicina-santiago/la-carrera/descripcion/palabras-del-director/#breadcrumb"},"inLanguage":"es","potentialAction":[{"@type":"ReadAction","target":["https://medicina.udd.cl/medicina-santiago/la-carrera/descripcion/palabras-del-director/"]}]},{"@type":"ImageObject","inLanguage":"es","@id":"https://medicina.udd.cl/medicina-santiago/la-carrera/descripcion/palabras-del-director/#primaryimage","url":"http://medicina.udd.cl/medicina-santiago/files/2018/08/Marcela-Castillo-242x300.jpg","contentUrl":"http://medicina.udd.cl/medicina-santiago/files/2018/08/Marcela-Castillo-242x300.jpg"},{"@type":"BreadcrumbList","@id":"https://medicina.udd.cl/medicina-santiago/la-carrera/descripcion/palabras-del-director/#breadcrumb","itemListElement":[{"@type":"ListItem","position":1,"name":"Home","item":"https://medicina.udd.cl/medicina-santiago/"},{"@type":"ListItem","position":2,"name":"MEDICINE","item":"https://medicina.udd.cl/medicina-santiago/la-carrera/"},{"@type":"ListItem","position":3,"name":"Descripción","item":"https://medicina.udd.cl/medicina-santiago/la-carrera/descripcion/"},{"@type":"ListItem","position":4,"name":"Palabras de la directora"}]},{"@type":"WebSite","@id":"https://medicina.udd.cl/medicina-santiago/#website","url":"https://medicina.udd.cl/medicina-santiago/","name":"Medicina","description":"Facultad de Medicina Clínica Alemana Universidad del Desarrollo","inLanguage":"es"}]}</script>
<!-- / Yoast SEO plugin. -->

Descripción

Facultad de Medicina Clínica Alemana Universidad del Desarrollo
