{"id":14,"date":"2010-03-31T19:35:25","date_gmt":"2010-03-31T23:35:25","guid":{"rendered":"http:\/\/medicina.udd.cl\/medicina\/sobre-la-carrera\/infraestructura\/"},"modified":"2019-08-02T12:27:46","modified_gmt":"2019-08-02T16:27:46","slug":"campos-clinicos","status":"publish","type":"page","link":"https:\/\/medicina.udd.cl\/medicina-santiago\/la-carrera\/campos-clinicos\/","title":{"rendered":"Campos Cl\u00ednicos"},"content":{"rendered":"<p>Te mostramos un video para que puedas conocer en profundidad nuestros campos cl\u00ednicos:<\/p>\n<p><iframe loading=\"lazy\" title=\"Campos Cl\u00ednicos - Facultad Medicina Cl\u00ednica Alemana UDD\" width=\"500\" height=\"281\" src=\"https:\/\/www.youtube.com\/embed\/b1z8OhegBjw?feature=oembed&#038;rel=0&#038;modestbranding=1&#038;autohide=1&#038;autoplay=0&#038;enablejsapi=1&#038;showinfo=0\" allowautoplay=\"allowautoplay\" frameborder=\"0\" allow=\"accelerometer; autoplay; clipboard-write; encrypted-media; gyroscope; picture-in-picture; web-share\" referrerpolicy=\"strict-origin-when-cross-origin\" allowfullscreen><\/iframe><\/p>\n<p>Conoce los campos cl\u00ednicos en los cuales trabajan y realizan sus pr\u00e1cticas los estudiantes de la carrera de Medicina.<\/p>\n<div id=\"gallery-1\" class=\"carousel slide carousel-gallery\" data-ride=\"false\" data-interval=\"false\"><div class=\"carousel-inner\" role=\"listbox\"><figure class=\"carousel-item active\"><img loading=\"lazy\" decoding=\"async\" width=\"801\" height=\"534\" src=\"https:\/\/medicina.udd.cl\/medicina-santiago\/files\/2010\/03\/UDD-8499.jpg\" class=\"attachment-landscape_952 size-landscape_952\" alt=\"\" srcset=\"https:\/\/medicina.udd.cl\/medicina-santiago\/files\/2010\/03\/UDD-8499.jpg 3267w, https:\/\/medicina.udd.cl\/medicina-santiago\/files\/2010\/03\/UDD-8499-300x200.jpg 300w, https:\/\/medicina.udd.cl\/medicina-santiago\/files\/2010\/03\/UDD-8499-768x512.jpg 768w, https:\/\/medicina.udd.cl\/medicina-santiago\/files\/2010\/03\/UDD-8499-1024x683.jpg 1024w, https:\/\/medicina.udd.cl\/medicina-santiago\/files\/2010\/03\/UDD-8499-960x640.jpg 960w\" sizes=\"auto, (max-width: 801px) 100vw, 801px\" \/><\/figure><figure class=\"carousel-item\"><img loading=\"lazy\" decoding=\"async\" width=\"798\" height=\"534\" src=\"https:\/\/medicina.udd.cl\/medicina-santiago\/files\/2010\/03\/DSC_0107.jpg\" class=\"attachment-landscape_952 size-landscape_952\" alt=\"\" srcset=\"https:\/\/medicina.udd.cl\/medicina-santiago\/files\/2010\/03\/DSC_0107.jpg 3872w, https:\/\/medicina.udd.cl\/medicina-santiago\/files\/2010\/03\/DSC_0107-300x201.jpg 300w, https:\/\/medicina.udd.cl\/medicina-santiago\/files\/2010\/03\/DSC_0107-768x514.jpg 768w, https:\/\/medicina.udd.cl\/medicina-santiago\/files\/2010\/03\/DSC_0107-1024x685.jpg 1024w, https:\/\/medicina.udd.cl\/medicina-santiago\/files\/2010\/03\/DSC_0107-960x643.jpg 960w\" sizes=\"auto, (max-width: 798px) 100vw, 798px\" \/><\/figure><figure class=\"carousel-item\"><img loading=\"lazy\" decoding=\"async\" width=\"798\" height=\"534\" src=\"https:\/\/medicina.udd.cl\/medicina-santiago\/files\/2010\/03\/DSC_0008.jpg\" class=\"attachment-landscape_952 size-landscape_952\" alt=\"\" srcset=\"https:\/\/medicina.udd.cl\/medicina-santiago\/files\/2010\/03\/DSC_0008.jpg 3872w, https:\/\/medicina.udd.cl\/medicina-santiago\/files\/2010\/03\/DSC_0008-300x201.jpg 300w, https:\/\/medicina.udd.cl\/medicina-santiago\/files\/2010\/03\/DSC_0008-768x514.jpg 768w, https:\/\/medicina.udd.cl\/medicina-santiago\/files\/2010\/03\/DSC_0008-1024x685.jpg 1024w, https:\/\/medicina.udd.cl\/medicina-santiago\/files\/2010\/03\/DSC_0008-960x643.jpg 960w\" sizes=\"auto, (max-width: 798px) 100vw, 798px\" \/><\/figure><figure class=\"carousel-item\"><img loading=\"lazy\" decoding=\"async\" width=\"801\" height=\"534\" src=\"https:\/\/medicina.udd.cl\/medicina-santiago\/files\/2010\/03\/UDD-16-ago-1686.jpg\" class=\"attachment-landscape_952 size-landscape_952\" alt=\"\" srcset=\"https:\/\/medicina.udd.cl\/medicina-santiago\/files\/2010\/03\/UDD-16-ago-1686.jpg 3141w, https:\/\/medicina.udd.cl\/medicina-santiago\/files\/2010\/03\/UDD-16-ago-1686-300x200.jpg 300w, https:\/\/medicina.udd.cl\/medicina-santiago\/files\/2010\/03\/UDD-16-ago-1686-768x512.jpg 768w, https:\/\/medicina.udd.cl\/medicina-santiago\/files\/2010\/03\/UDD-16-ago-1686-1024x683.jpg 1024w, https:\/\/medicina.udd.cl\/medicina-santiago\/files\/2010\/03\/UDD-16-ago-1686-960x640.jpg 960w\" sizes=\"auto, (max-width: 801px) 100vw, 801px\" \/><\/figure><figure class=\"carousel-item\"><img loading=\"lazy\" decoding=\"async\" width=\"801\" height=\"534\" src=\"https:\/\/medicina.udd.cl\/medicina-santiago\/files\/2010\/03\/Consultorio-La-Granja.jpg\" class=\"attachment-landscape_952 size-landscape_952\" alt=\"\" srcset=\"https:\/\/medicina.udd.cl\/medicina-santiago\/files\/2010\/03\/Consultorio-La-Granja.jpg 3267w, https:\/\/medicina.udd.cl\/medicina-santiago\/files\/2010\/03\/Consultorio-La-Granja-300x200.jpg 300w, https:\/\/medicina.udd.cl\/medicina-santiago\/files\/2010\/03\/Consultorio-La-Granja-768x512.jpg 768w, https:\/\/medicina.udd.cl\/medicina-santiago\/files\/2010\/03\/Consultorio-La-Granja-1024x683.jpg 1024w, https:\/\/medicina.udd.cl\/medicina-santiago\/files\/2010\/03\/Consultorio-La-Granja-960x640.jpg 960w\" sizes=\"auto, (max-width: 801px) 100vw, 801px\" \/><\/figure><figure class=\"carousel-item\"><img loading=\"lazy\" decoding=\"async\" width=\"801\" height=\"534\" src=\"https:\/\/medicina.udd.cl\/medicina-santiago\/files\/2010\/03\/UDD-8768.jpg\" class=\"attachment-landscape_952 size-landscape_952\" alt=\"\" srcset=\"https:\/\/medicina.udd.cl\/medicina-santiago\/files\/2010\/03\/UDD-8768.jpg 3267w, https:\/\/medicina.udd.cl\/medicina-santiago\/files\/2010\/03\/UDD-8768-300x200.jpg 300w, https:\/\/medicina.udd.cl\/medicina-santiago\/files\/2010\/03\/UDD-8768-768x512.jpg 768w, https:\/\/medicina.udd.cl\/medicina-santiago\/files\/2010\/03\/UDD-8768-1024x683.jpg 1024w, https:\/\/medicina.udd.cl\/medicina-santiago\/files\/2010\/03\/UDD-8768-960x640.jpg 960w\" sizes=\"auto, (max-width: 801px) 100vw, 801px\" \/><\/figure><figure class=\"carousel-item\"><img loading=\"lazy\" decoding=\"async\" width=\"806\" height=\"534\" src=\"https:\/\/medicina.udd.cl\/medicina-santiago\/files\/2010\/03\/CAS-a\u00e9rea.jpg\" class=\"attachment-landscape_952 size-landscape_952\" alt=\"\" srcset=\"https:\/\/medicina.udd.cl\/medicina-santiago\/files\/2010\/03\/CAS-a\u00e9rea.jpg 1181w, https:\/\/medicina.udd.cl\/medicina-santiago\/files\/2010\/03\/CAS-a\u00e9rea-300x199.jpg 300w, https:\/\/medicina.udd.cl\/medicina-santiago\/files\/2010\/03\/CAS-a\u00e9rea-768x509.jpg 768w, https:\/\/medicina.udd.cl\/medicina-santiago\/files\/2010\/03\/CAS-a\u00e9rea-1024x678.jpg 1024w, https:\/\/medicina.udd.cl\/medicina-santiago\/files\/2010\/03\/CAS-a\u00e9rea-960x636.jpg 960w\" sizes=\"auto, (max-width: 806px) 100vw, 806px\" \/><\/figure><figure class=\"carousel-item\"><img loading=\"lazy\" decoding=\"async\" width=\"801\" height=\"534\" src=\"https:\/\/medicina.udd.cl\/medicina-santiago\/files\/2010\/03\/Foto-1-016.jpg\" class=\"attachment-landscape_952 size-landscape_952\" alt=\"\" srcset=\"https:\/\/medicina.udd.cl\/medicina-santiago\/files\/2010\/03\/Foto-1-016.jpg 2544w, https:\/\/medicina.udd.cl\/medicina-santiago\/files\/2010\/03\/Foto-1-016-300x200.jpg 300w, https:\/\/medicina.udd.cl\/medicina-santiago\/files\/2010\/03\/Foto-1-016-768x512.jpg 768w, https:\/\/medicina.udd.cl\/medicina-santiago\/files\/2010\/03\/Foto-1-016-1024x683.jpg 1024w, https:\/\/medicina.udd.cl\/medicina-santiago\/files\/2010\/03\/Foto-1-016-960x640.jpg 960w\" sizes=\"auto, (max-width: 801px) 100vw, 801px\" \/><\/figure><\/div><footer class=\"carousel-footer\"><div class=\"carousel-counter\"><span class=\"carousel-counter-current\"><\/span> \/ <span class=\"carousel-counter-total\"><\/span><\/div><a class=\"carousel-control-prev\" href=\"#gallery-1\" role=\"button\" data-slide=\"prev\"><svg aria-hidden=\"true\" class=\"svg-chevron-left-dims\"><use xlink:href='https:\/\/medicina.udd.cl\/medicina-santiago\/wp-content\/themes\/facultades-2018\/assets\/img\/svg\/dist\/main.svg?version=1695853099#chevron-left'><\/use><\/svg><span class=\"sr-only\">Anterior<\/span><\/a><a class=\"carousel-control-next\" href=\"#gallery-1\" role=\"button\" data-slide=\"next\"><svg aria-hidden=\"true\" class=\"svg-chevron-right-dims\"><use xlink:href='https:\/\/medicina.udd.cl\/medicina-santiago\/wp-content\/themes\/facultades-2018\/assets\/img\/svg\/dist\/main.svg?version=1695853099#chevron-right'><\/use><\/svg><span class=\"sr-only\">Siguiente<\/span><\/a><\/footer><\/div>\n\n<!-- WP Block: UDD - Content Gallery -->\n<section class=\"wp-block-udd-content-gallery\">\n\t<div class=\"content-gallery\">\n\t\t<main class=\"content-gallery__content\">\n\t\t\t<div class=\"content-gallery__content-inner\">\n\t\t\t\t<h2 class=\"block__title content-gallery__title\">blkksd<\/h2>\n\t\t\t\t<div class=\"text\">\n\t\t\t\t\t\n<p>dssdgsgg<\/p>\n\t\t\t\t<\/div>\n\t\t\t<\/div>\n\t\t<\/main>\n\t\t<aside class=\"content-gallery__media\">\n\t\t\t<div id=\"gallery-carousel-681636ec77\" class=\"carousel slide carousel-gallery\" data-ride=\"carousel\" data-interval=\"false\">\n\t\t\t\t<div class=\"carousel-inner\" role=\"listbox\">\n\t\t\t\t\t\t\t\t\t\t\t<div class=\"carousel-item active\">\n\t\t\t\t\t\t\t<img loading=\"lazy\" decoding=\"async\" width=\"979\" height=\"734\" src=\"https:\/\/medicina.udd.cl\/medicina-santiago\/files\/2019\/07\/Captura.png\" class=\"content-gallery__media-image\" alt=\"\" srcset=\"https:\/\/medicina.udd.cl\/medicina-santiago\/files\/2019\/07\/Captura.png 979w, https:\/\/medicina.udd.cl\/medicina-santiago\/files\/2019\/07\/Captura-300x225.png 300w, https:\/\/medicina.udd.cl\/medicina-santiago\/files\/2019\/07\/Captura-768x576.png 768w\" sizes=\"auto, (max-width: 979px) 100vw, 979px\" \/>\t\t\t\t\t\t\t\t\t\t\t\t\t<\/div>\n\t\t\t\t\t\t\t\t\t\t\t<div class=\"carousel-item\">\n\t\t\t\t\t\t\t<img loading=\"lazy\" decoding=\"async\" width=\"1366\" height=\"768\" src=\"https:\/\/medicina.udd.cl\/medicina-santiago\/files\/2019\/04\/olga-guryanova-1408129-unsplash-1366x768.jpg\" class=\"content-gallery__media-image\" alt=\"\" srcset=\"https:\/\/medicina.udd.cl\/medicina-santiago\/files\/2019\/04\/olga-guryanova-1408129-unsplash-1366x768.jpg 1366w, https:\/\/medicina.udd.cl\/medicina-santiago\/files\/2019\/04\/olga-guryanova-1408129-unsplash-1920x1080.jpg 1920w, https:\/\/medicina.udd.cl\/medicina-santiago\/files\/2019\/04\/olga-guryanova-1408129-unsplash-952x534.jpg 952w, https:\/\/medicina.udd.cl\/medicina-santiago\/files\/2019\/04\/olga-guryanova-1408129-unsplash-680x382.jpg 680w\" sizes=\"auto, (max-width: 1366px) 100vw, 1366px\" \/>\t\t\t\t\t\t\t\t\t\t\t\t\t<\/div>\n\t\t\t\t\t\t\t\t\t\t\t<div class=\"carousel-item\">\n\t\t\t\t\t\t\t<img loading=\"lazy\" decoding=\"async\" width=\"1077\" height=\"768\" src=\"https:\/\/medicina.udd.cl\/medicina-santiago\/files\/2019\/04\/IMG_0096.jpg\" class=\"content-gallery__media-image\" alt=\"\" srcset=\"https:\/\/medicina.udd.cl\/medicina-santiago\/files\/2019\/04\/IMG_0096.jpg 4680w, https:\/\/medicina.udd.cl\/medicina-santiago\/files\/2019\/04\/IMG_0096-300x214.jpg 300w, https:\/\/medicina.udd.cl\/medicina-santiago\/files\/2019\/04\/IMG_0096-768x547.jpg 768w, https:\/\/medicina.udd.cl\/medicina-santiago\/files\/2019\/04\/IMG_0096-1024x730.jpg 1024w, https:\/\/medicina.udd.cl\/medicina-santiago\/files\/2019\/04\/IMG_0096-316x224.jpg 316w, https:\/\/medicina.udd.cl\/medicina-santiago\/files\/2019\/04\/IMG_0096-286x205.jpg 286w, https:\/\/medicina.udd.cl\/medicina-santiago\/files\/2019\/04\/IMG_0096-87x62.jpg 87w, https:\/\/medicina.udd.cl\/medicina-santiago\/files\/2019\/04\/IMG_0096-960x684.jpg 960w\" sizes=\"auto, (max-width: 1077px) 100vw, 1077px\" \/>\t\t\t\t\t\t\t\t\t\t\t\t\t<\/div>\n\t\t\t\t\t\t\t\t\t\t\t<div class=\"carousel-item\">\n\t\t\t\t\t\t\t<img loading=\"lazy\" decoding=\"async\" width=\"1152\" height=\"768\" src=\"https:\/\/medicina.udd.cl\/medicina-santiago\/files\/2019\/04\/IMG_0210.jpg\" class=\"content-gallery__media-image\" alt=\"\" srcset=\"https:\/\/medicina.udd.cl\/medicina-santiago\/files\/2019\/04\/IMG_0210.jpg 5184w, https:\/\/medicina.udd.cl\/medicina-santiago\/files\/2019\/04\/IMG_0210-300x200.jpg 300w, https:\/\/medicina.udd.cl\/medicina-santiago\/files\/2019\/04\/IMG_0210-768x512.jpg 768w, https:\/\/medicina.udd.cl\/medicina-santiago\/files\/2019\/04\/IMG_0210-1024x683.jpg 1024w, https:\/\/medicina.udd.cl\/medicina-santiago\/files\/2019\/04\/IMG_0210-960x640.jpg 960w\" sizes=\"auto, (max-width: 1152px) 100vw, 1152px\" \/>\t\t\t\t\t\t\t\t\t\t\t\t\t<\/div>\n\t\t\t\t\t\t\t\t\t<\/div>\n\t\t\t\t\t\t\t<footer class=\"carousel-footer\">\n\t\t\t\t\t<div class=\"carousel-counter\">\n\t\t\t\t\t\t<span class=\"carousel-counter-current\"><\/span> \/ <span class=\"carousel-counter-total\"><\/span>\n\t\t\t\t\t<\/div>\n\t\t\t\t\t<a class=\"carousel-control-prev\" href=\"#gallery-carousel-681636ec77\" role=\"button\" data-slide=\"prev\">\n\t\t\t\t\t\t<svg class=\"svg-chevron-left-dims\"><use xlink:href='https:\/\/medicina.udd.cl\/medicina-santiago\/wp-content\/themes\/facultades-2018\/assets\/img\/svg\/dist\/main.svg?version=1695853099#chevron-left'><\/use><\/svg>\t\t\t\t\t\t<span class=\"sr-only\">Anterior<\/span>\n\t\t\t\t\t<\/a>\n\t\t\t\t\t<a class=\"carousel-control-next\" href=\"#gallery-carousel-681636ec77\" role=\"button\" data-slide=\"next\">\n\t\t\t\t\t\t<svg class=\"svg-chevron-right-dims\"><use xlink:href='https:\/\/medicina.udd.cl\/medicina-santiago\/wp-content\/themes\/facultades-2018\/assets\/img\/svg\/dist\/main.svg?version=1695853099#chevron-right'><\/use><\/svg>\t\t\t\t\t\t<span class=\"sr-only\">Siguiente<\/span>\n\t\t\t\t\t<\/a>\n\t\t\t\t<\/footer>\n\t\t\t\t\t\t<\/div>\n\t\t<\/aside>\n\t<\/div>\n<\/section>\n\n\n\n<figure class=\"wp-block-image\"><img loading=\"lazy\" decoding=\"async\" width=\"965\" height=\"1024\" src=\"https:\/\/medicina.udd.cl\/medicina-santiago\/files\/2019\/04\/olga-guryanova-1408129-unsplash-965x1024.jpg\" alt=\"\" class=\"wp-image-6099\" srcset=\"https:\/\/medicina.udd.cl\/medicina-santiago\/files\/2019\/04\/olga-guryanova-1408129-unsplash-965x1024.jpg 965w, https:\/\/medicina.udd.cl\/medicina-santiago\/files\/2019\/04\/olga-guryanova-1408129-unsplash-283x300.jpg 283w, https:\/\/medicina.udd.cl\/medicina-santiago\/files\/2019\/04\/olga-guryanova-1408129-unsplash-768x815.jpg 768w, https:\/\/medicina.udd.cl\/medicina-santiago\/files\/2019\/04\/olga-guryanova-1408129-unsplash.jpg 2048w\" sizes=\"auto, (max-width: 965px) 100vw, 965px\" \/><\/figure>\n","protected":false},"excerpt":{"rendered":"<p>La Facultad de Medicina CAS-UDD cuenta con dos campos cl\u00ednicos, dos sedes y una red de consultorios donde los estudiantes realizan sus pr\u00e1cticas cl\u00ednicas.<\/p>\n","protected":false},"author":1,"featured_media":0,"parent":3,"menu_order":40,"comment_status":"open","ping_status":"open","template":"","meta":{"footnotes":""},"class_list":["post-14","page","type-page","status-publish","hentry"],"yoast_head":"<!-- This site is optimized with the Yoast SEO plugin v26.9 - https:\/\/yoast.com\/product\/yoast-seo-wordpress\/ -->\n<title>Campos Cl\u00ednicos | Carrera de Medicina (Santiago) | Admisi\u00f3n 2014 UDD<\/title>\n<meta name=\"description\" content=\"Medicina UDD cuenta con campos cl\u00ednicos tales como la Cl\u00ednica Alemana, el Hospital Padre Hurtado, la Cl\u00ednica UDD, entre otros.\" \/>\n<meta name=\"robots\" content=\"index, follow, max-snippet:-1, max-image-preview:large, max-video-preview:-1\" \/>\n<link rel=\"canonical\" href=\"https:\/\/medicina.udd.cl\/medicina-santiago\/la-carrera\/campos-clinicos\/\" \/>\n<meta property=\"og:locale\" content=\"es_ES\" \/>\n<meta property=\"og:type\" content=\"article\" \/>\n<meta property=\"og:title\" content=\"Campos Cl\u00ednicos | Carrera de Medicina (Santiago) | Admisi\u00f3n 2014 UDD\" \/>\n<meta property=\"og:description\" content=\"Medicina UDD cuenta con campos cl\u00ednicos tales como la Cl\u00ednica Alemana, el Hospital Padre Hurtado, la Cl\u00ednica UDD, entre otros.\" \/>\n<meta property=\"og:url\" content=\"https:\/\/medicina.udd.cl\/medicina-santiago\/la-carrera\/campos-clinicos\/\" \/>\n<meta property=\"og:site_name\" content=\"Medicina\" \/>\n<meta property=\"article:modified_time\" content=\"2019-08-02T16:27:46+00:00\" \/>\n<meta property=\"og:image\" content=\"https:\/\/medicina.udd.cl\/medicina-santiago\/files\/2010\/03\/UDD-8499.jpg\" \/>\n<script type=\"application\/ld+json\" class=\"yoast-schema-graph\">{\"@context\":\"https:\/\/schema.org\",\"@graph\":[{\"@type\":\"WebPage\",\"@id\":\"https:\/\/medicina.udd.cl\/medicina-santiago\/la-carrera\/campos-clinicos\/\",\"url\":\"https:\/\/medicina.udd.cl\/medicina-santiago\/la-carrera\/campos-clinicos\/\",\"name\":\"Campos Cl\u00ednicos | Carrera de Medicina (Santiago) | Admisi\u00f3n 2014 UDD\",\"isPartOf\":{\"@id\":\"https:\/\/medicina.udd.cl\/medicina-santiago\/#website\"},\"primaryImageOfPage\":{\"@id\":\"https:\/\/medicina.udd.cl\/medicina-santiago\/la-carrera\/campos-clinicos\/#primaryimage\"},\"image\":{\"@id\":\"https:\/\/medicina.udd.cl\/medicina-santiago\/la-carrera\/campos-clinicos\/#primaryimage\"},\"thumbnailUrl\":\"https:\/\/medicina.udd.cl\/medicina-santiago\/files\/2019\/04\/olga-guryanova-1408129-unsplash-965x1024.jpg\",\"datePublished\":\"2010-03-31T23:35:25+00:00\",\"dateModified\":\"2019-08-02T16:27:46+00:00\",\"description\":\"Medicina UDD cuenta con campos cl\u00ednicos tales como la Cl\u00ednica Alemana, el Hospital Padre Hurtado, la Cl\u00ednica UDD, entre otros.\",\"breadcrumb\":{\"@id\":\"https:\/\/medicina.udd.cl\/medicina-santiago\/la-carrera\/campos-clinicos\/#breadcrumb\"},\"inLanguage\":\"es\",\"potentialAction\":[{\"@type\":\"ReadAction\",\"target\":[\"https:\/\/medicina.udd.cl\/medicina-santiago\/la-carrera\/campos-clinicos\/\"]}]},{\"@type\":\"ImageObject\",\"inLanguage\":\"es\",\"@id\":\"https:\/\/medicina.udd.cl\/medicina-santiago\/la-carrera\/campos-clinicos\/#primaryimage\",\"url\":\"https:\/\/medicina.udd.cl\/medicina-santiago\/files\/2019\/04\/olga-guryanova-1408129-unsplash.jpg\",\"contentUrl\":\"https:\/\/medicina.udd.cl\/medicina-santiago\/files\/2019\/04\/olga-guryanova-1408129-unsplash.jpg\",\"width\":2048,\"height\":2173},{\"@type\":\"BreadcrumbList\",\"@id\":\"https:\/\/medicina.udd.cl\/medicina-santiago\/la-carrera\/campos-clinicos\/#breadcrumb\",\"itemListElement\":[{\"@type\":\"ListItem\",\"position\":1,\"name\":\"Home\",\"item\":\"https:\/\/medicina.udd.cl\/medicina-santiago\/\"},{\"@type\":\"ListItem\",\"position\":2,\"name\":\"MEDICINE\",\"item\":\"https:\/\/medicina.udd.cl\/medicina-santiago\/la-carrera\/\"},{\"@type\":\"ListItem\",\"position\":3,\"name\":\"Campos Cl\u00ednicos\"}]},{\"@type\":\"WebSite\",\"@id\":\"https:\/\/medicina.udd.cl\/medicina-santiago\/#website\",\"url\":\"https:\/\/medicina.udd.cl\/medicina-santiago\/\",\"name\":\"Medicina\",\"description\":\"Facultad de Medicina Cl\u00ednica Alemana Universidad del Desarrollo\",\"inLanguage\":\"es\"}]}<\/script>\n<!-- \/ Yoast SEO plugin. -->","yoast_head_json":{"title":"Campos Cl\u00ednicos | Carrera de Medicina (Santiago) | Admisi\u00f3n 2014 UDD","description":"Medicina UDD cuenta con campos cl\u00ednicos tales como la Cl\u00ednica Alemana, el Hospital Padre Hurtado, la Cl\u00ednica UDD, entre otros.","robots":{"index":"index","follow":"follow","max-snippet":"max-snippet:-1","max-image-preview":"max-image-preview:large","max-video-preview":"max-video-preview:-1"},"canonical":"https:\/\/medicina.udd.cl\/medicina-santiago\/la-carrera\/campos-clinicos\/","og_locale":"es_ES","og_type":"article","og_title":"Campos Cl\u00ednicos | Carrera de Medicina (Santiago) | Admisi\u00f3n 2014 UDD","og_description":"Medicina UDD cuenta con campos cl\u00ednicos tales como la Cl\u00ednica Alemana, el Hospital Padre Hurtado, la Cl\u00ednica UDD, entre otros.","og_url":"https:\/\/medicina.udd.cl\/medicina-santiago\/la-carrera\/campos-clinicos\/","og_site_name":"Medicina","article_modified_time":"2019-08-02T16:27:46+00:00","og_image":[{"url":"https:\/\/medicina.udd.cl\/medicina-santiago\/files\/2010\/03\/UDD-8499.jpg","type":"","width":"","height":""}],"schema":{"@context":"https:\/\/schema.org","@graph":[{"@type":"WebPage","@id":"https:\/\/medicina.udd.cl\/medicina-santiago\/la-carrera\/campos-clinicos\/","url":"https:\/\/medicina.udd.cl\/medicina-santiago\/la-carrera\/campos-clinicos\/","name":"Campos Cl\u00ednicos | Carrera de Medicina (Santiago) | Admisi\u00f3n 2014 UDD","isPartOf":{"@id":"https:\/\/medicina.udd.cl\/medicina-santiago\/#website"},"primaryImageOfPage":{"@id":"https:\/\/medicina.udd.cl\/medicina-santiago\/la-carrera\/campos-clinicos\/#primaryimage"},"image":{"@id":"https:\/\/medicina.udd.cl\/medicina-santiago\/la-carrera\/campos-clinicos\/#primaryimage"},"thumbnailUrl":"https:\/\/medicina.udd.cl\/medicina-santiago\/files\/2019\/04\/olga-guryanova-1408129-unsplash-965x1024.jpg","datePublished":"2010-03-31T23:35:25+00:00","dateModified":"2019-08-02T16:27:46+00:00","description":"Medicina UDD cuenta con campos cl\u00ednicos tales como la Cl\u00ednica Alemana, el Hospital Padre Hurtado, la Cl\u00ednica UDD, entre otros.","breadcrumb":{"@id":"https:\/\/medicina.udd.cl\/medicina-santiago\/la-carrera\/campos-clinicos\/#breadcrumb"},"inLanguage":"es","potentialAction":[{"@type":"ReadAction","target":["https:\/\/medicina.udd.cl\/medicina-santiago\/la-carrera\/campos-clinicos\/"]}]},{"@type":"ImageObject","inLanguage":"es","@id":"https:\/\/medicina.udd.cl\/medicina-santiago\/la-carrera\/campos-clinicos\/#primaryimage","url":"https:\/\/medicina.udd.cl\/medicina-santiago\/files\/2019\/04\/olga-guryanova-1408129-unsplash.jpg","contentUrl":"https:\/\/medicina.udd.cl\/medicina-santiago\/files\/2019\/04\/olga-guryanova-1408129-unsplash.jpg","width":2048,"height":2173},{"@type":"BreadcrumbList","@id":"https:\/\/medicina.udd.cl\/medicina-santiago\/la-carrera\/campos-clinicos\/#breadcrumb","itemListElement":[{"@type":"ListItem","position":1,"name":"Home","item":"https:\/\/medicina.udd.cl\/medicina-santiago\/"},{"@type":"ListItem","position":2,"name":"MEDICINE","item":"https:\/\/medicina.udd.cl\/medicina-santiago\/la-carrera\/"},{"@type":"ListItem","position":3,"name":"Campos Cl\u00ednicos"}]},{"@type":"WebSite","@id":"https:\/\/medicina.udd.cl\/medicina-santiago\/#website","url":"https:\/\/medicina.udd.cl\/medicina-santiago\/","name":"Medicina","description":"Facultad de Medicina Cl\u00ednica Alemana Universidad del Desarrollo","inLanguage":"es"}]}},"_links":{"self":[{"href":"https:\/\/medicina.udd.cl\/medicina-santiago\/wp-json\/wp\/v2\/pages\/14","targetHints":{"allow":["GET"]}}],"collection":[{"href":"https:\/\/medicina.udd.cl\/medicina-santiago\/wp-json\/wp\/v2\/pages"}],"about":[{"href":"https:\/\/medicina.udd.cl\/medicina-santiago\/wp-json\/wp\/v2\/types\/page"}],"author":[{"embeddable":true,"href":"https:\/\/medicina.udd.cl\/medicina-santiago\/wp-json\/wp\/v2\/users\/1"}],"replies":[{"embeddable":true,"href":"https:\/\/medicina.udd.cl\/medicina-santiago\/wp-json\/wp\/v2\/comments?post=14"}],"version-history":[{"count":39,"href":"https:\/\/medicina.udd.cl\/medicina-santiago\/wp-json\/wp\/v2\/pages\/14\/revisions"}],"predecessor-version":[{"id":6144,"href":"https:\/\/medicina.udd.cl\/medicina-santiago\/wp-json\/wp\/v2\/pages\/14\/revisions\/6144"}],"up":[{"embeddable":true,"href":"https:\/\/medicina.udd.cl\/medicina-santiago\/wp-json\/wp\/v2\/pages\/3"}],"wp:attachment":[{"href":"https:\/\/medicina.udd.cl\/medicina-santiago\/wp-json\/wp\/v2\/media?parent=14"}],"curies":[{"name":"wp","href":"https:\/\/api.w.org\/{rel}","templated":true}]}}