{"id":316,"date":"2010-09-14T14:31:43","date_gmt":"2010-09-14T18:31:43","guid":{"rendered":"http:\/\/medicina.udd.cl\/medicina-santiago\/centro-de-alumnos\/"},"modified":"2017-03-21T10:09:36","modified_gmt":"2017-03-21T13:09:36","slug":"centro-de-alumnos","status":"publish","type":"page","link":"https:\/\/medicina.udd.cl\/medicina-santiago\/vida-universitaria\/centro-de-alumnos\/","title":{"rendered":"Centro de Estudiantes de Medicina"},"content":{"rendered":"<ul>\n<li><strong>Presidente:<\/strong> Roberto Appelgren<\/li>\n<li><strong>Vice interno:<\/strong> Joaqu\u00edn Cristi<\/li>\n<li><strong>Vice externo:<\/strong> Jos\u00e9 Ignacio Figueroa<\/li>\n<li><strong>Secretaria general:<\/strong> Manuela Roa<\/li>\n<li><strong>Secretaria ejecutiva:<\/strong> Florencia Brito<\/li>\n<li><strong>Tesorera:<\/strong> Susana Err\u00e1zuriz<\/li>\n<li><strong>Defensor\u00eda:<\/strong> Nicol\u00e1s Perry<\/li>\n<li><strong>Consejera Acad\u00e9mica:<\/strong>Valeria Al\u00e9e<\/li>\n<\/ul>\n","protected":false},"excerpt":{"rendered":"<p>Presidente: Roberto Appelgren Vice interno: Joaqu\u00edn Cristi Vice externo: Jos\u00e9 Ignacio Figueroa Secretaria general: Manuela Roa Secretaria ejecutiva: Florencia Brito Tesorera: Susana Err\u00e1zuriz Defensor\u00eda: Nicol\u00e1s Perry Consejera Acad\u00e9mica:Valeria Al\u00e9e<\/p>\n","protected":false},"author":1,"featured_media":0,"parent":7,"menu_order":10,"comment_status":"open","ping_status":"open","template":"","meta":{"footnotes":""},"class_list":["post-316","page","type-page","status-publish","hentry"],"yoast_head":"<!-- This site is optimized with the Yoast SEO plugin v26.9 - https:\/\/yoast.com\/product\/yoast-seo-wordpress\/ -->\n<title>Centro de Alumnos<\/title>\n<meta name=\"description\" content=\"Conoce al destacado equipo de alumnos que conforman el Centro de Alumnos de Medicina UDD.\" \/>\n<meta name=\"robots\" content=\"index, follow, max-snippet:-1, max-image-preview:large, max-video-preview:-1\" \/>\n<link rel=\"canonical\" href=\"https:\/\/medicina.udd.cl\/medicina-santiago\/vida-universitaria\/centro-de-alumnos\/\" \/>\n<meta property=\"og:locale\" content=\"es_ES\" \/>\n<meta property=\"og:type\" content=\"article\" \/>\n<meta property=\"og:title\" content=\"Centro de Alumnos\" \/>\n<meta property=\"og:description\" content=\"Conoce al destacado equipo de alumnos que conforman el Centro de Alumnos de Medicina UDD.\" \/>\n<meta property=\"og:url\" content=\"https:\/\/medicina.udd.cl\/medicina-santiago\/vida-universitaria\/centro-de-alumnos\/\" \/>\n<meta property=\"og:site_name\" content=\"Medicina\" \/>\n<meta property=\"article:modified_time\" content=\"2017-03-21T13:09:36+00:00\" \/>\n<script type=\"application\/ld+json\" class=\"yoast-schema-graph\">{\"@context\":\"https:\/\/schema.org\",\"@graph\":[{\"@type\":\"WebPage\",\"@id\":\"https:\/\/medicina.udd.cl\/medicina-santiago\/vida-universitaria\/centro-de-alumnos\/\",\"url\":\"https:\/\/medicina.udd.cl\/medicina-santiago\/vida-universitaria\/centro-de-alumnos\/\",\"name\":\"Centro de Alumnos\",\"isPartOf\":{\"@id\":\"https:\/\/medicina.udd.cl\/medicina-santiago\/#website\"},\"datePublished\":\"2010-09-14T18:31:43+00:00\",\"dateModified\":\"2017-03-21T13:09:36+00:00\",\"description\":\"Conoce al destacado equipo de alumnos que conforman el Centro de Alumnos de Medicina UDD.\",\"breadcrumb\":{\"@id\":\"https:\/\/medicina.udd.cl\/medicina-santiago\/vida-universitaria\/centro-de-alumnos\/#breadcrumb\"},\"inLanguage\":\"es\",\"potentialAction\":[{\"@type\":\"ReadAction\",\"target\":[\"https:\/\/medicina.udd.cl\/medicina-santiago\/vida-universitaria\/centro-de-alumnos\/\"]}]},{\"@type\":\"BreadcrumbList\",\"@id\":\"https:\/\/medicina.udd.cl\/medicina-santiago\/vida-universitaria\/centro-de-alumnos\/#breadcrumb\",\"itemListElement\":[{\"@type\":\"ListItem\",\"position\":1,\"name\":\"Home\",\"item\":\"https:\/\/medicina.udd.cl\/medicina-santiago\/\"},{\"@type\":\"ListItem\",\"position\":2,\"name\":\"Vida universitaria\",\"item\":\"https:\/\/medicina.udd.cl\/medicina-santiago\/vida-universitaria\/\"},{\"@type\":\"ListItem\",\"position\":3,\"name\":\"Centro de Estudiantes de Medicina\"}]},{\"@type\":\"WebSite\",\"@id\":\"https:\/\/medicina.udd.cl\/medicina-santiago\/#website\",\"url\":\"https:\/\/medicina.udd.cl\/medicina-santiago\/\",\"name\":\"Medicina\",\"description\":\"Facultad de Medicina Cl\u00ednica Alemana Universidad del Desarrollo\",\"inLanguage\":\"es\"}]}<\/script>\n<!-- \/ Yoast SEO plugin. -->","yoast_head_json":{"title":"Centro de Alumnos","description":"Conoce al destacado equipo de alumnos que conforman el Centro de Alumnos de Medicina UDD.","robots":{"index":"index","follow":"follow","max-snippet":"max-snippet:-1","max-image-preview":"max-image-preview:large","max-video-preview":"max-video-preview:-1"},"canonical":"https:\/\/medicina.udd.cl\/medicina-santiago\/vida-universitaria\/centro-de-alumnos\/","og_locale":"es_ES","og_type":"article","og_title":"Centro de Alumnos","og_description":"Conoce al destacado equipo de alumnos que conforman el Centro de Alumnos de Medicina UDD.","og_url":"https:\/\/medicina.udd.cl\/medicina-santiago\/vida-universitaria\/centro-de-alumnos\/","og_site_name":"Medicina","article_modified_time":"2017-03-21T13:09:36+00:00","schema":{"@context":"https:\/\/schema.org","@graph":[{"@type":"WebPage","@id":"https:\/\/medicina.udd.cl\/medicina-santiago\/vida-universitaria\/centro-de-alumnos\/","url":"https:\/\/medicina.udd.cl\/medicina-santiago\/vida-universitaria\/centro-de-alumnos\/","name":"Centro de Alumnos","isPartOf":{"@id":"https:\/\/medicina.udd.cl\/medicina-santiago\/#website"},"datePublished":"2010-09-14T18:31:43+00:00","dateModified":"2017-03-21T13:09:36+00:00","description":"Conoce al destacado equipo de alumnos que conforman el Centro de Alumnos de Medicina UDD.","breadcrumb":{"@id":"https:\/\/medicina.udd.cl\/medicina-santiago\/vida-universitaria\/centro-de-alumnos\/#breadcrumb"},"inLanguage":"es","potentialAction":[{"@type":"ReadAction","target":["https:\/\/medicina.udd.cl\/medicina-santiago\/vida-universitaria\/centro-de-alumnos\/"]}]},{"@type":"BreadcrumbList","@id":"https:\/\/medicina.udd.cl\/medicina-santiago\/vida-universitaria\/centro-de-alumnos\/#breadcrumb","itemListElement":[{"@type":"ListItem","position":1,"name":"Home","item":"https:\/\/medicina.udd.cl\/medicina-santiago\/"},{"@type":"ListItem","position":2,"name":"Vida universitaria","item":"https:\/\/medicina.udd.cl\/medicina-santiago\/vida-universitaria\/"},{"@type":"ListItem","position":3,"name":"Centro de Estudiantes de Medicina"}]},{"@type":"WebSite","@id":"https:\/\/medicina.udd.cl\/medicina-santiago\/#website","url":"https:\/\/medicina.udd.cl\/medicina-santiago\/","name":"Medicina","description":"Facultad de Medicina Cl\u00ednica Alemana Universidad del Desarrollo","inLanguage":"es"}]}},"_links":{"self":[{"href":"https:\/\/medicina.udd.cl\/medicina-santiago\/wp-json\/wp\/v2\/pages\/316","targetHints":{"allow":["GET"]}}],"collection":[{"href":"https:\/\/medicina.udd.cl\/medicina-santiago\/wp-json\/wp\/v2\/pages"}],"about":[{"href":"https:\/\/medicina.udd.cl\/medicina-santiago\/wp-json\/wp\/v2\/types\/page"}],"author":[{"embeddable":true,"href":"https:\/\/medicina.udd.cl\/medicina-santiago\/wp-json\/wp\/v2\/users\/1"}],"replies":[{"embeddable":true,"href":"https:\/\/medicina.udd.cl\/medicina-santiago\/wp-json\/wp\/v2\/comments?post=316"}],"version-history":[{"count":24,"href":"https:\/\/medicina.udd.cl\/medicina-santiago\/wp-json\/wp\/v2\/pages\/316\/revisions"}],"predecessor-version":[{"id":4995,"href":"https:\/\/medicina.udd.cl\/medicina-santiago\/wp-json\/wp\/v2\/pages\/316\/revisions\/4995"}],"up":[{"embeddable":true,"href":"https:\/\/medicina.udd.cl\/medicina-santiago\/wp-json\/wp\/v2\/pages\/7"}],"wp:attachment":[{"href":"https:\/\/medicina.udd.cl\/medicina-santiago\/wp-json\/wp\/v2\/media?parent=316"}],"curies":[{"name":"wp","href":"https:\/\/api.w.org\/{rel}","templated":true}]}}