{"id":3487,"date":"2015-09-04T17:32:43","date_gmt":"2015-09-04T20:32:43","guid":{"rendered":"http:\/\/medicina.udd.cl\/medicina-santiago\/?page_id=3487"},"modified":"2018-06-26T17:20:54","modified_gmt":"2018-06-26T21:20:54","slug":"internado-electivo-hph-cas","status":"publish","type":"page","link":"https:\/\/medicina.udd.cl\/medicina-santiago\/internado-electivo-hph-cas\/","title":{"rendered":"Internado Electivo HPH-CAS"},"content":{"rendered":"<ul>\n<li>\n<h4><a href=\"http:\/\/medicina.udd.cl\/files\/2018\/02\/Ficha-Internado-Electivo-Traumatolog\u00eda.pdf\"><span style=\"font-size: 1.17em\">I.E \u00a0Traumatolog\u00eda HPH<\/span><\/a><\/h4>\n<\/li>\n<li>\n<h4><a href=\"http:\/\/medicina.udd.cl\/files\/2018\/02\/Ficha-Internado-Electivo-Inform\u00e1tica-Biom\u00e9dica.pdf\"><span style=\"font-size: 1.17em\">I.E Inform\u00e1tica Cl\u00ednica<\/span><\/a><\/h4>\n<\/li>\n<li>\n<h4><span style=\"font-size: 1.17em\"><a href=\"http:\/\/medicina.udd.cl\/files\/2018\/02\/Ficha-Internado-Electivo-Cirug\u00eda-Urgencia-1.pdf\">I.E Cirug\u00eda Urgencia HPH<\/a><\/span><\/h4>\n<\/li>\n<li>\n<h4><a href=\"http:\/\/medicina.udd.cl\/files\/2018\/02\/Ficha-Internado-Electivo-Cirug\u00eda-Pedi\u00e1trica-1.pdf\"><span style=\"font-size: 1.17em\">I.E Cirug\u00eda Pedi\u00e1trica<\/span><span style=\"font-size: 1.17em\">\u00a0HPH<\/span><\/a><\/h4>\n<\/li>\n<li>\n<h4><span style=\"font-size: 1.17em\"><a href=\"http:\/\/medicina.udd.cl\/files\/2018\/02\/Ficha-Internado-Electivo-Cirug\u00eda-T\u00f3rax-1.pdf\">I.E Cirug\u00eda de T\u00f3rax HPH<\/a><\/span><\/h4>\n<\/li>\n<li>\n<h4><span style=\"font-size: 1.17em\"><a href=\"http:\/\/medicina.udd.cl\/files\/2018\/02\/Ficha-Internado-Electivo-Dermatolog\u00eda-s\u00ed.pdf\">I.E Cirug\u00eda Dermatolog\u00eda HPH<\/a><\/span><\/h4>\n<\/li>\n<li>\n<h4><span style=\"font-size: 1.17em\"><a href=\"http:\/\/medicina.udd.cl\/files\/2018\/02\/Ficha-Internado-Electivo-Infectolog\u00eda-Pedi\u00e1trica.pdf\">I.E Infectolog\u00eda Pedi\u00e1trica HPH<\/a><\/span><\/h4>\n<\/li>\n<\/ul>\n","protected":false},"excerpt":{"rendered":"<p>I.E \u00a0Traumatolog\u00eda HPH I.E Inform\u00e1tica Cl\u00ednica I.E Cirug\u00eda Urgencia HPH I.E Cirug\u00eda Pedi\u00e1trica\u00a0HPH I.E Cirug\u00eda de T\u00f3rax HPH I.E Cirug\u00eda Dermatolog\u00eda HPH I.E Infectolog\u00eda Pedi\u00e1trica HPH<\/p>\n","protected":false},"author":47,"featured_media":0,"parent":0,"menu_order":0,"comment_status":"open","ping_status":"open","template":"","meta":{"footnotes":""},"class_list":["post-3487","page","type-page","status-publish","hentry"],"yoast_head":"<!-- This site is optimized with the Yoast SEO plugin v26.9 - https:\/\/yoast.com\/product\/yoast-seo-wordpress\/ -->\n<title>Internado Electivo HPH-CAS - Medicina<\/title>\n<meta name=\"robots\" content=\"index, follow, max-snippet:-1, max-image-preview:large, max-video-preview:-1\" \/>\n<link rel=\"canonical\" href=\"https:\/\/medicina.udd.cl\/medicina-santiago\/internado-electivo-hph-cas\/\" \/>\n<meta property=\"og:locale\" content=\"es_ES\" \/>\n<meta property=\"og:type\" content=\"article\" \/>\n<meta property=\"og:title\" content=\"Internado Electivo HPH-CAS - Medicina\" \/>\n<meta property=\"og:description\" content=\"I.E \u00a0Traumatolog\u00eda HPH I.E Inform\u00e1tica Cl\u00ednica I.E Cirug\u00eda Urgencia HPH I.E Cirug\u00eda Pedi\u00e1trica\u00a0HPH I.E Cirug\u00eda de T\u00f3rax HPH I.E Cirug\u00eda Dermatolog\u00eda HPH I.E Infectolog\u00eda Pedi\u00e1trica HPH\" \/>\n<meta property=\"og:url\" content=\"https:\/\/medicina.udd.cl\/medicina-santiago\/internado-electivo-hph-cas\/\" \/>\n<meta property=\"og:site_name\" content=\"Medicina\" \/>\n<meta property=\"article:modified_time\" content=\"2018-06-26T21:20:54+00:00\" \/>\n<script type=\"application\/ld+json\" class=\"yoast-schema-graph\">{\"@context\":\"https:\/\/schema.org\",\"@graph\":[{\"@type\":\"WebPage\",\"@id\":\"https:\/\/medicina.udd.cl\/medicina-santiago\/internado-electivo-hph-cas\/\",\"url\":\"https:\/\/medicina.udd.cl\/medicina-santiago\/internado-electivo-hph-cas\/\",\"name\":\"Internado Electivo HPH-CAS - Medicina\",\"isPartOf\":{\"@id\":\"https:\/\/medicina.udd.cl\/medicina-santiago\/#website\"},\"datePublished\":\"2015-09-04T20:32:43+00:00\",\"dateModified\":\"2018-06-26T21:20:54+00:00\",\"breadcrumb\":{\"@id\":\"https:\/\/medicina.udd.cl\/medicina-santiago\/internado-electivo-hph-cas\/#breadcrumb\"},\"inLanguage\":\"es\",\"potentialAction\":[{\"@type\":\"ReadAction\",\"target\":[\"https:\/\/medicina.udd.cl\/medicina-santiago\/internado-electivo-hph-cas\/\"]}]},{\"@type\":\"BreadcrumbList\",\"@id\":\"https:\/\/medicina.udd.cl\/medicina-santiago\/internado-electivo-hph-cas\/#breadcrumb\",\"itemListElement\":[{\"@type\":\"ListItem\",\"position\":1,\"name\":\"Home\",\"item\":\"https:\/\/medicina.udd.cl\/medicina-santiago\/\"},{\"@type\":\"ListItem\",\"position\":2,\"name\":\"Internado Electivo HPH-CAS\"}]},{\"@type\":\"WebSite\",\"@id\":\"https:\/\/medicina.udd.cl\/medicina-santiago\/#website\",\"url\":\"https:\/\/medicina.udd.cl\/medicina-santiago\/\",\"name\":\"Medicina\",\"description\":\"Facultad de Medicina Cl\u00ednica Alemana Universidad del Desarrollo\",\"inLanguage\":\"es\"}]}<\/script>\n<!-- \/ Yoast SEO plugin. -->","yoast_head_json":{"title":"Internado Electivo HPH-CAS - Medicina","robots":{"index":"index","follow":"follow","max-snippet":"max-snippet:-1","max-image-preview":"max-image-preview:large","max-video-preview":"max-video-preview:-1"},"canonical":"https:\/\/medicina.udd.cl\/medicina-santiago\/internado-electivo-hph-cas\/","og_locale":"es_ES","og_type":"article","og_title":"Internado Electivo HPH-CAS - Medicina","og_description":"I.E \u00a0Traumatolog\u00eda HPH I.E Inform\u00e1tica Cl\u00ednica I.E Cirug\u00eda Urgencia HPH I.E Cirug\u00eda Pedi\u00e1trica\u00a0HPH I.E Cirug\u00eda de T\u00f3rax HPH I.E Cirug\u00eda Dermatolog\u00eda HPH I.E Infectolog\u00eda Pedi\u00e1trica HPH","og_url":"https:\/\/medicina.udd.cl\/medicina-santiago\/internado-electivo-hph-cas\/","og_site_name":"Medicina","article_modified_time":"2018-06-26T21:20:54+00:00","schema":{"@context":"https:\/\/schema.org","@graph":[{"@type":"WebPage","@id":"https:\/\/medicina.udd.cl\/medicina-santiago\/internado-electivo-hph-cas\/","url":"https:\/\/medicina.udd.cl\/medicina-santiago\/internado-electivo-hph-cas\/","name":"Internado Electivo HPH-CAS - Medicina","isPartOf":{"@id":"https:\/\/medicina.udd.cl\/medicina-santiago\/#website"},"datePublished":"2015-09-04T20:32:43+00:00","dateModified":"2018-06-26T21:20:54+00:00","breadcrumb":{"@id":"https:\/\/medicina.udd.cl\/medicina-santiago\/internado-electivo-hph-cas\/#breadcrumb"},"inLanguage":"es","potentialAction":[{"@type":"ReadAction","target":["https:\/\/medicina.udd.cl\/medicina-santiago\/internado-electivo-hph-cas\/"]}]},{"@type":"BreadcrumbList","@id":"https:\/\/medicina.udd.cl\/medicina-santiago\/internado-electivo-hph-cas\/#breadcrumb","itemListElement":[{"@type":"ListItem","position":1,"name":"Home","item":"https:\/\/medicina.udd.cl\/medicina-santiago\/"},{"@type":"ListItem","position":2,"name":"Internado Electivo HPH-CAS"}]},{"@type":"WebSite","@id":"https:\/\/medicina.udd.cl\/medicina-santiago\/#website","url":"https:\/\/medicina.udd.cl\/medicina-santiago\/","name":"Medicina","description":"Facultad de Medicina Cl\u00ednica Alemana Universidad del Desarrollo","inLanguage":"es"}]}},"_links":{"self":[{"href":"https:\/\/medicina.udd.cl\/medicina-santiago\/wp-json\/wp\/v2\/pages\/3487","targetHints":{"allow":["GET"]}}],"collection":[{"href":"https:\/\/medicina.udd.cl\/medicina-santiago\/wp-json\/wp\/v2\/pages"}],"about":[{"href":"https:\/\/medicina.udd.cl\/medicina-santiago\/wp-json\/wp\/v2\/types\/page"}],"author":[{"embeddable":true,"href":"https:\/\/medicina.udd.cl\/medicina-santiago\/wp-json\/wp\/v2\/users\/47"}],"replies":[{"embeddable":true,"href":"https:\/\/medicina.udd.cl\/medicina-santiago\/wp-json\/wp\/v2\/comments?post=3487"}],"version-history":[{"count":9,"href":"https:\/\/medicina.udd.cl\/medicina-santiago\/wp-json\/wp\/v2\/pages\/3487\/revisions"}],"predecessor-version":[{"id":5695,"href":"https:\/\/medicina.udd.cl\/medicina-santiago\/wp-json\/wp\/v2\/pages\/3487\/revisions\/5695"}],"wp:attachment":[{"href":"https:\/\/medicina.udd.cl\/medicina-santiago\/wp-json\/wp\/v2\/media?parent=3487"}],"curies":[{"name":"wp","href":"https:\/\/api.w.org\/{rel}","templated":true}]}}