{"id":9,"date":"2010-03-31T19:35:25","date_gmt":"2010-03-31T23:35:25","guid":{"rendered":"http:\/\/medicina.udd.cl\/medicina\/sobre-la-carrera\/descripcion\/"},"modified":"2015-04-13T10:28:21","modified_gmt":"2015-04-13T13:28:21","slug":"perfil-del-medico","status":"publish","type":"page","link":"https:\/\/medicina.udd.cl\/medicina-santiago\/la-carrera\/perfil-del-medico\/","title":{"rendered":"Perfil del M\u00e9dico Egresado"},"content":{"rendered":"<p style=\"text-align: center;\"><a href=\"http:\/\/medicina.udd.cl\/medicina-santiago\/files\/2010\/03\/Qui\u00e9nes-Somos.-Perfil-del-M\u00e9dico-Egresado.jpg\"><img loading=\"lazy\" decoding=\"async\" class=\"aligncenter size-medium wp-image-3162\" alt=\"Qui\u00e9nes Somos. Perfil del M\u00e9dico Egresado\" src=\"http:\/\/medicina.udd.cl\/medicina-santiago\/files\/2010\/03\/Qui\u00e9nes-Somos.-Perfil-del-M\u00e9dico-Egresado-300x209.jpg\" width=\"300\" height=\"209\" \/><\/a><\/p>\n<ul>\n<li>Tiene habilidades cl\u00ednicas<\/li>\n<li>Tiene actitud innovadora inspirado en su actividad m\u00e9dica<\/li>\n<li>Tiene habilidades comunicacionales m\u00e9dicas<\/li>\n<li>Contribuye a la generaci\u00f3n de conocimientos inspirado en su actividad m\u00e9dica<\/li>\n<li>Utiliza fundamentos cient\u00edficos en la pr\u00e1ctica m\u00e9dica<\/li>\n<li>Demuestra h\u00e1bitos de autoevaluaci\u00f3n y educaci\u00f3n continua<\/li>\n<li>Utiliza un pensamiento cr\u00edtico en la pr\u00e1ctica m\u00e9dica<\/li>\n<li>Se compromete con la Salud de la poblaci\u00f3n<\/li>\n<li>Act\u00faa con profesionalismo en su pr\u00e1ctica m\u00e9dica<\/li>\n<\/ul>\n","protected":false},"excerpt":{"rendered":"<p>Tiene habilidades cl\u00ednicas Tiene actitud innovadora inspirado en su actividad m\u00e9dica Tiene habilidades comunicacionales m\u00e9dicas Contribuye a la generaci\u00f3n de conocimientos inspirado en su actividad m\u00e9dica Utiliza fundamentos cient\u00edficos en la pr\u00e1ctica m\u00e9dica Demuestra h\u00e1bitos de autoevaluaci\u00f3n y educaci\u00f3n continua Utiliza un pensamiento cr\u00edtico en la pr\u00e1ctica m\u00e9dica Se compromete con la Salud de la [&hellip;]<\/p>\n","protected":false},"author":1,"featured_media":0,"parent":3,"menu_order":20,"comment_status":"open","ping_status":"open","template":"","meta":{"footnotes":""},"class_list":["post-9","page","type-page","status-publish","hentry"],"yoast_head":"<!-- This site is optimized with the Yoast SEO plugin v26.9 - https:\/\/yoast.com\/product\/yoast-seo-wordpress\/ -->\n<title>Perfil del Egresado<\/title>\n<meta name=\"description\" content=\"La carrera de medicina UDD ha definido 9 competencias que deben tener sus egresados. Conocelas aqu\u00ed.\" \/>\n<meta name=\"robots\" content=\"index, follow, max-snippet:-1, max-image-preview:large, max-video-preview:-1\" \/>\n<link rel=\"canonical\" href=\"https:\/\/medicina.udd.cl\/medicina-santiago\/la-carrera\/perfil-del-medico\/\" \/>\n<meta property=\"og:locale\" content=\"es_ES\" \/>\n<meta property=\"og:type\" content=\"article\" \/>\n<meta property=\"og:title\" content=\"Perfil del Egresado\" \/>\n<meta property=\"og:description\" content=\"La carrera de medicina UDD ha definido 9 competencias que deben tener sus egresados. Conocelas aqu\u00ed.\" \/>\n<meta property=\"og:url\" content=\"https:\/\/medicina.udd.cl\/medicina-santiago\/la-carrera\/perfil-del-medico\/\" \/>\n<meta property=\"og:site_name\" content=\"Medicina\" \/>\n<meta property=\"article:modified_time\" content=\"2015-04-13T13:28:21+00:00\" \/>\n<script type=\"application\/ld+json\" class=\"yoast-schema-graph\">{\"@context\":\"https:\/\/schema.org\",\"@graph\":[{\"@type\":\"WebPage\",\"@id\":\"https:\/\/medicina.udd.cl\/medicina-santiago\/la-carrera\/perfil-del-medico\/\",\"url\":\"https:\/\/medicina.udd.cl\/medicina-santiago\/la-carrera\/perfil-del-medico\/\",\"name\":\"Perfil del Egresado\",\"isPartOf\":{\"@id\":\"https:\/\/medicina.udd.cl\/medicina-santiago\/#website\"},\"datePublished\":\"2010-03-31T23:35:25+00:00\",\"dateModified\":\"2015-04-13T13:28:21+00:00\",\"description\":\"La carrera de medicina UDD ha definido 9 competencias que deben tener sus egresados. Conocelas aqu\u00ed.\",\"breadcrumb\":{\"@id\":\"https:\/\/medicina.udd.cl\/medicina-santiago\/la-carrera\/perfil-del-medico\/#breadcrumb\"},\"inLanguage\":\"es\",\"potentialAction\":[{\"@type\":\"ReadAction\",\"target\":[\"https:\/\/medicina.udd.cl\/medicina-santiago\/la-carrera\/perfil-del-medico\/\"]}]},{\"@type\":\"BreadcrumbList\",\"@id\":\"https:\/\/medicina.udd.cl\/medicina-santiago\/la-carrera\/perfil-del-medico\/#breadcrumb\",\"itemListElement\":[{\"@type\":\"ListItem\",\"position\":1,\"name\":\"Home\",\"item\":\"https:\/\/medicina.udd.cl\/medicina-santiago\/\"},{\"@type\":\"ListItem\",\"position\":2,\"name\":\"MEDICINE\",\"item\":\"https:\/\/medicina.udd.cl\/medicina-santiago\/la-carrera\/\"},{\"@type\":\"ListItem\",\"position\":3,\"name\":\"Perfil del M\u00e9dico Egresado\"}]},{\"@type\":\"WebSite\",\"@id\":\"https:\/\/medicina.udd.cl\/medicina-santiago\/#website\",\"url\":\"https:\/\/medicina.udd.cl\/medicina-santiago\/\",\"name\":\"Medicina\",\"description\":\"Facultad de Medicina Cl\u00ednica Alemana Universidad del Desarrollo\",\"inLanguage\":\"es\"}]}<\/script>\n<!-- \/ Yoast SEO plugin. -->","yoast_head_json":{"title":"Perfil del Egresado","description":"La carrera de medicina UDD ha definido 9 competencias que deben tener sus egresados. Conocelas aqu\u00ed.","robots":{"index":"index","follow":"follow","max-snippet":"max-snippet:-1","max-image-preview":"max-image-preview:large","max-video-preview":"max-video-preview:-1"},"canonical":"https:\/\/medicina.udd.cl\/medicina-santiago\/la-carrera\/perfil-del-medico\/","og_locale":"es_ES","og_type":"article","og_title":"Perfil del Egresado","og_description":"La carrera de medicina UDD ha definido 9 competencias que deben tener sus egresados. Conocelas aqu\u00ed.","og_url":"https:\/\/medicina.udd.cl\/medicina-santiago\/la-carrera\/perfil-del-medico\/","og_site_name":"Medicina","article_modified_time":"2015-04-13T13:28:21+00:00","schema":{"@context":"https:\/\/schema.org","@graph":[{"@type":"WebPage","@id":"https:\/\/medicina.udd.cl\/medicina-santiago\/la-carrera\/perfil-del-medico\/","url":"https:\/\/medicina.udd.cl\/medicina-santiago\/la-carrera\/perfil-del-medico\/","name":"Perfil del Egresado","isPartOf":{"@id":"https:\/\/medicina.udd.cl\/medicina-santiago\/#website"},"datePublished":"2010-03-31T23:35:25+00:00","dateModified":"2015-04-13T13:28:21+00:00","description":"La carrera de medicina UDD ha definido 9 competencias que deben tener sus egresados. Conocelas aqu\u00ed.","breadcrumb":{"@id":"https:\/\/medicina.udd.cl\/medicina-santiago\/la-carrera\/perfil-del-medico\/#breadcrumb"},"inLanguage":"es","potentialAction":[{"@type":"ReadAction","target":["https:\/\/medicina.udd.cl\/medicina-santiago\/la-carrera\/perfil-del-medico\/"]}]},{"@type":"BreadcrumbList","@id":"https:\/\/medicina.udd.cl\/medicina-santiago\/la-carrera\/perfil-del-medico\/#breadcrumb","itemListElement":[{"@type":"ListItem","position":1,"name":"Home","item":"https:\/\/medicina.udd.cl\/medicina-santiago\/"},{"@type":"ListItem","position":2,"name":"MEDICINE","item":"https:\/\/medicina.udd.cl\/medicina-santiago\/la-carrera\/"},{"@type":"ListItem","position":3,"name":"Perfil del M\u00e9dico Egresado"}]},{"@type":"WebSite","@id":"https:\/\/medicina.udd.cl\/medicina-santiago\/#website","url":"https:\/\/medicina.udd.cl\/medicina-santiago\/","name":"Medicina","description":"Facultad de Medicina Cl\u00ednica Alemana Universidad del Desarrollo","inLanguage":"es"}]}},"_links":{"self":[{"href":"https:\/\/medicina.udd.cl\/medicina-santiago\/wp-json\/wp\/v2\/pages\/9","targetHints":{"allow":["GET"]}}],"collection":[{"href":"https:\/\/medicina.udd.cl\/medicina-santiago\/wp-json\/wp\/v2\/pages"}],"about":[{"href":"https:\/\/medicina.udd.cl\/medicina-santiago\/wp-json\/wp\/v2\/types\/page"}],"author":[{"embeddable":true,"href":"https:\/\/medicina.udd.cl\/medicina-santiago\/wp-json\/wp\/v2\/users\/1"}],"replies":[{"embeddable":true,"href":"https:\/\/medicina.udd.cl\/medicina-santiago\/wp-json\/wp\/v2\/comments?post=9"}],"version-history":[{"count":27,"href":"https:\/\/medicina.udd.cl\/medicina-santiago\/wp-json\/wp\/v2\/pages\/9\/revisions"}],"predecessor-version":[{"id":3165,"href":"https:\/\/medicina.udd.cl\/medicina-santiago\/wp-json\/wp\/v2\/pages\/9\/revisions\/3165"}],"up":[{"embeddable":true,"href":"https:\/\/medicina.udd.cl\/medicina-santiago\/wp-json\/wp\/v2\/pages\/3"}],"wp:attachment":[{"href":"https:\/\/medicina.udd.cl\/medicina-santiago\/wp-json\/wp\/v2\/media?parent=9"}],"curies":[{"name":"wp","href":"https:\/\/api.w.org\/{rel}","templated":true}]}}