{"id":2870,"date":"2014-12-11T12:07:21","date_gmt":"2014-12-11T15:07:21","guid":{"rendered":"http:\/\/medicina.udd.cl\/medicina-santiago\/?post_type=person&#038;p=2870"},"modified":"2020-11-27T23:19:54","modified_gmt":"2020-11-28T02:19:54","slug":"marcelo-blacutt","status":"publish","type":"person","link":"https:\/\/medicina.udd.cl\/medicina-santiago\/persona\/marcelo-blacutt\/","title":{"rendered":"Marcelo Blacutt"},"featured_media":6716,"template":"","people_tax":[4037,4035],"people_areas":[],"people_levels":[],"class_list":["post-2870","person","type-person","status-publish","has-post-thumbnail","hentry","people_tax-equipo","people_tax-profesor","people_list-docentes"],"yoast_head":"<!-- This site is optimized with the Yoast SEO plugin v26.9 - https:\/\/yoast.com\/product\/yoast-seo-wordpress\/ -->\n<title>Marcelo Blacutt - Medicina<\/title>\n<meta name=\"robots\" content=\"index, follow, max-snippet:-1, max-image-preview:large, max-video-preview:-1\" \/>\n<link rel=\"canonical\" href=\"https:\/\/medicina.udd.cl\/medicina-santiago\/persona\/marcelo-blacutt\/\" \/>\n<meta property=\"og:locale\" content=\"es_ES\" \/>\n<meta property=\"og:type\" content=\"article\" \/>\n<meta property=\"og:title\" content=\"Marcelo Blacutt - Medicina\" \/>\n<meta property=\"og:url\" content=\"https:\/\/medicina.udd.cl\/medicina-santiago\/persona\/marcelo-blacutt\/\" \/>\n<meta property=\"og:site_name\" content=\"Medicina\" \/>\n<meta property=\"article:modified_time\" content=\"2020-11-28T02:19:54+00:00\" \/>\n<meta property=\"og:image\" content=\"https:\/\/medicina.udd.cl\/medicina-santiago\/files\/2014\/12\/41.-M-Blacutt.byn_.jpg\" \/>\n\t<meta property=\"og:image:width\" content=\"2096\" \/>\n\t<meta property=\"og:image:height\" content=\"2792\" \/>\n\t<meta property=\"og:image:type\" content=\"image\/jpeg\" \/>\n<script type=\"application\/ld+json\" class=\"yoast-schema-graph\">{\"@context\":\"https:\/\/schema.org\",\"@graph\":[{\"@type\":\"WebPage\",\"@id\":\"https:\/\/medicina.udd.cl\/medicina-santiago\/persona\/marcelo-blacutt\/\",\"url\":\"https:\/\/medicina.udd.cl\/medicina-santiago\/persona\/marcelo-blacutt\/\",\"name\":\"Marcelo Blacutt - Medicina\",\"isPartOf\":{\"@id\":\"https:\/\/medicina.udd.cl\/medicina-santiago\/#website\"},\"primaryImageOfPage\":{\"@id\":\"https:\/\/medicina.udd.cl\/medicina-santiago\/persona\/marcelo-blacutt\/#primaryimage\"},\"image\":{\"@id\":\"https:\/\/medicina.udd.cl\/medicina-santiago\/persona\/marcelo-blacutt\/#primaryimage\"},\"thumbnailUrl\":\"https:\/\/medicina.udd.cl\/medicina-santiago\/files\/2014\/12\/41.-M-Blacutt.byn_.jpg\",\"datePublished\":\"2014-12-11T15:07:21+00:00\",\"dateModified\":\"2020-11-28T02:19:54+00:00\",\"breadcrumb\":{\"@id\":\"https:\/\/medicina.udd.cl\/medicina-santiago\/persona\/marcelo-blacutt\/#breadcrumb\"},\"inLanguage\":\"es\",\"potentialAction\":[{\"@type\":\"ReadAction\",\"target\":[\"https:\/\/medicina.udd.cl\/medicina-santiago\/persona\/marcelo-blacutt\/\"]}]},{\"@type\":\"ImageObject\",\"inLanguage\":\"es\",\"@id\":\"https:\/\/medicina.udd.cl\/medicina-santiago\/persona\/marcelo-blacutt\/#primaryimage\",\"url\":\"https:\/\/medicina.udd.cl\/medicina-santiago\/files\/2014\/12\/41.-M-Blacutt.byn_.jpg\",\"contentUrl\":\"https:\/\/medicina.udd.cl\/medicina-santiago\/files\/2014\/12\/41.-M-Blacutt.byn_.jpg\",\"width\":2096,\"height\":2792},{\"@type\":\"BreadcrumbList\",\"@id\":\"https:\/\/medicina.udd.cl\/medicina-santiago\/persona\/marcelo-blacutt\/#breadcrumb\",\"itemListElement\":[{\"@type\":\"ListItem\",\"position\":1,\"name\":\"Home\",\"item\":\"https:\/\/medicina.udd.cl\/medicina-santiago\/\"},{\"@type\":\"ListItem\",\"position\":2,\"name\":\"Personas\",\"item\":\"https:\/\/medicina.udd.cl\/medicina-santiago\/persona\/\"},{\"@type\":\"ListItem\",\"position\":3,\"name\":\"Marcelo Blacutt\"}]},{\"@type\":\"WebSite\",\"@id\":\"https:\/\/medicina.udd.cl\/medicina-santiago\/#website\",\"url\":\"https:\/\/medicina.udd.cl\/medicina-santiago\/\",\"name\":\"Medicina\",\"description\":\"Facultad de Medicina Cl\u00ednica Alemana Universidad del Desarrollo\",\"inLanguage\":\"es\"}]}<\/script>\n<!-- \/ Yoast SEO plugin. -->","yoast_head_json":{"title":"Marcelo Blacutt - Medicina","robots":{"index":"index","follow":"follow","max-snippet":"max-snippet:-1","max-image-preview":"max-image-preview:large","max-video-preview":"max-video-preview:-1"},"canonical":"https:\/\/medicina.udd.cl\/medicina-santiago\/persona\/marcelo-blacutt\/","og_locale":"es_ES","og_type":"article","og_title":"Marcelo Blacutt - Medicina","og_url":"https:\/\/medicina.udd.cl\/medicina-santiago\/persona\/marcelo-blacutt\/","og_site_name":"Medicina","article_modified_time":"2020-11-28T02:19:54+00:00","og_image":[{"width":2096,"height":2792,"url":"https:\/\/medicina.udd.cl\/medicina-santiago\/files\/2014\/12\/41.-M-Blacutt.byn_.jpg","type":"image\/jpeg"}],"schema":{"@context":"https:\/\/schema.org","@graph":[{"@type":"WebPage","@id":"https:\/\/medicina.udd.cl\/medicina-santiago\/persona\/marcelo-blacutt\/","url":"https:\/\/medicina.udd.cl\/medicina-santiago\/persona\/marcelo-blacutt\/","name":"Marcelo Blacutt - Medicina","isPartOf":{"@id":"https:\/\/medicina.udd.cl\/medicina-santiago\/#website"},"primaryImageOfPage":{"@id":"https:\/\/medicina.udd.cl\/medicina-santiago\/persona\/marcelo-blacutt\/#primaryimage"},"image":{"@id":"https:\/\/medicina.udd.cl\/medicina-santiago\/persona\/marcelo-blacutt\/#primaryimage"},"thumbnailUrl":"https:\/\/medicina.udd.cl\/medicina-santiago\/files\/2014\/12\/41.-M-Blacutt.byn_.jpg","datePublished":"2014-12-11T15:07:21+00:00","dateModified":"2020-11-28T02:19:54+00:00","breadcrumb":{"@id":"https:\/\/medicina.udd.cl\/medicina-santiago\/persona\/marcelo-blacutt\/#breadcrumb"},"inLanguage":"es","potentialAction":[{"@type":"ReadAction","target":["https:\/\/medicina.udd.cl\/medicina-santiago\/persona\/marcelo-blacutt\/"]}]},{"@type":"ImageObject","inLanguage":"es","@id":"https:\/\/medicina.udd.cl\/medicina-santiago\/persona\/marcelo-blacutt\/#primaryimage","url":"https:\/\/medicina.udd.cl\/medicina-santiago\/files\/2014\/12\/41.-M-Blacutt.byn_.jpg","contentUrl":"https:\/\/medicina.udd.cl\/medicina-santiago\/files\/2014\/12\/41.-M-Blacutt.byn_.jpg","width":2096,"height":2792},{"@type":"BreadcrumbList","@id":"https:\/\/medicina.udd.cl\/medicina-santiago\/persona\/marcelo-blacutt\/#breadcrumb","itemListElement":[{"@type":"ListItem","position":1,"name":"Home","item":"https:\/\/medicina.udd.cl\/medicina-santiago\/"},{"@type":"ListItem","position":2,"name":"Personas","item":"https:\/\/medicina.udd.cl\/medicina-santiago\/persona\/"},{"@type":"ListItem","position":3,"name":"Marcelo Blacutt"}]},{"@type":"WebSite","@id":"https:\/\/medicina.udd.cl\/medicina-santiago\/#website","url":"https:\/\/medicina.udd.cl\/medicina-santiago\/","name":"Medicina","description":"Facultad de Medicina Cl\u00ednica Alemana Universidad del Desarrollo","inLanguage":"es"}]}},"label":"Marcelo Blacutt","role":"Profesor a cargo Integrado Cl\u00ednicas M\u00e9dico Quir\u00fargico I","thumbnail_url":"https:\/\/medicina.udd.cl\/medicina-santiago\/files\/2014\/12\/41.-M-Blacutt.byn_-500x500.jpg","email":"mblacutt@udd.cl","tel_job":"","content":{"rendered":"<div class=\"person-modal person-modal--scl\">\n\t<header class=\"person-modal__header\">\n\t\t<div class=\"person-modal__bg\"><\/div>\n\t\t<div class=\"modal-container\">\n\t\t\t\t\t\t<div class=\"person-modal__media\">\n\t\t\t\t<img width=\"500\" height=\"500\" src=\"https:\/\/medicina.udd.cl\/medicina-santiago\/files\/2014\/12\/41.-M-Blacutt.byn_-500x500.jpg\" class=\"person-modal__image wp-post-image\" alt=\"\" decoding=\"async\" loading=\"lazy\" srcset=\"https:\/\/medicina.udd.cl\/medicina-santiago\/files\/2014\/12\/41.-M-Blacutt.byn_-500x500.jpg 500w, https:\/\/medicina.udd.cl\/medicina-santiago\/files\/2014\/12\/41.-M-Blacutt.byn_-150x150.jpg 150w, https:\/\/medicina.udd.cl\/medicina-santiago\/files\/2014\/12\/41.-M-Blacutt.byn_-62x62.jpg 62w, https:\/\/medicina.udd.cl\/medicina-santiago\/files\/2014\/12\/41.-M-Blacutt.byn_-750x750.jpg 750w, https:\/\/medicina.udd.cl\/medicina-santiago\/files\/2014\/12\/41.-M-Blacutt.byn_-250x250.jpg 250w, https:\/\/medicina.udd.cl\/medicina-santiago\/files\/2014\/12\/41.-M-Blacutt.byn_-126x126.jpg 126w\" sizes=\"auto, (max-width: 500px) 100vw, 500px\" \/>\t\t\t<\/div>\n\t\t\t\t\t\t<div class=\"person-modal__data\">\n\t\t\t\t<h1 class=\"person-modal__name\">Marcelo Blacutt<\/h1>\n\t\t\t\t\t\t\t<span class=\"person-modal__description\">Profesor a cargo Integrado Cl\u00ednicas M\u00e9dico Quir\u00fargico I<\/span>\n\t\t\t\t\t\t\t\t\t\t\t\t\t<a href=\"mailto:mbla&#099;u&#116;t&#064;u&#100;&#100;&#046;&#099;l\" class=\"person-modal__email\">m&#98;l&#97;c&#117;tt&#64;u&#100;&#100;.c&#108;<\/a>\n\t\t\t\t\t\t\t\t\t<\/div>\n\t\t<\/div>\n\t<\/header>\n\t<div class=\"modal-container\">\n\t\t\t<div class=\"person-modal__content text\">\n\t\t\t\t\t\t\t\t\t\t<ul>\n<li>M\u00e9dico Cirujano, Universidad San Francisco Xavier, Bolivia<\/li>\n<li>Especialista en Medicina Interna, PUC<\/li>\n<li>Subespecialista Bronco Pulmonar Adultos, PUC<\/li>\n<li>M\u00e9dico geriatra de Cl\u00ednica Alemana<\/li>\n<\/ul>\n\t\t<\/div>\n\t<\/div>\n<\/div>\n"},"identifier":"8b93ca1c0150d3d52f4505e5db6a04593069cd2d","has_credential":[],"given_name":"Marcelo","family_name":"Blacutt","name":"Marcelo Blacutt","job_title":"Profesor a cargo Integrado Cl\u00ednicas M\u00e9dico Quir\u00fargico I","telephone":"","note":"","im":"","_self_schedule":null,"_links":{"self":[{"href":"https:\/\/medicina.udd.cl\/medicina-santiago\/wp-json\/wp\/v2\/people\/2870","targetHints":{"allow":["GET"]}}],"collection":[{"href":"https:\/\/medicina.udd.cl\/medicina-santiago\/wp-json\/wp\/v2\/people"}],"about":[{"href":"https:\/\/medicina.udd.cl\/medicina-santiago\/wp-json\/wp\/v2\/types\/person"}],"wp:featuredmedia":[{"embeddable":true,"href":"https:\/\/medicina.udd.cl\/medicina-santiago\/wp-json\/wp\/v2\/media\/6716"}],"wp:attachment":[{"href":"https:\/\/medicina.udd.cl\/medicina-santiago\/wp-json\/wp\/v2\/media?parent=2870"}],"wp:term":[{"taxonomy":"people_tax","embeddable":true,"href":"https:\/\/medicina.udd.cl\/medicina-santiago\/wp-json\/wp\/v2\/people_tax?post=2870"},{"taxonomy":"people_areas","embeddable":true,"href":"https:\/\/medicina.udd.cl\/medicina-santiago\/wp-json\/wp\/v2\/people_areas?post=2870"},{"taxonomy":"people_levels","embeddable":true,"href":"https:\/\/medicina.udd.cl\/medicina-santiago\/wp-json\/wp\/v2\/people_levels?post=2870"}],"curies":[{"name":"wp","href":"https:\/\/api.w.org\/{rel}","templated":true}]}}

<!-- This site is optimized with the Yoast SEO plugin v26.9 - https://yoast.com/product/yoast-seo-wordpress/ -->
<title>Marcelo Blacutt - Medicina</title>
<meta name="robots" content="index, follow, max-snippet:-1, max-image-preview:large, max-video-preview:-1" />
<link rel="canonical" href="https://medicina.udd.cl/medicina-santiago/persona/marcelo-blacutt/" />
<meta property="og:locale" content="es_ES" />
<meta property="og:type" content="article" />
<meta property="og:title" content="Marcelo Blacutt - Medicina" />
<meta property="og:url" content="https://medicina.udd.cl/medicina-santiago/persona/marcelo-blacutt/" />
<meta property="og:site_name" content="Medicina" />
<meta property="article:modified_time" content="2020-11-28T02:19:54+00:00" />
<meta property="og:image" content="https://medicina.udd.cl/medicina-santiago/files/2014/12/41.-M-Blacutt.byn_.jpg" />
	<meta property="og:image:width" content="2096" />
	<meta property="og:image:height" content="2792" />
	<meta property="og:image:type" content="image/jpeg" />
<script type="application/ld+json" class="yoast-schema-graph">{"@context":"https://schema.org","@graph":[{"@type":"WebPage","@id":"https://medicina.udd.cl/medicina-santiago/persona/marcelo-blacutt/","url":"https://medicina.udd.cl/medicina-santiago/persona/marcelo-blacutt/","name":"Marcelo Blacutt - Medicina","isPartOf":{"@id":"https://medicina.udd.cl/medicina-santiago/#website"},"primaryImageOfPage":{"@id":"https://medicina.udd.cl/medicina-santiago/persona/marcelo-blacutt/#primaryimage"},"image":{"@id":"https://medicina.udd.cl/medicina-santiago/persona/marcelo-blacutt/#primaryimage"},"thumbnailUrl":"https://medicina.udd.cl/medicina-santiago/files/2014/12/41.-M-Blacutt.byn_.jpg","datePublished":"2014-12-11T15:07:21+00:00","dateModified":"2020-11-28T02:19:54+00:00","breadcrumb":{"@id":"https://medicina.udd.cl/medicina-santiago/persona/marcelo-blacutt/#breadcrumb"},"inLanguage":"es","potentialAction":[{"@type":"ReadAction","target":["https://medicina.udd.cl/medicina-santiago/persona/marcelo-blacutt/"]}]},{"@type":"ImageObject","inLanguage":"es","@id":"https://medicina.udd.cl/medicina-santiago/persona/marcelo-blacutt/#primaryimage","url":"https://medicina.udd.cl/medicina-santiago/files/2014/12/41.-M-Blacutt.byn_.jpg","contentUrl":"https://medicina.udd.cl/medicina-santiago/files/2014/12/41.-M-Blacutt.byn_.jpg","width":2096,"height":2792},{"@type":"BreadcrumbList","@id":"https://medicina.udd.cl/medicina-santiago/persona/marcelo-blacutt/#breadcrumb","itemListElement":[{"@type":"ListItem","position":1,"name":"Home","item":"https://medicina.udd.cl/medicina-santiago/"},{"@type":"ListItem","position":2,"name":"Personas","item":"https://medicina.udd.cl/medicina-santiago/persona/"},{"@type":"ListItem","position":3,"name":"Marcelo Blacutt"}]},{"@type":"WebSite","@id":"https://medicina.udd.cl/medicina-santiago/#website","url":"https://medicina.udd.cl/medicina-santiago/","name":"Medicina","description":"Facultad de Medicina Clínica Alemana Universidad del Desarrollo","inLanguage":"es"}]}</script>
<!-- / Yoast SEO plugin. -->

Facultad de Medicina Clínica Alemana Universidad del Desarrollo

Profesor a cargo Integrado Clínicas Médico Quirúrgico I

<div class="person-modal person-modal--scl">
	<header class="person-modal__header">
		<div class="person-modal__bg"></div>
		<div class="modal-container">
						<div class="person-modal__media">
				<img width="500" height="500" src="https://medicina.udd.cl/medicina-santiago/files/2014/12/41.-M-Blacutt.byn_-500x500.jpg" class="person-modal__image wp-post-image" alt="" decoding="async" loading="lazy" srcset="https://medicina.udd.cl/medicina-santiago/files/2014/12/41.-M-Blacutt.byn_-500x500.jpg 500w, https://medicina.udd.cl/medicina-santiago/files/2014/12/41.-M-Blacutt.byn_-150x150.jpg 150w, https://medicina.udd.cl/medicina-santiago/files/2014/12/41.-M-Blacutt.byn_-62x62.jpg 62w, https://medicina.udd.cl/medicina-santiago/files/2014/12/41.-M-Blacutt.byn_-750x750.jpg 750w, https://medicina.udd.cl/medicina-santiago/files/2014/12/41.-M-Blacutt.byn_-250x250.jpg 250w, https://medicina.udd.cl/medicina-santiago/files/2014/12/41.-M-Blacutt.byn_-126x126.jpg 126w" sizes="auto, (max-width: 500px) 100vw, 500px" />			</div>
						<div class="person-modal__data">
				<h1 class="person-modal__name">Marcelo Blacutt</h1>
							<span class="person-modal__description">Profesor a cargo Integrado Clínicas Médico Quirúrgico I</span>
													<a href="mailto:mbla&#099;u&#116;t&#064;u&#100;&#100;&#046;&#099;l" class="person-modal__email">m&#98;l&#97;c&#117;tt&#64;u&#100;&#100;.c&#108;</a>
									</div>
		</div>
	</header>
	<div class="modal-container">
			<div class="person-modal__content text">
										<ul>
<li>Médico Cirujano, Universidad San Francisco Xavier, Bolivia</li>
<li>Especialista en Medicina Interna, PUC</li>
<li>Subespecialista Bronco Pulmonar Adultos, PUC</li>
<li>Médico geriatra de Clínica Alemana</li>
</ul>
		</div>
	</div>
</div>
