{"id":2872,"date":"2014-12-11T12:09:07","date_gmt":"2014-12-11T15:09:07","guid":{"rendered":"http:\/\/medicina.udd.cl\/medicina-santiago\/?post_type=person&#038;p=2872"},"modified":"2020-11-27T23:00:05","modified_gmt":"2020-11-28T02:00:05","slug":"fernando-troncoso","status":"publish","type":"person","link":"https:\/\/medicina.udd.cl\/medicina-santiago\/persona\/fernando-troncoso\/","title":{"rendered":"Fernando Troncoso"},"featured_media":6696,"template":"","people_tax":[4037,4035],"people_areas":[],"people_levels":[],"class_list":["post-2872","person","type-person","status-publish","has-post-thumbnail","hentry","people_tax-equipo","people_tax-profesor","people_list-docentes"],"yoast_head":"<!-- This site is optimized with the Yoast SEO plugin v26.9 - https:\/\/yoast.com\/product\/yoast-seo-wordpress\/ -->\n<title>Fernando Troncoso - Medicina<\/title>\n<meta name=\"robots\" content=\"index, follow, max-snippet:-1, max-image-preview:large, max-video-preview:-1\" \/>\n<link rel=\"canonical\" href=\"https:\/\/medicina.udd.cl\/medicina-santiago\/persona\/fernando-troncoso\/\" \/>\n<meta property=\"og:locale\" content=\"es_ES\" \/>\n<meta property=\"og:type\" content=\"article\" \/>\n<meta property=\"og:title\" content=\"Fernando Troncoso - Medicina\" \/>\n<meta property=\"og:url\" content=\"https:\/\/medicina.udd.cl\/medicina-santiago\/persona\/fernando-troncoso\/\" \/>\n<meta property=\"og:site_name\" content=\"Medicina\" \/>\n<meta property=\"article:modified_time\" content=\"2020-11-28T02:00:05+00:00\" \/>\n<meta property=\"og:image\" content=\"https:\/\/medicina.udd.cl\/medicina-santiago\/files\/2014\/12\/Fernando-Trncoso.byn_.jpg\" \/>\n\t<meta property=\"og:image:width\" content=\"2804\" \/>\n\t<meta property=\"og:image:height\" content=\"2003\" \/>\n\t<meta property=\"og:image:type\" content=\"image\/jpeg\" \/>\n<script type=\"application\/ld+json\" class=\"yoast-schema-graph\">{\"@context\":\"https:\/\/schema.org\",\"@graph\":[{\"@type\":\"WebPage\",\"@id\":\"https:\/\/medicina.udd.cl\/medicina-santiago\/persona\/fernando-troncoso\/\",\"url\":\"https:\/\/medicina.udd.cl\/medicina-santiago\/persona\/fernando-troncoso\/\",\"name\":\"Fernando Troncoso - Medicina\",\"isPartOf\":{\"@id\":\"https:\/\/medicina.udd.cl\/medicina-santiago\/#website\"},\"primaryImageOfPage\":{\"@id\":\"https:\/\/medicina.udd.cl\/medicina-santiago\/persona\/fernando-troncoso\/#primaryimage\"},\"image\":{\"@id\":\"https:\/\/medicina.udd.cl\/medicina-santiago\/persona\/fernando-troncoso\/#primaryimage\"},\"thumbnailUrl\":\"https:\/\/medicina.udd.cl\/medicina-santiago\/files\/2014\/12\/Fernando-Trncoso.byn_.jpg\",\"datePublished\":\"2014-12-11T15:09:07+00:00\",\"dateModified\":\"2020-11-28T02:00:05+00:00\",\"breadcrumb\":{\"@id\":\"https:\/\/medicina.udd.cl\/medicina-santiago\/persona\/fernando-troncoso\/#breadcrumb\"},\"inLanguage\":\"es\",\"potentialAction\":[{\"@type\":\"ReadAction\",\"target\":[\"https:\/\/medicina.udd.cl\/medicina-santiago\/persona\/fernando-troncoso\/\"]}]},{\"@type\":\"ImageObject\",\"inLanguage\":\"es\",\"@id\":\"https:\/\/medicina.udd.cl\/medicina-santiago\/persona\/fernando-troncoso\/#primaryimage\",\"url\":\"https:\/\/medicina.udd.cl\/medicina-santiago\/files\/2014\/12\/Fernando-Trncoso.byn_.jpg\",\"contentUrl\":\"https:\/\/medicina.udd.cl\/medicina-santiago\/files\/2014\/12\/Fernando-Trncoso.byn_.jpg\",\"width\":2804,\"height\":2003},{\"@type\":\"BreadcrumbList\",\"@id\":\"https:\/\/medicina.udd.cl\/medicina-santiago\/persona\/fernando-troncoso\/#breadcrumb\",\"itemListElement\":[{\"@type\":\"ListItem\",\"position\":1,\"name\":\"Home\",\"item\":\"https:\/\/medicina.udd.cl\/medicina-santiago\/\"},{\"@type\":\"ListItem\",\"position\":2,\"name\":\"Personas\",\"item\":\"https:\/\/medicina.udd.cl\/medicina-santiago\/persona\/\"},{\"@type\":\"ListItem\",\"position\":3,\"name\":\"Fernando Troncoso\"}]},{\"@type\":\"WebSite\",\"@id\":\"https:\/\/medicina.udd.cl\/medicina-santiago\/#website\",\"url\":\"https:\/\/medicina.udd.cl\/medicina-santiago\/\",\"name\":\"Medicina\",\"description\":\"Facultad de Medicina Cl\u00ednica Alemana Universidad del Desarrollo\",\"inLanguage\":\"es\"}]}<\/script>\n<!-- \/ Yoast SEO plugin. -->","yoast_head_json":{"title":"Fernando Troncoso - Medicina","robots":{"index":"index","follow":"follow","max-snippet":"max-snippet:-1","max-image-preview":"max-image-preview:large","max-video-preview":"max-video-preview:-1"},"canonical":"https:\/\/medicina.udd.cl\/medicina-santiago\/persona\/fernando-troncoso\/","og_locale":"es_ES","og_type":"article","og_title":"Fernando Troncoso - Medicina","og_url":"https:\/\/medicina.udd.cl\/medicina-santiago\/persona\/fernando-troncoso\/","og_site_name":"Medicina","article_modified_time":"2020-11-28T02:00:05+00:00","og_image":[{"width":2804,"height":2003,"url":"https:\/\/medicina.udd.cl\/medicina-santiago\/files\/2014\/12\/Fernando-Trncoso.byn_.jpg","type":"image\/jpeg"}],"schema":{"@context":"https:\/\/schema.org","@graph":[{"@type":"WebPage","@id":"https:\/\/medicina.udd.cl\/medicina-santiago\/persona\/fernando-troncoso\/","url":"https:\/\/medicina.udd.cl\/medicina-santiago\/persona\/fernando-troncoso\/","name":"Fernando Troncoso - Medicina","isPartOf":{"@id":"https:\/\/medicina.udd.cl\/medicina-santiago\/#website"},"primaryImageOfPage":{"@id":"https:\/\/medicina.udd.cl\/medicina-santiago\/persona\/fernando-troncoso\/#primaryimage"},"image":{"@id":"https:\/\/medicina.udd.cl\/medicina-santiago\/persona\/fernando-troncoso\/#primaryimage"},"thumbnailUrl":"https:\/\/medicina.udd.cl\/medicina-santiago\/files\/2014\/12\/Fernando-Trncoso.byn_.jpg","datePublished":"2014-12-11T15:09:07+00:00","dateModified":"2020-11-28T02:00:05+00:00","breadcrumb":{"@id":"https:\/\/medicina.udd.cl\/medicina-santiago\/persona\/fernando-troncoso\/#breadcrumb"},"inLanguage":"es","potentialAction":[{"@type":"ReadAction","target":["https:\/\/medicina.udd.cl\/medicina-santiago\/persona\/fernando-troncoso\/"]}]},{"@type":"ImageObject","inLanguage":"es","@id":"https:\/\/medicina.udd.cl\/medicina-santiago\/persona\/fernando-troncoso\/#primaryimage","url":"https:\/\/medicina.udd.cl\/medicina-santiago\/files\/2014\/12\/Fernando-Trncoso.byn_.jpg","contentUrl":"https:\/\/medicina.udd.cl\/medicina-santiago\/files\/2014\/12\/Fernando-Trncoso.byn_.jpg","width":2804,"height":2003},{"@type":"BreadcrumbList","@id":"https:\/\/medicina.udd.cl\/medicina-santiago\/persona\/fernando-troncoso\/#breadcrumb","itemListElement":[{"@type":"ListItem","position":1,"name":"Home","item":"https:\/\/medicina.udd.cl\/medicina-santiago\/"},{"@type":"ListItem","position":2,"name":"Personas","item":"https:\/\/medicina.udd.cl\/medicina-santiago\/persona\/"},{"@type":"ListItem","position":3,"name":"Fernando Troncoso"}]},{"@type":"WebSite","@id":"https:\/\/medicina.udd.cl\/medicina-santiago\/#website","url":"https:\/\/medicina.udd.cl\/medicina-santiago\/","name":"Medicina","description":"Facultad de Medicina Cl\u00ednica Alemana Universidad del Desarrollo","inLanguage":"es"}]}},"label":"Fernando Troncoso","role":"Director docente de Ginecolog\u00eda y Obstetricia","thumbnail_url":"https:\/\/medicina.udd.cl\/medicina-santiago\/files\/2014\/12\/Fernando-Trncoso.byn_-500x500.jpg","email":"","tel_job":"","content":{"rendered":"<div class=\"person-modal person-modal--scl\">\n\t<header class=\"person-modal__header\">\n\t\t<div class=\"person-modal__bg\"><\/div>\n\t\t<div class=\"modal-container\">\n\t\t\t\t\t\t<div class=\"person-modal__media\">\n\t\t\t\t<img width=\"500\" height=\"500\" src=\"https:\/\/medicina.udd.cl\/medicina-santiago\/files\/2014\/12\/Fernando-Trncoso.byn_-500x500.jpg\" class=\"person-modal__image wp-post-image\" alt=\"\" decoding=\"async\" loading=\"lazy\" srcset=\"https:\/\/medicina.udd.cl\/medicina-santiago\/files\/2014\/12\/Fernando-Trncoso.byn_-500x500.jpg 500w, https:\/\/medicina.udd.cl\/medicina-santiago\/files\/2014\/12\/Fernando-Trncoso.byn_-150x150.jpg 150w, https:\/\/medicina.udd.cl\/medicina-santiago\/files\/2014\/12\/Fernando-Trncoso.byn_-62x62.jpg 62w, https:\/\/medicina.udd.cl\/medicina-santiago\/files\/2014\/12\/Fernando-Trncoso.byn_-750x750.jpg 750w, https:\/\/medicina.udd.cl\/medicina-santiago\/files\/2014\/12\/Fernando-Trncoso.byn_-250x250.jpg 250w, https:\/\/medicina.udd.cl\/medicina-santiago\/files\/2014\/12\/Fernando-Trncoso.byn_-126x126.jpg 126w\" sizes=\"auto, (max-width: 500px) 100vw, 500px\" \/>\t\t\t<\/div>\n\t\t\t\t\t\t<div class=\"person-modal__data\">\n\t\t\t\t<h1 class=\"person-modal__name\">Fernando Troncoso<\/h1>\n\t\t\t\t\t\t\t<span class=\"person-modal__description\">Director docente de Ginecolog\u00eda y Obstetricia<\/span>\n\t\t\t\t\t\t\t\t\t\t\t\t\t\t\t<\/div>\n\t\t<\/div>\n\t<\/header>\n\t<div class=\"modal-container\">\n\t\t\t<div class=\"person-modal__content text\">\n\t\t\t\t\t\t\t\t\t\t<ul>\n<li>M\u00e9dico Cirujano, PUC<\/li>\n<li>Especialista en Obstetricia y Ginecolog\u00eda, PUC<\/li>\n<li>Profesor Encargado de becados de la Especialidad M\u00e9dica en Ginecolog\u00eda de 1er y 3er a\u00f1o, Facultad de Medicina CAS-UDD<\/li>\n<\/ul>\n<p>&nbsp;<\/p>\n\t\t<\/div>\n\t<\/div>\n<\/div>\n"},"identifier":"fe5b039c15b9137a49d6b796268bcb7817e5c273","has_credential":[],"given_name":"Fernando","family_name":"Troncoso","name":"Fernando Troncoso","job_title":"Director docente de Ginecolog\u00eda y Obstetricia","telephone":"","note":"","im":"","_self_schedule":null,"_links":{"self":[{"href":"https:\/\/medicina.udd.cl\/medicina-santiago\/wp-json\/wp\/v2\/people\/2872","targetHints":{"allow":["GET"]}}],"collection":[{"href":"https:\/\/medicina.udd.cl\/medicina-santiago\/wp-json\/wp\/v2\/people"}],"about":[{"href":"https:\/\/medicina.udd.cl\/medicina-santiago\/wp-json\/wp\/v2\/types\/person"}],"wp:featuredmedia":[{"embeddable":true,"href":"https:\/\/medicina.udd.cl\/medicina-santiago\/wp-json\/wp\/v2\/media\/6696"}],"wp:attachment":[{"href":"https:\/\/medicina.udd.cl\/medicina-santiago\/wp-json\/wp\/v2\/media?parent=2872"}],"wp:term":[{"taxonomy":"people_tax","embeddable":true,"href":"https:\/\/medicina.udd.cl\/medicina-santiago\/wp-json\/wp\/v2\/people_tax?post=2872"},{"taxonomy":"people_areas","embeddable":true,"href":"https:\/\/medicina.udd.cl\/medicina-santiago\/wp-json\/wp\/v2\/people_areas?post=2872"},{"taxonomy":"people_levels","embeddable":true,"href":"https:\/\/medicina.udd.cl\/medicina-santiago\/wp-json\/wp\/v2\/people_levels?post=2872"}],"curies":[{"name":"wp","href":"https:\/\/api.w.org\/{rel}","templated":true}]}}

<!-- This site is optimized with the Yoast SEO plugin v26.9 - https://yoast.com/product/yoast-seo-wordpress/ -->
<title>Fernando Troncoso - Medicina</title>
<meta name="robots" content="index, follow, max-snippet:-1, max-image-preview:large, max-video-preview:-1" />
<link rel="canonical" href="https://medicina.udd.cl/medicina-santiago/persona/fernando-troncoso/" />
<meta property="og:locale" content="es_ES" />
<meta property="og:type" content="article" />
<meta property="og:title" content="Fernando Troncoso - Medicina" />
<meta property="og:url" content="https://medicina.udd.cl/medicina-santiago/persona/fernando-troncoso/" />
<meta property="og:site_name" content="Medicina" />
<meta property="article:modified_time" content="2020-11-28T02:00:05+00:00" />
<meta property="og:image" content="https://medicina.udd.cl/medicina-santiago/files/2014/12/Fernando-Trncoso.byn_.jpg" />
	<meta property="og:image:width" content="2804" />
	<meta property="og:image:height" content="2003" />
	<meta property="og:image:type" content="image/jpeg" />
<script type="application/ld+json" class="yoast-schema-graph">{"@context":"https://schema.org","@graph":[{"@type":"WebPage","@id":"https://medicina.udd.cl/medicina-santiago/persona/fernando-troncoso/","url":"https://medicina.udd.cl/medicina-santiago/persona/fernando-troncoso/","name":"Fernando Troncoso - Medicina","isPartOf":{"@id":"https://medicina.udd.cl/medicina-santiago/#website"},"primaryImageOfPage":{"@id":"https://medicina.udd.cl/medicina-santiago/persona/fernando-troncoso/#primaryimage"},"image":{"@id":"https://medicina.udd.cl/medicina-santiago/persona/fernando-troncoso/#primaryimage"},"thumbnailUrl":"https://medicina.udd.cl/medicina-santiago/files/2014/12/Fernando-Trncoso.byn_.jpg","datePublished":"2014-12-11T15:09:07+00:00","dateModified":"2020-11-28T02:00:05+00:00","breadcrumb":{"@id":"https://medicina.udd.cl/medicina-santiago/persona/fernando-troncoso/#breadcrumb"},"inLanguage":"es","potentialAction":[{"@type":"ReadAction","target":["https://medicina.udd.cl/medicina-santiago/persona/fernando-troncoso/"]}]},{"@type":"ImageObject","inLanguage":"es","@id":"https://medicina.udd.cl/medicina-santiago/persona/fernando-troncoso/#primaryimage","url":"https://medicina.udd.cl/medicina-santiago/files/2014/12/Fernando-Trncoso.byn_.jpg","contentUrl":"https://medicina.udd.cl/medicina-santiago/files/2014/12/Fernando-Trncoso.byn_.jpg","width":2804,"height":2003},{"@type":"BreadcrumbList","@id":"https://medicina.udd.cl/medicina-santiago/persona/fernando-troncoso/#breadcrumb","itemListElement":[{"@type":"ListItem","position":1,"name":"Home","item":"https://medicina.udd.cl/medicina-santiago/"},{"@type":"ListItem","position":2,"name":"Personas","item":"https://medicina.udd.cl/medicina-santiago/persona/"},{"@type":"ListItem","position":3,"name":"Fernando Troncoso"}]},{"@type":"WebSite","@id":"https://medicina.udd.cl/medicina-santiago/#website","url":"https://medicina.udd.cl/medicina-santiago/","name":"Medicina","description":"Facultad de Medicina Clínica Alemana Universidad del Desarrollo","inLanguage":"es"}]}</script>
<!-- / Yoast SEO plugin. -->

Facultad de Medicina Clínica Alemana Universidad del Desarrollo

Director docente de Ginecología y Obstetricia

<div class="person-modal person-modal--scl">
	<header class="person-modal__header">
		<div class="person-modal__bg"></div>
		<div class="modal-container">
						<div class="person-modal__media">
				<img width="500" height="500" src="https://medicina.udd.cl/medicina-santiago/files/2014/12/Fernando-Trncoso.byn_-500x500.jpg" class="person-modal__image wp-post-image" alt="" decoding="async" loading="lazy" srcset="https://medicina.udd.cl/medicina-santiago/files/2014/12/Fernando-Trncoso.byn_-500x500.jpg 500w, https://medicina.udd.cl/medicina-santiago/files/2014/12/Fernando-Trncoso.byn_-150x150.jpg 150w, https://medicina.udd.cl/medicina-santiago/files/2014/12/Fernando-Trncoso.byn_-62x62.jpg 62w, https://medicina.udd.cl/medicina-santiago/files/2014/12/Fernando-Trncoso.byn_-750x750.jpg 750w, https://medicina.udd.cl/medicina-santiago/files/2014/12/Fernando-Trncoso.byn_-250x250.jpg 250w, https://medicina.udd.cl/medicina-santiago/files/2014/12/Fernando-Trncoso.byn_-126x126.jpg 126w" sizes="auto, (max-width: 500px) 100vw, 500px" />			</div>
						<div class="person-modal__data">
				<h1 class="person-modal__name">Fernando Troncoso</h1>
							<span class="person-modal__description">Director docente de Ginecología y Obstetricia</span>
															</div>
		</div>
	</header>
	<div class="modal-container">
			<div class="person-modal__content text">
										<ul>
<li>Médico Cirujano, PUC</li>
<li>Especialista en Obstetricia y Ginecología, PUC</li>
<li>Profesor Encargado de becados de la Especialidad Médica en Ginecología de 1er y 3er año, Facultad de Medicina CAS-UDD</li>
</ul>
<p>&nbsp;</p>
		</div>
	</div>
</div>
