{"id":2888,"date":"2014-12-11T12:26:47","date_gmt":"2014-12-11T15:26:47","guid":{"rendered":"http:\/\/medicina.udd.cl\/medicina-santiago\/?post_type=person&#038;p=2888"},"modified":"2023-07-04T15:08:13","modified_gmt":"2023-07-04T19:08:13","slug":"juan-pablo-barroso","status":"publish","type":"person","link":"https:\/\/medicina.udd.cl\/medicina-santiago\/persona\/juan-pablo-barroso\/","title":{"rendered":"Mariana  Jadue"},"featured_media":8756,"template":"","people_tax":[4037,4035],"people_areas":[],"people_levels":[],"class_list":["post-2888","person","type-person","status-publish","has-post-thumbnail","hentry","people_tax-equipo","people_tax-profesor","people_list-docentes"],"yoast_head":"<!-- This site is optimized with the Yoast SEO plugin v26.9 - https:\/\/yoast.com\/product\/yoast-seo-wordpress\/ -->\n<title>Mariana Jadue - Medicina<\/title>\n<meta name=\"robots\" content=\"index, follow, max-snippet:-1, max-image-preview:large, max-video-preview:-1\" \/>\n<link rel=\"canonical\" href=\"https:\/\/medicina.udd.cl\/medicina-santiago\/persona\/juan-pablo-barroso\/\" \/>\n<meta property=\"og:locale\" content=\"es_ES\" \/>\n<meta property=\"og:type\" content=\"article\" \/>\n<meta property=\"og:title\" content=\"Mariana Jadue - Medicina\" \/>\n<meta property=\"og:url\" content=\"https:\/\/medicina.udd.cl\/medicina-santiago\/persona\/juan-pablo-barroso\/\" \/>\n<meta property=\"og:site_name\" content=\"Medicina\" \/>\n<meta property=\"article:modified_time\" content=\"2023-07-04T19:08:13+00:00\" \/>\n<meta property=\"og:image\" content=\"https:\/\/medicina.udd.cl\/medicina-santiago\/files\/2014\/12\/med-dra-mariana-jadue-byn_-scaled.jpg\" \/>\n\t<meta property=\"og:image:width\" content=\"2560\" \/>\n\t<meta property=\"og:image:height\" content=\"2560\" \/>\n\t<meta property=\"og:image:type\" content=\"image\/jpeg\" \/>\n<script type=\"application\/ld+json\" class=\"yoast-schema-graph\">{\"@context\":\"https:\/\/schema.org\",\"@graph\":[{\"@type\":\"WebPage\",\"@id\":\"https:\/\/medicina.udd.cl\/medicina-santiago\/persona\/juan-pablo-barroso\/\",\"url\":\"https:\/\/medicina.udd.cl\/medicina-santiago\/persona\/juan-pablo-barroso\/\",\"name\":\"Mariana Jadue - Medicina\",\"isPartOf\":{\"@id\":\"https:\/\/medicina.udd.cl\/medicina-santiago\/#website\"},\"primaryImageOfPage\":{\"@id\":\"https:\/\/medicina.udd.cl\/medicina-santiago\/persona\/juan-pablo-barroso\/#primaryimage\"},\"image\":{\"@id\":\"https:\/\/medicina.udd.cl\/medicina-santiago\/persona\/juan-pablo-barroso\/#primaryimage\"},\"thumbnailUrl\":\"https:\/\/medicina.udd.cl\/medicina-santiago\/files\/2014\/12\/med-dra-mariana-jadue-byn_-scaled.jpg\",\"datePublished\":\"2014-12-11T15:26:47+00:00\",\"dateModified\":\"2023-07-04T19:08:13+00:00\",\"breadcrumb\":{\"@id\":\"https:\/\/medicina.udd.cl\/medicina-santiago\/persona\/juan-pablo-barroso\/#breadcrumb\"},\"inLanguage\":\"es\",\"potentialAction\":[{\"@type\":\"ReadAction\",\"target\":[\"https:\/\/medicina.udd.cl\/medicina-santiago\/persona\/juan-pablo-barroso\/\"]}]},{\"@type\":\"ImageObject\",\"inLanguage\":\"es\",\"@id\":\"https:\/\/medicina.udd.cl\/medicina-santiago\/persona\/juan-pablo-barroso\/#primaryimage\",\"url\":\"https:\/\/medicina.udd.cl\/medicina-santiago\/files\/2014\/12\/med-dra-mariana-jadue-byn_-scaled.jpg\",\"contentUrl\":\"https:\/\/medicina.udd.cl\/medicina-santiago\/files\/2014\/12\/med-dra-mariana-jadue-byn_-scaled.jpg\",\"width\":2560,\"height\":2560},{\"@type\":\"BreadcrumbList\",\"@id\":\"https:\/\/medicina.udd.cl\/medicina-santiago\/persona\/juan-pablo-barroso\/#breadcrumb\",\"itemListElement\":[{\"@type\":\"ListItem\",\"position\":1,\"name\":\"Home\",\"item\":\"https:\/\/medicina.udd.cl\/medicina-santiago\/\"},{\"@type\":\"ListItem\",\"position\":2,\"name\":\"Personas\",\"item\":\"https:\/\/medicina.udd.cl\/medicina-santiago\/persona\/\"},{\"@type\":\"ListItem\",\"position\":3,\"name\":\"Mariana Jadue\"}]},{\"@type\":\"WebSite\",\"@id\":\"https:\/\/medicina.udd.cl\/medicina-santiago\/#website\",\"url\":\"https:\/\/medicina.udd.cl\/medicina-santiago\/\",\"name\":\"Medicina\",\"description\":\"Facultad de Medicina Cl\u00ednica Alemana Universidad del Desarrollo\",\"inLanguage\":\"es\"}]}<\/script>\n<!-- \/ Yoast SEO plugin. -->","yoast_head_json":{"title":"Mariana Jadue - Medicina","robots":{"index":"index","follow":"follow","max-snippet":"max-snippet:-1","max-image-preview":"max-image-preview:large","max-video-preview":"max-video-preview:-1"},"canonical":"https:\/\/medicina.udd.cl\/medicina-santiago\/persona\/juan-pablo-barroso\/","og_locale":"es_ES","og_type":"article","og_title":"Mariana Jadue - Medicina","og_url":"https:\/\/medicina.udd.cl\/medicina-santiago\/persona\/juan-pablo-barroso\/","og_site_name":"Medicina","article_modified_time":"2023-07-04T19:08:13+00:00","og_image":[{"width":2560,"height":2560,"url":"https:\/\/medicina.udd.cl\/medicina-santiago\/files\/2014\/12\/med-dra-mariana-jadue-byn_-scaled.jpg","type":"image\/jpeg"}],"schema":{"@context":"https:\/\/schema.org","@graph":[{"@type":"WebPage","@id":"https:\/\/medicina.udd.cl\/medicina-santiago\/persona\/juan-pablo-barroso\/","url":"https:\/\/medicina.udd.cl\/medicina-santiago\/persona\/juan-pablo-barroso\/","name":"Mariana Jadue - Medicina","isPartOf":{"@id":"https:\/\/medicina.udd.cl\/medicina-santiago\/#website"},"primaryImageOfPage":{"@id":"https:\/\/medicina.udd.cl\/medicina-santiago\/persona\/juan-pablo-barroso\/#primaryimage"},"image":{"@id":"https:\/\/medicina.udd.cl\/medicina-santiago\/persona\/juan-pablo-barroso\/#primaryimage"},"thumbnailUrl":"https:\/\/medicina.udd.cl\/medicina-santiago\/files\/2014\/12\/med-dra-mariana-jadue-byn_-scaled.jpg","datePublished":"2014-12-11T15:26:47+00:00","dateModified":"2023-07-04T19:08:13+00:00","breadcrumb":{"@id":"https:\/\/medicina.udd.cl\/medicina-santiago\/persona\/juan-pablo-barroso\/#breadcrumb"},"inLanguage":"es","potentialAction":[{"@type":"ReadAction","target":["https:\/\/medicina.udd.cl\/medicina-santiago\/persona\/juan-pablo-barroso\/"]}]},{"@type":"ImageObject","inLanguage":"es","@id":"https:\/\/medicina.udd.cl\/medicina-santiago\/persona\/juan-pablo-barroso\/#primaryimage","url":"https:\/\/medicina.udd.cl\/medicina-santiago\/files\/2014\/12\/med-dra-mariana-jadue-byn_-scaled.jpg","contentUrl":"https:\/\/medicina.udd.cl\/medicina-santiago\/files\/2014\/12\/med-dra-mariana-jadue-byn_-scaled.jpg","width":2560,"height":2560},{"@type":"BreadcrumbList","@id":"https:\/\/medicina.udd.cl\/medicina-santiago\/persona\/juan-pablo-barroso\/#breadcrumb","itemListElement":[{"@type":"ListItem","position":1,"name":"Home","item":"https:\/\/medicina.udd.cl\/medicina-santiago\/"},{"@type":"ListItem","position":2,"name":"Personas","item":"https:\/\/medicina.udd.cl\/medicina-santiago\/persona\/"},{"@type":"ListItem","position":3,"name":"Mariana Jadue"}]},{"@type":"WebSite","@id":"https:\/\/medicina.udd.cl\/medicina-santiago\/#website","url":"https:\/\/medicina.udd.cl\/medicina-santiago\/","name":"Medicina","description":"Facultad de Medicina Cl\u00ednica Alemana Universidad del Desarrollo","inLanguage":"es"}]}},"label":"Mariana  Jadue","role":"Directora","thumbnail_url":"https:\/\/medicina.udd.cl\/medicina-santiago\/files\/2014\/12\/med-dra-mariana-jadue-byn_-500x500.jpg","email":"mjadue@udd.cl","tel_job":"","content":{"rendered":"<div class=\"person-modal person-modal--scl\">\n\t<header class=\"person-modal__header\">\n\t\t<div class=\"person-modal__bg\"><\/div>\n\t\t<div class=\"modal-container\">\n\t\t\t\t\t\t<div class=\"person-modal__media\">\n\t\t\t\t<img width=\"500\" height=\"500\" src=\"https:\/\/medicina.udd.cl\/medicina-santiago\/files\/2014\/12\/med-dra-mariana-jadue-byn_-500x500.jpg\" class=\"person-modal__image wp-post-image\" alt=\"\" decoding=\"async\" loading=\"lazy\" srcset=\"https:\/\/medicina.udd.cl\/medicina-santiago\/files\/2014\/12\/med-dra-mariana-jadue-byn_-500x500.jpg 500w, https:\/\/medicina.udd.cl\/medicina-santiago\/files\/2014\/12\/med-dra-mariana-jadue-byn_-300x300.jpg 300w, https:\/\/medicina.udd.cl\/medicina-santiago\/files\/2014\/12\/med-dra-mariana-jadue-byn_-1024x1024.jpg 1024w, https:\/\/medicina.udd.cl\/medicina-santiago\/files\/2014\/12\/med-dra-mariana-jadue-byn_-150x150.jpg 150w, https:\/\/medicina.udd.cl\/medicina-santiago\/files\/2014\/12\/med-dra-mariana-jadue-byn_-768x768.jpg 768w, https:\/\/medicina.udd.cl\/medicina-santiago\/files\/2014\/12\/med-dra-mariana-jadue-byn_-62x62.jpg 62w, https:\/\/medicina.udd.cl\/medicina-santiago\/files\/2014\/12\/med-dra-mariana-jadue-byn_-1536x1536.jpg 1536w, https:\/\/medicina.udd.cl\/medicina-santiago\/files\/2014\/12\/med-dra-mariana-jadue-byn_-2048x2048.jpg 2048w, https:\/\/medicina.udd.cl\/medicina-santiago\/files\/2014\/12\/med-dra-mariana-jadue-byn_-750x750.jpg 750w, https:\/\/medicina.udd.cl\/medicina-santiago\/files\/2014\/12\/med-dra-mariana-jadue-byn_-250x250.jpg 250w, https:\/\/medicina.udd.cl\/medicina-santiago\/files\/2014\/12\/med-dra-mariana-jadue-byn_-126x126.jpg 126w\" sizes=\"auto, (max-width: 500px) 100vw, 500px\" \/>\t\t\t<\/div>\n\t\t\t\t\t\t<div class=\"person-modal__data\">\n\t\t\t\t<h1 class=\"person-modal__name\">Mariana  Jadue<\/h1>\n\t\t\t\t\t\t\t<span class=\"person-modal__description\">Directora<\/span>\n\t\t\t\t\t\t\t\t\t\t\t\t\t<a href=\"mailto:mj&#097;d&#117;&#101;&#064;ud&#100;&#046;c&#108;\" class=\"person-modal__email\">m&#106;&#97;&#100;ue&#64;u&#100;&#100;&#46;c&#108;<\/a>\n\t\t\t\t\t\t\t\t\t<\/div>\n\t\t<\/div>\n\t<\/header>\n\t<div class=\"modal-container\">\n\t\t\t<div class=\"person-modal__content text\">\n\t\t\t\t\t\t\t\t\t\t<ul>\n<li>M\u00e9dico Cirujano, Universidad del Desarrollo.<\/li>\n<li>Mag\u00edster en Educaci\u00f3n M\u00e9dica y Ciencias de la Salud, Pontificia Universidad Cat\u00f3lica de Chile. (en proceso de titulaci\u00f3n).<\/li>\n<li>Diplomada en Educaci\u00f3n M\u00e9dica, Pontificia Universidad Cat\u00f3lica de Chile.<\/li>\n<li>Aprob\u00f3 el Examen \u00danico Nacional de Conocimientos de Medicina, 2013.<\/li>\n<\/ul>\n\t\t<\/div>\n\t<\/div>\n<\/div>\n"},"identifier":"80b7dd26b2aa1305b13eb22585230e7974ac4039","has_credential":[],"given_name":"Mariana ","family_name":"Jadue","name":"Mariana  Jadue","job_title":"Directora","telephone":"","note":"","im":"","_self_schedule":null,"_links":{"self":[{"href":"https:\/\/medicina.udd.cl\/medicina-santiago\/wp-json\/wp\/v2\/people\/2888","targetHints":{"allow":["GET"]}}],"collection":[{"href":"https:\/\/medicina.udd.cl\/medicina-santiago\/wp-json\/wp\/v2\/people"}],"about":[{"href":"https:\/\/medicina.udd.cl\/medicina-santiago\/wp-json\/wp\/v2\/types\/person"}],"wp:featuredmedia":[{"embeddable":true,"href":"https:\/\/medicina.udd.cl\/medicina-santiago\/wp-json\/wp\/v2\/media\/8756"}],"wp:attachment":[{"href":"https:\/\/medicina.udd.cl\/medicina-santiago\/wp-json\/wp\/v2\/media?parent=2888"}],"wp:term":[{"taxonomy":"people_tax","embeddable":true,"href":"https:\/\/medicina.udd.cl\/medicina-santiago\/wp-json\/wp\/v2\/people_tax?post=2888"},{"taxonomy":"people_areas","embeddable":true,"href":"https:\/\/medicina.udd.cl\/medicina-santiago\/wp-json\/wp\/v2\/people_areas?post=2888"},{"taxonomy":"people_levels","embeddable":true,"href":"https:\/\/medicina.udd.cl\/medicina-santiago\/wp-json\/wp\/v2\/people_levels?post=2888"}],"curies":[{"name":"wp","href":"https:\/\/api.w.org\/{rel}","templated":true}]}}

<!-- This site is optimized with the Yoast SEO plugin v26.9 - https://yoast.com/product/yoast-seo-wordpress/ -->
<title>Mariana Jadue - Medicina</title>
<meta name="robots" content="index, follow, max-snippet:-1, max-image-preview:large, max-video-preview:-1" />
<link rel="canonical" href="https://medicina.udd.cl/medicina-santiago/persona/juan-pablo-barroso/" />
<meta property="og:locale" content="es_ES" />
<meta property="og:type" content="article" />
<meta property="og:title" content="Mariana Jadue - Medicina" />
<meta property="og:url" content="https://medicina.udd.cl/medicina-santiago/persona/juan-pablo-barroso/" />
<meta property="og:site_name" content="Medicina" />
<meta property="article:modified_time" content="2023-07-04T19:08:13+00:00" />
<meta property="og:image" content="https://medicina.udd.cl/medicina-santiago/files/2014/12/med-dra-mariana-jadue-byn_-scaled.jpg" />
	<meta property="og:image:width" content="2560" />
	<meta property="og:image:height" content="2560" />
	<meta property="og:image:type" content="image/jpeg" />
<script type="application/ld+json" class="yoast-schema-graph">{"@context":"https://schema.org","@graph":[{"@type":"WebPage","@id":"https://medicina.udd.cl/medicina-santiago/persona/juan-pablo-barroso/","url":"https://medicina.udd.cl/medicina-santiago/persona/juan-pablo-barroso/","name":"Mariana Jadue - Medicina","isPartOf":{"@id":"https://medicina.udd.cl/medicina-santiago/#website"},"primaryImageOfPage":{"@id":"https://medicina.udd.cl/medicina-santiago/persona/juan-pablo-barroso/#primaryimage"},"image":{"@id":"https://medicina.udd.cl/medicina-santiago/persona/juan-pablo-barroso/#primaryimage"},"thumbnailUrl":"https://medicina.udd.cl/medicina-santiago/files/2014/12/med-dra-mariana-jadue-byn_-scaled.jpg","datePublished":"2014-12-11T15:26:47+00:00","dateModified":"2023-07-04T19:08:13+00:00","breadcrumb":{"@id":"https://medicina.udd.cl/medicina-santiago/persona/juan-pablo-barroso/#breadcrumb"},"inLanguage":"es","potentialAction":[{"@type":"ReadAction","target":["https://medicina.udd.cl/medicina-santiago/persona/juan-pablo-barroso/"]}]},{"@type":"ImageObject","inLanguage":"es","@id":"https://medicina.udd.cl/medicina-santiago/persona/juan-pablo-barroso/#primaryimage","url":"https://medicina.udd.cl/medicina-santiago/files/2014/12/med-dra-mariana-jadue-byn_-scaled.jpg","contentUrl":"https://medicina.udd.cl/medicina-santiago/files/2014/12/med-dra-mariana-jadue-byn_-scaled.jpg","width":2560,"height":2560},{"@type":"BreadcrumbList","@id":"https://medicina.udd.cl/medicina-santiago/persona/juan-pablo-barroso/#breadcrumb","itemListElement":[{"@type":"ListItem","position":1,"name":"Home","item":"https://medicina.udd.cl/medicina-santiago/"},{"@type":"ListItem","position":2,"name":"Personas","item":"https://medicina.udd.cl/medicina-santiago/persona/"},{"@type":"ListItem","position":3,"name":"Mariana Jadue"}]},{"@type":"WebSite","@id":"https://medicina.udd.cl/medicina-santiago/#website","url":"https://medicina.udd.cl/medicina-santiago/","name":"Medicina","description":"Facultad de Medicina Clínica Alemana Universidad del Desarrollo","inLanguage":"es"}]}</script>
<!-- / Yoast SEO plugin. -->

Facultad de Medicina Clínica Alemana Universidad del Desarrollo

<div class="person-modal person-modal--scl">
	<header class="person-modal__header">
		<div class="person-modal__bg"></div>
		<div class="modal-container">
						<div class="person-modal__media">
				<img width="500" height="500" src="https://medicina.udd.cl/medicina-santiago/files/2014/12/med-dra-mariana-jadue-byn_-500x500.jpg" class="person-modal__image wp-post-image" alt="" decoding="async" loading="lazy" srcset="https://medicina.udd.cl/medicina-santiago/files/2014/12/med-dra-mariana-jadue-byn_-500x500.jpg 500w, https://medicina.udd.cl/medicina-santiago/files/2014/12/med-dra-mariana-jadue-byn_-300x300.jpg 300w, https://medicina.udd.cl/medicina-santiago/files/2014/12/med-dra-mariana-jadue-byn_-1024x1024.jpg 1024w, https://medicina.udd.cl/medicina-santiago/files/2014/12/med-dra-mariana-jadue-byn_-150x150.jpg 150w, https://medicina.udd.cl/medicina-santiago/files/2014/12/med-dra-mariana-jadue-byn_-768x768.jpg 768w, https://medicina.udd.cl/medicina-santiago/files/2014/12/med-dra-mariana-jadue-byn_-62x62.jpg 62w, https://medicina.udd.cl/medicina-santiago/files/2014/12/med-dra-mariana-jadue-byn_-1536x1536.jpg 1536w, https://medicina.udd.cl/medicina-santiago/files/2014/12/med-dra-mariana-jadue-byn_-2048x2048.jpg 2048w, https://medicina.udd.cl/medicina-santiago/files/2014/12/med-dra-mariana-jadue-byn_-750x750.jpg 750w, https://medicina.udd.cl/medicina-santiago/files/2014/12/med-dra-mariana-jadue-byn_-250x250.jpg 250w, https://medicina.udd.cl/medicina-santiago/files/2014/12/med-dra-mariana-jadue-byn_-126x126.jpg 126w" sizes="auto, (max-width: 500px) 100vw, 500px" />			</div>
						<div class="person-modal__data">
				<h1 class="person-modal__name">Mariana  Jadue</h1>
							<span class="person-modal__description">Directora</span>
													<a href="mailto:mj&#097;d&#117;&#101;&#064;ud&#100;&#046;c&#108;" class="person-modal__email">m&#106;&#97;&#100;ue&#64;u&#100;&#100;&#46;c&#108;</a>
									</div>
		</div>
	</header>
	<div class="modal-container">
			<div class="person-modal__content text">
										<ul>
<li>Médico Cirujano, Universidad del Desarrollo.</li>
<li>Magíster en Educación Médica y Ciencias de la Salud, Pontificia Universidad Católica de Chile. (en proceso de titulación).</li>
<li>Diplomada en Educación Médica, Pontificia Universidad Católica de Chile.</li>
<li>Aprobó el Examen Único Nacional de Conocimientos de Medicina, 2013.</li>
</ul>
		</div>
	</div>
</div>
