{"id":2890,"date":"2014-12-11T12:28:15","date_gmt":"2014-12-11T15:28:15","guid":{"rendered":"http:\/\/medicina.udd.cl\/medicina-santiago\/?post_type=person&#038;p=2890"},"modified":"2020-05-02T00:14:32","modified_gmt":"2020-05-02T04:14:32","slug":"paola-campodonico","status":"publish","type":"person","link":"https:\/\/medicina.udd.cl\/medicina-santiago\/persona\/paola-campodonico\/","title":{"rendered":"Paola Campod\u00f3nico"},"featured_media":6715,"template":"","people_tax":[4037,4035],"people_areas":[],"people_levels":[],"class_list":["post-2890","person","type-person","status-publish","has-post-thumbnail","hentry","people_tax-equipo","people_tax-profesor","people_list-docentes"],"yoast_head":"<!-- This site is optimized with the Yoast SEO plugin v26.9 - https:\/\/yoast.com\/product\/yoast-seo-wordpress\/ -->\n<title>Paola Campod\u00f3nico - Medicina<\/title>\n<meta name=\"robots\" content=\"index, follow, max-snippet:-1, max-image-preview:large, max-video-preview:-1\" \/>\n<link rel=\"canonical\" href=\"https:\/\/medicina.udd.cl\/medicina-santiago\/persona\/paola-campodonico\/\" \/>\n<meta property=\"og:locale\" content=\"es_ES\" \/>\n<meta property=\"og:type\" content=\"article\" \/>\n<meta property=\"og:title\" content=\"Paola Campod\u00f3nico - Medicina\" \/>\n<meta property=\"og:url\" content=\"https:\/\/medicina.udd.cl\/medicina-santiago\/persona\/paola-campodonico\/\" \/>\n<meta property=\"og:site_name\" content=\"Medicina\" \/>\n<meta property=\"article:modified_time\" content=\"2020-05-02T04:14:32+00:00\" \/>\n<meta property=\"og:image\" content=\"https:\/\/medicina.udd.cl\/medicina-santiago\/files\/2014\/12\/Paola-Campod\u00f3nico.byn_.jpg\" \/>\n\t<meta property=\"og:image:width\" content=\"1059\" \/>\n\t<meta property=\"og:image:height\" content=\"966\" \/>\n\t<meta property=\"og:image:type\" content=\"image\/jpeg\" \/>\n<script type=\"application\/ld+json\" class=\"yoast-schema-graph\">{\"@context\":\"https:\/\/schema.org\",\"@graph\":[{\"@type\":\"WebPage\",\"@id\":\"https:\/\/medicina.udd.cl\/medicina-santiago\/persona\/paola-campodonico\/\",\"url\":\"https:\/\/medicina.udd.cl\/medicina-santiago\/persona\/paola-campodonico\/\",\"name\":\"Paola Campod\u00f3nico - Medicina\",\"isPartOf\":{\"@id\":\"https:\/\/medicina.udd.cl\/medicina-santiago\/#website\"},\"primaryImageOfPage\":{\"@id\":\"https:\/\/medicina.udd.cl\/medicina-santiago\/persona\/paola-campodonico\/#primaryimage\"},\"image\":{\"@id\":\"https:\/\/medicina.udd.cl\/medicina-santiago\/persona\/paola-campodonico\/#primaryimage\"},\"thumbnailUrl\":\"https:\/\/medicina.udd.cl\/medicina-santiago\/files\/2014\/12\/Paola-Campod\u00f3nico.byn_.jpg\",\"datePublished\":\"2014-12-11T15:28:15+00:00\",\"dateModified\":\"2020-05-02T04:14:32+00:00\",\"breadcrumb\":{\"@id\":\"https:\/\/medicina.udd.cl\/medicina-santiago\/persona\/paola-campodonico\/#breadcrumb\"},\"inLanguage\":\"es\",\"potentialAction\":[{\"@type\":\"ReadAction\",\"target\":[\"https:\/\/medicina.udd.cl\/medicina-santiago\/persona\/paola-campodonico\/\"]}]},{\"@type\":\"ImageObject\",\"inLanguage\":\"es\",\"@id\":\"https:\/\/medicina.udd.cl\/medicina-santiago\/persona\/paola-campodonico\/#primaryimage\",\"url\":\"https:\/\/medicina.udd.cl\/medicina-santiago\/files\/2014\/12\/Paola-Campod\u00f3nico.byn_.jpg\",\"contentUrl\":\"https:\/\/medicina.udd.cl\/medicina-santiago\/files\/2014\/12\/Paola-Campod\u00f3nico.byn_.jpg\",\"width\":1059,\"height\":966},{\"@type\":\"BreadcrumbList\",\"@id\":\"https:\/\/medicina.udd.cl\/medicina-santiago\/persona\/paola-campodonico\/#breadcrumb\",\"itemListElement\":[{\"@type\":\"ListItem\",\"position\":1,\"name\":\"Home\",\"item\":\"https:\/\/medicina.udd.cl\/medicina-santiago\/\"},{\"@type\":\"ListItem\",\"position\":2,\"name\":\"Personas\",\"item\":\"https:\/\/medicina.udd.cl\/medicina-santiago\/persona\/\"},{\"@type\":\"ListItem\",\"position\":3,\"name\":\"Paola Campod\u00f3nico\"}]},{\"@type\":\"WebSite\",\"@id\":\"https:\/\/medicina.udd.cl\/medicina-santiago\/#website\",\"url\":\"https:\/\/medicina.udd.cl\/medicina-santiago\/\",\"name\":\"Medicina\",\"description\":\"Facultad de Medicina Cl\u00ednica Alemana Universidad del Desarrollo\",\"inLanguage\":\"es\"}]}<\/script>\n<!-- \/ Yoast SEO plugin. -->","yoast_head_json":{"title":"Paola Campod\u00f3nico - Medicina","robots":{"index":"index","follow":"follow","max-snippet":"max-snippet:-1","max-image-preview":"max-image-preview:large","max-video-preview":"max-video-preview:-1"},"canonical":"https:\/\/medicina.udd.cl\/medicina-santiago\/persona\/paola-campodonico\/","og_locale":"es_ES","og_type":"article","og_title":"Paola Campod\u00f3nico - Medicina","og_url":"https:\/\/medicina.udd.cl\/medicina-santiago\/persona\/paola-campodonico\/","og_site_name":"Medicina","article_modified_time":"2020-05-02T04:14:32+00:00","og_image":[{"width":1059,"height":966,"url":"https:\/\/medicina.udd.cl\/medicina-santiago\/files\/2014\/12\/Paola-Campod\u00f3nico.byn_.jpg","type":"image\/jpeg"}],"schema":{"@context":"https:\/\/schema.org","@graph":[{"@type":"WebPage","@id":"https:\/\/medicina.udd.cl\/medicina-santiago\/persona\/paola-campodonico\/","url":"https:\/\/medicina.udd.cl\/medicina-santiago\/persona\/paola-campodonico\/","name":"Paola Campod\u00f3nico - Medicina","isPartOf":{"@id":"https:\/\/medicina.udd.cl\/medicina-santiago\/#website"},"primaryImageOfPage":{"@id":"https:\/\/medicina.udd.cl\/medicina-santiago\/persona\/paola-campodonico\/#primaryimage"},"image":{"@id":"https:\/\/medicina.udd.cl\/medicina-santiago\/persona\/paola-campodonico\/#primaryimage"},"thumbnailUrl":"https:\/\/medicina.udd.cl\/medicina-santiago\/files\/2014\/12\/Paola-Campod\u00f3nico.byn_.jpg","datePublished":"2014-12-11T15:28:15+00:00","dateModified":"2020-05-02T04:14:32+00:00","breadcrumb":{"@id":"https:\/\/medicina.udd.cl\/medicina-santiago\/persona\/paola-campodonico\/#breadcrumb"},"inLanguage":"es","potentialAction":[{"@type":"ReadAction","target":["https:\/\/medicina.udd.cl\/medicina-santiago\/persona\/paola-campodonico\/"]}]},{"@type":"ImageObject","inLanguage":"es","@id":"https:\/\/medicina.udd.cl\/medicina-santiago\/persona\/paola-campodonico\/#primaryimage","url":"https:\/\/medicina.udd.cl\/medicina-santiago\/files\/2014\/12\/Paola-Campod\u00f3nico.byn_.jpg","contentUrl":"https:\/\/medicina.udd.cl\/medicina-santiago\/files\/2014\/12\/Paola-Campod\u00f3nico.byn_.jpg","width":1059,"height":966},{"@type":"BreadcrumbList","@id":"https:\/\/medicina.udd.cl\/medicina-santiago\/persona\/paola-campodonico\/#breadcrumb","itemListElement":[{"@type":"ListItem","position":1,"name":"Home","item":"https:\/\/medicina.udd.cl\/medicina-santiago\/"},{"@type":"ListItem","position":2,"name":"Personas","item":"https:\/\/medicina.udd.cl\/medicina-santiago\/persona\/"},{"@type":"ListItem","position":3,"name":"Paola Campod\u00f3nico"}]},{"@type":"WebSite","@id":"https:\/\/medicina.udd.cl\/medicina-santiago\/#website","url":"https:\/\/medicina.udd.cl\/medicina-santiago\/","name":"Medicina","description":"Facultad de Medicina Cl\u00ednica Alemana Universidad del Desarrollo","inLanguage":"es"}]}},"label":"Paola Campod\u00f3nico","role":"Profesora a cargo de Qu\u00edmica General y Qu\u00edmica Org\u00e1nica","thumbnail_url":"https:\/\/medicina.udd.cl\/medicina-santiago\/files\/2014\/12\/Paola-Campod\u00f3nico.byn_-500x500.jpg","email":"pcampodonico@udd.cl","tel_job":"","content":{"rendered":"<div class=\"person-modal person-modal--scl\">\n\t<header class=\"person-modal__header\">\n\t\t<div class=\"person-modal__bg\"><\/div>\n\t\t<div class=\"modal-container\">\n\t\t\t\t\t\t<div class=\"person-modal__media\">\n\t\t\t\t<img width=\"500\" height=\"500\" src=\"https:\/\/medicina.udd.cl\/medicina-santiago\/files\/2014\/12\/Paola-Campod\u00f3nico.byn_-500x500.jpg\" class=\"person-modal__image wp-post-image\" alt=\"\" decoding=\"async\" loading=\"lazy\" srcset=\"https:\/\/medicina.udd.cl\/medicina-santiago\/files\/2014\/12\/Paola-Campod\u00f3nico.byn_-500x500.jpg 500w, https:\/\/medicina.udd.cl\/medicina-santiago\/files\/2014\/12\/Paola-Campod\u00f3nico.byn_-150x150.jpg 150w, https:\/\/medicina.udd.cl\/medicina-santiago\/files\/2014\/12\/Paola-Campod\u00f3nico.byn_-62x62.jpg 62w, https:\/\/medicina.udd.cl\/medicina-santiago\/files\/2014\/12\/Paola-Campod\u00f3nico.byn_-750x750.jpg 750w, https:\/\/medicina.udd.cl\/medicina-santiago\/files\/2014\/12\/Paola-Campod\u00f3nico.byn_-250x250.jpg 250w, https:\/\/medicina.udd.cl\/medicina-santiago\/files\/2014\/12\/Paola-Campod\u00f3nico.byn_-126x126.jpg 126w\" sizes=\"auto, (max-width: 500px) 100vw, 500px\" \/>\t\t\t<\/div>\n\t\t\t\t\t\t<div class=\"person-modal__data\">\n\t\t\t\t<h1 class=\"person-modal__name\">Paola Campod\u00f3nico<\/h1>\n\t\t\t\t\t\t\t<span class=\"person-modal__description\">Profesora a cargo de Qu\u00edmica General y Qu\u00edmica Org\u00e1nica<\/span>\n\t\t\t\t\t\t\t\t\t\t\t\t\t<a href=\"mailto:&#112;&#099;a&#109;&#112;&#111;&#100;o&#110;&#105;co&#064;ud&#100;&#046;c&#108;\" class=\"person-modal__email\">&#112;cam&#112;&#111;&#100;&#111;&#110;&#105;co&#64;ud&#100;&#46;&#99;l<\/a>\n\t\t\t\t\t\t\t\t\t<\/div>\n\t\t<\/div>\n\t<\/header>\n\t<div class=\"modal-container\">\n\t\t\t<div class=\"person-modal__content text\">\n\t\t\t\t\t\t\t\t\t\t<ul>\n<li>Qu\u00edmico, Universidad de Santiago de Chile<\/li>\n<li>Doctor en Ciencias menci\u00f3n Qu\u00edmica, Pontificia Universidad Cat\u00f3lica de Chile.<\/li>\n<li>Directora del Centro de Qu\u00edmica M\u00e9dica, Facultad de Medicina CAS-UDD<\/li>\n<\/ul>\n\t\t<\/div>\n\t<\/div>\n<\/div>\n"},"identifier":"e07563211a1917202312b2113294d0ae0bd51a36","has_credential":[],"given_name":"Paola","family_name":"Campod\u00f3nico","name":"Paola Campod\u00f3nico","job_title":"Profesora a cargo de Qu\u00edmica General y Qu\u00edmica Org\u00e1nica","telephone":"","note":"","im":"","_self_schedule":null,"_links":{"self":[{"href":"https:\/\/medicina.udd.cl\/medicina-santiago\/wp-json\/wp\/v2\/people\/2890","targetHints":{"allow":["GET"]}}],"collection":[{"href":"https:\/\/medicina.udd.cl\/medicina-santiago\/wp-json\/wp\/v2\/people"}],"about":[{"href":"https:\/\/medicina.udd.cl\/medicina-santiago\/wp-json\/wp\/v2\/types\/person"}],"wp:featuredmedia":[{"embeddable":true,"href":"https:\/\/medicina.udd.cl\/medicina-santiago\/wp-json\/wp\/v2\/media\/6715"}],"wp:attachment":[{"href":"https:\/\/medicina.udd.cl\/medicina-santiago\/wp-json\/wp\/v2\/media?parent=2890"}],"wp:term":[{"taxonomy":"people_tax","embeddable":true,"href":"https:\/\/medicina.udd.cl\/medicina-santiago\/wp-json\/wp\/v2\/people_tax?post=2890"},{"taxonomy":"people_areas","embeddable":true,"href":"https:\/\/medicina.udd.cl\/medicina-santiago\/wp-json\/wp\/v2\/people_areas?post=2890"},{"taxonomy":"people_levels","embeddable":true,"href":"https:\/\/medicina.udd.cl\/medicina-santiago\/wp-json\/wp\/v2\/people_levels?post=2890"}],"curies":[{"name":"wp","href":"https:\/\/api.w.org\/{rel}","templated":true}]}}

Paola Campodónico

<!-- This site is optimized with the Yoast SEO plugin v26.9 - https://yoast.com/product/yoast-seo-wordpress/ -->
<title>Paola Campodónico - Medicina</title>
<meta name="robots" content="index, follow, max-snippet:-1, max-image-preview:large, max-video-preview:-1" />
<link rel="canonical" href="https://medicina.udd.cl/medicina-santiago/persona/paola-campodonico/" />
<meta property="og:locale" content="es_ES" />
<meta property="og:type" content="article" />
<meta property="og:title" content="Paola Campodónico - Medicina" />
<meta property="og:url" content="https://medicina.udd.cl/medicina-santiago/persona/paola-campodonico/" />
<meta property="og:site_name" content="Medicina" />
<meta property="article:modified_time" content="2020-05-02T04:14:32+00:00" />
<meta property="og:image" content="https://medicina.udd.cl/medicina-santiago/files/2014/12/Paola-Campodónico.byn_.jpg" />
	<meta property="og:image:width" content="1059" />
	<meta property="og:image:height" content="966" />
	<meta property="og:image:type" content="image/jpeg" />
<script type="application/ld+json" class="yoast-schema-graph">{"@context":"https://schema.org","@graph":[{"@type":"WebPage","@id":"https://medicina.udd.cl/medicina-santiago/persona/paola-campodonico/","url":"https://medicina.udd.cl/medicina-santiago/persona/paola-campodonico/","name":"Paola Campodónico - Medicina","isPartOf":{"@id":"https://medicina.udd.cl/medicina-santiago/#website"},"primaryImageOfPage":{"@id":"https://medicina.udd.cl/medicina-santiago/persona/paola-campodonico/#primaryimage"},"image":{"@id":"https://medicina.udd.cl/medicina-santiago/persona/paola-campodonico/#primaryimage"},"thumbnailUrl":"https://medicina.udd.cl/medicina-santiago/files/2014/12/Paola-Campodónico.byn_.jpg","datePublished":"2014-12-11T15:28:15+00:00","dateModified":"2020-05-02T04:14:32+00:00","breadcrumb":{"@id":"https://medicina.udd.cl/medicina-santiago/persona/paola-campodonico/#breadcrumb"},"inLanguage":"es","potentialAction":[{"@type":"ReadAction","target":["https://medicina.udd.cl/medicina-santiago/persona/paola-campodonico/"]}]},{"@type":"ImageObject","inLanguage":"es","@id":"https://medicina.udd.cl/medicina-santiago/persona/paola-campodonico/#primaryimage","url":"https://medicina.udd.cl/medicina-santiago/files/2014/12/Paola-Campodónico.byn_.jpg","contentUrl":"https://medicina.udd.cl/medicina-santiago/files/2014/12/Paola-Campodónico.byn_.jpg","width":1059,"height":966},{"@type":"BreadcrumbList","@id":"https://medicina.udd.cl/medicina-santiago/persona/paola-campodonico/#breadcrumb","itemListElement":[{"@type":"ListItem","position":1,"name":"Home","item":"https://medicina.udd.cl/medicina-santiago/"},{"@type":"ListItem","position":2,"name":"Personas","item":"https://medicina.udd.cl/medicina-santiago/persona/"},{"@type":"ListItem","position":3,"name":"Paola Campodónico"}]},{"@type":"WebSite","@id":"https://medicina.udd.cl/medicina-santiago/#website","url":"https://medicina.udd.cl/medicina-santiago/","name":"Medicina","description":"Facultad de Medicina Clínica Alemana Universidad del Desarrollo","inLanguage":"es"}]}</script>
<!-- / Yoast SEO plugin. -->

Paola Campodónico - Medicina

https://medicina.udd.cl/medicina-santiago/files/2014/12/Paola-Campodónico.byn_.jpg

Facultad de Medicina Clínica Alemana Universidad del Desarrollo

Profesora a cargo de Química General y Química Orgánica

https://medicina.udd.cl/medicina-santiago/files/2014/12/Paola-Campodónico.byn_-500x500.jpg

<div class="person-modal person-modal--scl">
	<header class="person-modal__header">
		<div class="person-modal__bg"></div>
		<div class="modal-container">
						<div class="person-modal__media">
				<img width="500" height="500" src="https://medicina.udd.cl/medicina-santiago/files/2014/12/Paola-Campodónico.byn_-500x500.jpg" class="person-modal__image wp-post-image" alt="" decoding="async" loading="lazy" srcset="https://medicina.udd.cl/medicina-santiago/files/2014/12/Paola-Campodónico.byn_-500x500.jpg 500w, https://medicina.udd.cl/medicina-santiago/files/2014/12/Paola-Campodónico.byn_-150x150.jpg 150w, https://medicina.udd.cl/medicina-santiago/files/2014/12/Paola-Campodónico.byn_-62x62.jpg 62w, https://medicina.udd.cl/medicina-santiago/files/2014/12/Paola-Campodónico.byn_-750x750.jpg 750w, https://medicina.udd.cl/medicina-santiago/files/2014/12/Paola-Campodónico.byn_-250x250.jpg 250w, https://medicina.udd.cl/medicina-santiago/files/2014/12/Paola-Campodónico.byn_-126x126.jpg 126w" sizes="auto, (max-width: 500px) 100vw, 500px" />			</div>
						<div class="person-modal__data">
				<h1 class="person-modal__name">Paola Campodónico</h1>
							<span class="person-modal__description">Profesora a cargo de Química General y Química Orgánica</span>
													<a href="mailto:&#112;&#099;a&#109;&#112;&#111;&#100;o&#110;&#105;co&#064;ud&#100;&#046;c&#108;" class="person-modal__email">&#112;cam&#112;&#111;&#100;&#111;&#110;&#105;co&#64;ud&#100;&#46;&#99;l</a>
									</div>
		</div>
	</header>
	<div class="modal-container">
			<div class="person-modal__content text">
										<ul>
<li>Químico, Universidad de Santiago de Chile</li>
<li>Doctor en Ciencias mención Química, Pontificia Universidad Católica de Chile.</li>
<li>Directora del Centro de Química Médica, Facultad de Medicina CAS-UDD</li>
</ul>
		</div>
	</div>
</div>

Campodónico
