{"id":2891,"date":"2014-12-11T12:29:46","date_gmt":"2014-12-11T15:29:46","guid":{"rendered":"http:\/\/medicina.udd.cl\/medicina-santiago\/?post_type=person&#038;p=2891"},"modified":"2020-05-02T00:13:48","modified_gmt":"2020-05-02T04:13:48","slug":"paulette-conget","status":"publish","type":"person","link":"https:\/\/medicina.udd.cl\/medicina-santiago\/persona\/paulette-conget\/","title":{"rendered":"Paulette Conget"},"featured_media":6727,"template":"","people_tax":[4037,4035],"people_areas":[],"people_levels":[],"class_list":["post-2891","person","type-person","status-publish","has-post-thumbnail","hentry","people_tax-equipo","people_tax-profesor","people_list-docentes"],"yoast_head":"<!-- This site is optimized with the Yoast SEO plugin v26.9 - https:\/\/yoast.com\/product\/yoast-seo-wordpress\/ -->\n<title>Paulette Conget - Medicina<\/title>\n<meta name=\"robots\" content=\"index, follow, max-snippet:-1, max-image-preview:large, max-video-preview:-1\" \/>\n<link rel=\"canonical\" href=\"https:\/\/medicina.udd.cl\/medicina-santiago\/persona\/paulette-conget\/\" \/>\n<meta property=\"og:locale\" content=\"es_ES\" \/>\n<meta property=\"og:type\" content=\"article\" \/>\n<meta property=\"og:title\" content=\"Paulette Conget - Medicina\" \/>\n<meta property=\"og:url\" content=\"https:\/\/medicina.udd.cl\/medicina-santiago\/persona\/paulette-conget\/\" \/>\n<meta property=\"og:site_name\" content=\"Medicina\" \/>\n<meta property=\"article:modified_time\" content=\"2020-05-02T04:13:48+00:00\" \/>\n<meta property=\"og:image\" content=\"https:\/\/medicina.udd.cl\/medicina-santiago\/files\/2014\/12\/Paulette-Conget.byn_.jpg\" \/>\n\t<meta property=\"og:image:width\" content=\"944\" \/>\n\t<meta property=\"og:image:height\" content=\"1023\" \/>\n\t<meta property=\"og:image:type\" content=\"image\/jpeg\" \/>\n<script type=\"application\/ld+json\" class=\"yoast-schema-graph\">{\"@context\":\"https:\/\/schema.org\",\"@graph\":[{\"@type\":\"WebPage\",\"@id\":\"https:\/\/medicina.udd.cl\/medicina-santiago\/persona\/paulette-conget\/\",\"url\":\"https:\/\/medicina.udd.cl\/medicina-santiago\/persona\/paulette-conget\/\",\"name\":\"Paulette Conget - Medicina\",\"isPartOf\":{\"@id\":\"https:\/\/medicina.udd.cl\/medicina-santiago\/#website\"},\"primaryImageOfPage\":{\"@id\":\"https:\/\/medicina.udd.cl\/medicina-santiago\/persona\/paulette-conget\/#primaryimage\"},\"image\":{\"@id\":\"https:\/\/medicina.udd.cl\/medicina-santiago\/persona\/paulette-conget\/#primaryimage\"},\"thumbnailUrl\":\"https:\/\/medicina.udd.cl\/medicina-santiago\/files\/2014\/12\/Paulette-Conget.byn_.jpg\",\"datePublished\":\"2014-12-11T15:29:46+00:00\",\"dateModified\":\"2020-05-02T04:13:48+00:00\",\"breadcrumb\":{\"@id\":\"https:\/\/medicina.udd.cl\/medicina-santiago\/persona\/paulette-conget\/#breadcrumb\"},\"inLanguage\":\"es\",\"potentialAction\":[{\"@type\":\"ReadAction\",\"target\":[\"https:\/\/medicina.udd.cl\/medicina-santiago\/persona\/paulette-conget\/\"]}]},{\"@type\":\"ImageObject\",\"inLanguage\":\"es\",\"@id\":\"https:\/\/medicina.udd.cl\/medicina-santiago\/persona\/paulette-conget\/#primaryimage\",\"url\":\"https:\/\/medicina.udd.cl\/medicina-santiago\/files\/2014\/12\/Paulette-Conget.byn_.jpg\",\"contentUrl\":\"https:\/\/medicina.udd.cl\/medicina-santiago\/files\/2014\/12\/Paulette-Conget.byn_.jpg\",\"width\":944,\"height\":1023},{\"@type\":\"BreadcrumbList\",\"@id\":\"https:\/\/medicina.udd.cl\/medicina-santiago\/persona\/paulette-conget\/#breadcrumb\",\"itemListElement\":[{\"@type\":\"ListItem\",\"position\":1,\"name\":\"Home\",\"item\":\"https:\/\/medicina.udd.cl\/medicina-santiago\/\"},{\"@type\":\"ListItem\",\"position\":2,\"name\":\"Personas\",\"item\":\"https:\/\/medicina.udd.cl\/medicina-santiago\/persona\/\"},{\"@type\":\"ListItem\",\"position\":3,\"name\":\"Paulette Conget\"}]},{\"@type\":\"WebSite\",\"@id\":\"https:\/\/medicina.udd.cl\/medicina-santiago\/#website\",\"url\":\"https:\/\/medicina.udd.cl\/medicina-santiago\/\",\"name\":\"Medicina\",\"description\":\"Facultad de Medicina Cl\u00ednica Alemana Universidad del Desarrollo\",\"inLanguage\":\"es\"}]}<\/script>\n<!-- \/ Yoast SEO plugin. -->","yoast_head_json":{"title":"Paulette Conget - Medicina","robots":{"index":"index","follow":"follow","max-snippet":"max-snippet:-1","max-image-preview":"max-image-preview:large","max-video-preview":"max-video-preview:-1"},"canonical":"https:\/\/medicina.udd.cl\/medicina-santiago\/persona\/paulette-conget\/","og_locale":"es_ES","og_type":"article","og_title":"Paulette Conget - Medicina","og_url":"https:\/\/medicina.udd.cl\/medicina-santiago\/persona\/paulette-conget\/","og_site_name":"Medicina","article_modified_time":"2020-05-02T04:13:48+00:00","og_image":[{"width":944,"height":1023,"url":"https:\/\/medicina.udd.cl\/medicina-santiago\/files\/2014\/12\/Paulette-Conget.byn_.jpg","type":"image\/jpeg"}],"schema":{"@context":"https:\/\/schema.org","@graph":[{"@type":"WebPage","@id":"https:\/\/medicina.udd.cl\/medicina-santiago\/persona\/paulette-conget\/","url":"https:\/\/medicina.udd.cl\/medicina-santiago\/persona\/paulette-conget\/","name":"Paulette Conget - Medicina","isPartOf":{"@id":"https:\/\/medicina.udd.cl\/medicina-santiago\/#website"},"primaryImageOfPage":{"@id":"https:\/\/medicina.udd.cl\/medicina-santiago\/persona\/paulette-conget\/#primaryimage"},"image":{"@id":"https:\/\/medicina.udd.cl\/medicina-santiago\/persona\/paulette-conget\/#primaryimage"},"thumbnailUrl":"https:\/\/medicina.udd.cl\/medicina-santiago\/files\/2014\/12\/Paulette-Conget.byn_.jpg","datePublished":"2014-12-11T15:29:46+00:00","dateModified":"2020-05-02T04:13:48+00:00","breadcrumb":{"@id":"https:\/\/medicina.udd.cl\/medicina-santiago\/persona\/paulette-conget\/#breadcrumb"},"inLanguage":"es","potentialAction":[{"@type":"ReadAction","target":["https:\/\/medicina.udd.cl\/medicina-santiago\/persona\/paulette-conget\/"]}]},{"@type":"ImageObject","inLanguage":"es","@id":"https:\/\/medicina.udd.cl\/medicina-santiago\/persona\/paulette-conget\/#primaryimage","url":"https:\/\/medicina.udd.cl\/medicina-santiago\/files\/2014\/12\/Paulette-Conget.byn_.jpg","contentUrl":"https:\/\/medicina.udd.cl\/medicina-santiago\/files\/2014\/12\/Paulette-Conget.byn_.jpg","width":944,"height":1023},{"@type":"BreadcrumbList","@id":"https:\/\/medicina.udd.cl\/medicina-santiago\/persona\/paulette-conget\/#breadcrumb","itemListElement":[{"@type":"ListItem","position":1,"name":"Home","item":"https:\/\/medicina.udd.cl\/medicina-santiago\/"},{"@type":"ListItem","position":2,"name":"Personas","item":"https:\/\/medicina.udd.cl\/medicina-santiago\/persona\/"},{"@type":"ListItem","position":3,"name":"Paulette Conget"}]},{"@type":"WebSite","@id":"https:\/\/medicina.udd.cl\/medicina-santiago\/#website","url":"https:\/\/medicina.udd.cl\/medicina-santiago\/","name":"Medicina","description":"Facultad de Medicina Cl\u00ednica Alemana Universidad del Desarrollo","inLanguage":"es"}]}},"label":"Paulette Conget","role":"Profesora a cargo Bioqu\u00edmica, Biolog\u00eda molecular e inmunolog\u00eda y Unidad de Investigaci\u00f3n","thumbnail_url":"https:\/\/medicina.udd.cl\/medicina-santiago\/files\/2014\/12\/Paulette-Conget.byn_-500x500.jpg","email":"pconget@udd.cl","tel_job":"","content":{"rendered":"<div class=\"person-modal person-modal--scl\">\n\t<header class=\"person-modal__header\">\n\t\t<div class=\"person-modal__bg\"><\/div>\n\t\t<div class=\"modal-container\">\n\t\t\t\t\t\t<div class=\"person-modal__media\">\n\t\t\t\t<img width=\"500\" height=\"500\" src=\"https:\/\/medicina.udd.cl\/medicina-santiago\/files\/2014\/12\/Paulette-Conget.byn_-500x500.jpg\" class=\"person-modal__image wp-post-image\" alt=\"\" decoding=\"async\" loading=\"lazy\" srcset=\"https:\/\/medicina.udd.cl\/medicina-santiago\/files\/2014\/12\/Paulette-Conget.byn_-500x500.jpg 500w, https:\/\/medicina.udd.cl\/medicina-santiago\/files\/2014\/12\/Paulette-Conget.byn_-150x150.jpg 150w, https:\/\/medicina.udd.cl\/medicina-santiago\/files\/2014\/12\/Paulette-Conget.byn_-62x62.jpg 62w, https:\/\/medicina.udd.cl\/medicina-santiago\/files\/2014\/12\/Paulette-Conget.byn_-750x750.jpg 750w, https:\/\/medicina.udd.cl\/medicina-santiago\/files\/2014\/12\/Paulette-Conget.byn_-250x250.jpg 250w, https:\/\/medicina.udd.cl\/medicina-santiago\/files\/2014\/12\/Paulette-Conget.byn_-126x126.jpg 126w\" sizes=\"auto, (max-width: 500px) 100vw, 500px\" \/>\t\t\t<\/div>\n\t\t\t\t\t\t<div class=\"person-modal__data\">\n\t\t\t\t<h1 class=\"person-modal__name\">Paulette Conget<\/h1>\n\t\t\t\t\t\t\t<span class=\"person-modal__description\">Profesora a cargo Bioqu\u00edmica, Biolog\u00eda molecular e inmunolog\u00eda y Unidad de Investigaci\u00f3n<\/span>\n\t\t\t\t\t\t\t\t\t\t\t\t\t<a href=\"mailto:pc&#111;n&#103;&#101;&#116;&#064;u&#100;&#100;&#046;c&#108;\" class=\"person-modal__email\">&#112;c&#111;n&#103;e&#116;&#64;udd&#46;cl<\/a>\n\t\t\t\t\t\t\t\t\t<\/div>\n\t\t<\/div>\n\t<\/header>\n\t<div class=\"modal-container\">\n\t\t\t<div class=\"person-modal__content text\">\n\t\t\t\t\t\t\t\t\t\t<ul>\n<li>Licenciado en Bioqu\u00edmica. Facultad de Ciencias Biol\u00f3gicas. Pontificia Universidad Cat\u00f3lica de Chile<\/li>\n<li>Doctor en Ciencias, menci\u00f3n Biolog\u00eda Molecular y Celular. Facultad de Ciencias. Universidad de Chile<\/li>\n<\/ul>\n<p>&nbsp;<\/p>\n\t\t<\/div>\n\t<\/div>\n<\/div>\n"},"identifier":"8b1bd62304057d2e2f74da7798d074072eaa979b","has_credential":[],"given_name":"Paulette","family_name":"Conget","name":"Paulette Conget","job_title":"Profesora a cargo Bioqu\u00edmica, Biolog\u00eda molecular e inmunolog\u00eda y Unidad de Investigaci\u00f3n","telephone":"","note":"","im":"","_self_schedule":null,"_links":{"self":[{"href":"https:\/\/medicina.udd.cl\/medicina-santiago\/wp-json\/wp\/v2\/people\/2891","targetHints":{"allow":["GET"]}}],"collection":[{"href":"https:\/\/medicina.udd.cl\/medicina-santiago\/wp-json\/wp\/v2\/people"}],"about":[{"href":"https:\/\/medicina.udd.cl\/medicina-santiago\/wp-json\/wp\/v2\/types\/person"}],"wp:featuredmedia":[{"embeddable":true,"href":"https:\/\/medicina.udd.cl\/medicina-santiago\/wp-json\/wp\/v2\/media\/6727"}],"wp:attachment":[{"href":"https:\/\/medicina.udd.cl\/medicina-santiago\/wp-json\/wp\/v2\/media?parent=2891"}],"wp:term":[{"taxonomy":"people_tax","embeddable":true,"href":"https:\/\/medicina.udd.cl\/medicina-santiago\/wp-json\/wp\/v2\/people_tax?post=2891"},{"taxonomy":"people_areas","embeddable":true,"href":"https:\/\/medicina.udd.cl\/medicina-santiago\/wp-json\/wp\/v2\/people_areas?post=2891"},{"taxonomy":"people_levels","embeddable":true,"href":"https:\/\/medicina.udd.cl\/medicina-santiago\/wp-json\/wp\/v2\/people_levels?post=2891"}],"curies":[{"name":"wp","href":"https:\/\/api.w.org\/{rel}","templated":true}]}}

<!-- This site is optimized with the Yoast SEO plugin v26.9 - https://yoast.com/product/yoast-seo-wordpress/ -->
<title>Paulette Conget - Medicina</title>
<meta name="robots" content="index, follow, max-snippet:-1, max-image-preview:large, max-video-preview:-1" />
<link rel="canonical" href="https://medicina.udd.cl/medicina-santiago/persona/paulette-conget/" />
<meta property="og:locale" content="es_ES" />
<meta property="og:type" content="article" />
<meta property="og:title" content="Paulette Conget - Medicina" />
<meta property="og:url" content="https://medicina.udd.cl/medicina-santiago/persona/paulette-conget/" />
<meta property="og:site_name" content="Medicina" />
<meta property="article:modified_time" content="2020-05-02T04:13:48+00:00" />
<meta property="og:image" content="https://medicina.udd.cl/medicina-santiago/files/2014/12/Paulette-Conget.byn_.jpg" />
	<meta property="og:image:width" content="944" />
	<meta property="og:image:height" content="1023" />
	<meta property="og:image:type" content="image/jpeg" />
<script type="application/ld+json" class="yoast-schema-graph">{"@context":"https://schema.org","@graph":[{"@type":"WebPage","@id":"https://medicina.udd.cl/medicina-santiago/persona/paulette-conget/","url":"https://medicina.udd.cl/medicina-santiago/persona/paulette-conget/","name":"Paulette Conget - Medicina","isPartOf":{"@id":"https://medicina.udd.cl/medicina-santiago/#website"},"primaryImageOfPage":{"@id":"https://medicina.udd.cl/medicina-santiago/persona/paulette-conget/#primaryimage"},"image":{"@id":"https://medicina.udd.cl/medicina-santiago/persona/paulette-conget/#primaryimage"},"thumbnailUrl":"https://medicina.udd.cl/medicina-santiago/files/2014/12/Paulette-Conget.byn_.jpg","datePublished":"2014-12-11T15:29:46+00:00","dateModified":"2020-05-02T04:13:48+00:00","breadcrumb":{"@id":"https://medicina.udd.cl/medicina-santiago/persona/paulette-conget/#breadcrumb"},"inLanguage":"es","potentialAction":[{"@type":"ReadAction","target":["https://medicina.udd.cl/medicina-santiago/persona/paulette-conget/"]}]},{"@type":"ImageObject","inLanguage":"es","@id":"https://medicina.udd.cl/medicina-santiago/persona/paulette-conget/#primaryimage","url":"https://medicina.udd.cl/medicina-santiago/files/2014/12/Paulette-Conget.byn_.jpg","contentUrl":"https://medicina.udd.cl/medicina-santiago/files/2014/12/Paulette-Conget.byn_.jpg","width":944,"height":1023},{"@type":"BreadcrumbList","@id":"https://medicina.udd.cl/medicina-santiago/persona/paulette-conget/#breadcrumb","itemListElement":[{"@type":"ListItem","position":1,"name":"Home","item":"https://medicina.udd.cl/medicina-santiago/"},{"@type":"ListItem","position":2,"name":"Personas","item":"https://medicina.udd.cl/medicina-santiago/persona/"},{"@type":"ListItem","position":3,"name":"Paulette Conget"}]},{"@type":"WebSite","@id":"https://medicina.udd.cl/medicina-santiago/#website","url":"https://medicina.udd.cl/medicina-santiago/","name":"Medicina","description":"Facultad de Medicina Clínica Alemana Universidad del Desarrollo","inLanguage":"es"}]}</script>
<!-- / Yoast SEO plugin. -->

Facultad de Medicina Clínica Alemana Universidad del Desarrollo

Profesora a cargo Bioquímica, Biología molecular e inmunología y Unidad de Investigación

<div class="person-modal person-modal--scl">
	<header class="person-modal__header">
		<div class="person-modal__bg"></div>
		<div class="modal-container">
						<div class="person-modal__media">
				<img width="500" height="500" src="https://medicina.udd.cl/medicina-santiago/files/2014/12/Paulette-Conget.byn_-500x500.jpg" class="person-modal__image wp-post-image" alt="" decoding="async" loading="lazy" srcset="https://medicina.udd.cl/medicina-santiago/files/2014/12/Paulette-Conget.byn_-500x500.jpg 500w, https://medicina.udd.cl/medicina-santiago/files/2014/12/Paulette-Conget.byn_-150x150.jpg 150w, https://medicina.udd.cl/medicina-santiago/files/2014/12/Paulette-Conget.byn_-62x62.jpg 62w, https://medicina.udd.cl/medicina-santiago/files/2014/12/Paulette-Conget.byn_-750x750.jpg 750w, https://medicina.udd.cl/medicina-santiago/files/2014/12/Paulette-Conget.byn_-250x250.jpg 250w, https://medicina.udd.cl/medicina-santiago/files/2014/12/Paulette-Conget.byn_-126x126.jpg 126w" sizes="auto, (max-width: 500px) 100vw, 500px" />			</div>
						<div class="person-modal__data">
				<h1 class="person-modal__name">Paulette Conget</h1>
							<span class="person-modal__description">Profesora a cargo Bioquímica, Biología molecular e inmunología y Unidad de Investigación</span>
													<a href="mailto:pc&#111;n&#103;&#101;&#116;&#064;u&#100;&#100;&#046;c&#108;" class="person-modal__email">&#112;c&#111;n&#103;e&#116;&#64;udd&#46;cl</a>
									</div>
		</div>
	</header>
	<div class="modal-container">
			<div class="person-modal__content text">
										<ul>
<li>Licenciado en Bioquímica. Facultad de Ciencias Biológicas. Pontificia Universidad Católica de Chile</li>
<li>Doctor en Ciencias, mención Biología Molecular y Celular. Facultad de Ciencias. Universidad de Chile</li>
</ul>
<p>&nbsp;</p>
		</div>
	</div>
</div>
