{"id":6493,"date":"2019-12-27T11:20:08","date_gmt":"2019-12-27T14:20:08","guid":{"rendered":"http:\/\/medicina.udd.cl\/medicina-santiago\/?post_type=person&#038;p=6493"},"modified":"2022-05-02T17:10:59","modified_gmt":"2022-05-02T21:10:59","slug":"luis-thompson","status":"publish","type":"person","link":"https:\/\/medicina.udd.cl\/medicina-santiago\/persona\/luis-thompson\/","title":{"rendered":"Luis  Thompson"},"featured_media":6720,"template":"","people_tax":[],"people_areas":[],"people_levels":[],"class_list":["post-6493","person","type-person","status-publish","has-post-thumbnail","hentry"],"yoast_head":"<!-- This site is optimized with the Yoast SEO plugin v26.9 - https:\/\/yoast.com\/product\/yoast-seo-wordpress\/ -->\n<title>Luis Thompson - Medicina<\/title>\n<meta name=\"robots\" content=\"index, follow, max-snippet:-1, max-image-preview:large, max-video-preview:-1\" \/>\n<link rel=\"canonical\" href=\"https:\/\/medicina.udd.cl\/medicina-santiago\/persona\/luis-thompson\/\" \/>\n<meta property=\"og:locale\" content=\"es_ES\" \/>\n<meta property=\"og:type\" content=\"article\" \/>\n<meta property=\"og:title\" content=\"Luis Thompson - Medicina\" \/>\n<meta property=\"og:url\" content=\"https:\/\/medicina.udd.cl\/medicina-santiago\/persona\/luis-thompson\/\" \/>\n<meta property=\"og:site_name\" content=\"Medicina\" \/>\n<meta property=\"article:modified_time\" content=\"2022-05-02T21:10:59+00:00\" \/>\n<meta property=\"og:image\" content=\"https:\/\/medicina.udd.cl\/medicina-santiago\/files\/2019\/12\/Luis-Thompson.byn_.jpg\" \/>\n\t<meta property=\"og:image:width\" content=\"2780\" \/>\n\t<meta property=\"og:image:height\" content=\"3340\" \/>\n\t<meta property=\"og:image:type\" content=\"image\/jpeg\" \/>\n<script type=\"application\/ld+json\" class=\"yoast-schema-graph\">{\"@context\":\"https:\/\/schema.org\",\"@graph\":[{\"@type\":\"WebPage\",\"@id\":\"https:\/\/medicina.udd.cl\/medicina-santiago\/persona\/luis-thompson\/\",\"url\":\"https:\/\/medicina.udd.cl\/medicina-santiago\/persona\/luis-thompson\/\",\"name\":\"Luis Thompson - Medicina\",\"isPartOf\":{\"@id\":\"https:\/\/medicina.udd.cl\/medicina-santiago\/#website\"},\"primaryImageOfPage\":{\"@id\":\"https:\/\/medicina.udd.cl\/medicina-santiago\/persona\/luis-thompson\/#primaryimage\"},\"image\":{\"@id\":\"https:\/\/medicina.udd.cl\/medicina-santiago\/persona\/luis-thompson\/#primaryimage\"},\"thumbnailUrl\":\"https:\/\/medicina.udd.cl\/medicina-santiago\/files\/2019\/12\/Luis-Thompson.byn_.jpg\",\"datePublished\":\"2019-12-27T14:20:08+00:00\",\"dateModified\":\"2022-05-02T21:10:59+00:00\",\"breadcrumb\":{\"@id\":\"https:\/\/medicina.udd.cl\/medicina-santiago\/persona\/luis-thompson\/#breadcrumb\"},\"inLanguage\":\"es\",\"potentialAction\":[{\"@type\":\"ReadAction\",\"target\":[\"https:\/\/medicina.udd.cl\/medicina-santiago\/persona\/luis-thompson\/\"]}]},{\"@type\":\"ImageObject\",\"inLanguage\":\"es\",\"@id\":\"https:\/\/medicina.udd.cl\/medicina-santiago\/persona\/luis-thompson\/#primaryimage\",\"url\":\"https:\/\/medicina.udd.cl\/medicina-santiago\/files\/2019\/12\/Luis-Thompson.byn_.jpg\",\"contentUrl\":\"https:\/\/medicina.udd.cl\/medicina-santiago\/files\/2019\/12\/Luis-Thompson.byn_.jpg\",\"width\":2780,\"height\":3340},{\"@type\":\"BreadcrumbList\",\"@id\":\"https:\/\/medicina.udd.cl\/medicina-santiago\/persona\/luis-thompson\/#breadcrumb\",\"itemListElement\":[{\"@type\":\"ListItem\",\"position\":1,\"name\":\"Home\",\"item\":\"https:\/\/medicina.udd.cl\/medicina-santiago\/\"},{\"@type\":\"ListItem\",\"position\":2,\"name\":\"Personas\",\"item\":\"https:\/\/medicina.udd.cl\/medicina-santiago\/persona\/\"},{\"@type\":\"ListItem\",\"position\":3,\"name\":\"Luis Thompson\"}]},{\"@type\":\"WebSite\",\"@id\":\"https:\/\/medicina.udd.cl\/medicina-santiago\/#website\",\"url\":\"https:\/\/medicina.udd.cl\/medicina-santiago\/\",\"name\":\"Medicina\",\"description\":\"Facultad de Medicina Cl\u00ednica Alemana Universidad del Desarrollo\",\"inLanguage\":\"es\"}]}<\/script>\n<!-- \/ Yoast SEO plugin. -->","yoast_head_json":{"title":"Luis Thompson - Medicina","robots":{"index":"index","follow":"follow","max-snippet":"max-snippet:-1","max-image-preview":"max-image-preview:large","max-video-preview":"max-video-preview:-1"},"canonical":"https:\/\/medicina.udd.cl\/medicina-santiago\/persona\/luis-thompson\/","og_locale":"es_ES","og_type":"article","og_title":"Luis Thompson - Medicina","og_url":"https:\/\/medicina.udd.cl\/medicina-santiago\/persona\/luis-thompson\/","og_site_name":"Medicina","article_modified_time":"2022-05-02T21:10:59+00:00","og_image":[{"width":2780,"height":3340,"url":"https:\/\/medicina.udd.cl\/medicina-santiago\/files\/2019\/12\/Luis-Thompson.byn_.jpg","type":"image\/jpeg"}],"schema":{"@context":"https:\/\/schema.org","@graph":[{"@type":"WebPage","@id":"https:\/\/medicina.udd.cl\/medicina-santiago\/persona\/luis-thompson\/","url":"https:\/\/medicina.udd.cl\/medicina-santiago\/persona\/luis-thompson\/","name":"Luis Thompson - Medicina","isPartOf":{"@id":"https:\/\/medicina.udd.cl\/medicina-santiago\/#website"},"primaryImageOfPage":{"@id":"https:\/\/medicina.udd.cl\/medicina-santiago\/persona\/luis-thompson\/#primaryimage"},"image":{"@id":"https:\/\/medicina.udd.cl\/medicina-santiago\/persona\/luis-thompson\/#primaryimage"},"thumbnailUrl":"https:\/\/medicina.udd.cl\/medicina-santiago\/files\/2019\/12\/Luis-Thompson.byn_.jpg","datePublished":"2019-12-27T14:20:08+00:00","dateModified":"2022-05-02T21:10:59+00:00","breadcrumb":{"@id":"https:\/\/medicina.udd.cl\/medicina-santiago\/persona\/luis-thompson\/#breadcrumb"},"inLanguage":"es","potentialAction":[{"@type":"ReadAction","target":["https:\/\/medicina.udd.cl\/medicina-santiago\/persona\/luis-thompson\/"]}]},{"@type":"ImageObject","inLanguage":"es","@id":"https:\/\/medicina.udd.cl\/medicina-santiago\/persona\/luis-thompson\/#primaryimage","url":"https:\/\/medicina.udd.cl\/medicina-santiago\/files\/2019\/12\/Luis-Thompson.byn_.jpg","contentUrl":"https:\/\/medicina.udd.cl\/medicina-santiago\/files\/2019\/12\/Luis-Thompson.byn_.jpg","width":2780,"height":3340},{"@type":"BreadcrumbList","@id":"https:\/\/medicina.udd.cl\/medicina-santiago\/persona\/luis-thompson\/#breadcrumb","itemListElement":[{"@type":"ListItem","position":1,"name":"Home","item":"https:\/\/medicina.udd.cl\/medicina-santiago\/"},{"@type":"ListItem","position":2,"name":"Personas","item":"https:\/\/medicina.udd.cl\/medicina-santiago\/persona\/"},{"@type":"ListItem","position":3,"name":"Luis Thompson"}]},{"@type":"WebSite","@id":"https:\/\/medicina.udd.cl\/medicina-santiago\/#website","url":"https:\/\/medicina.udd.cl\/medicina-santiago\/","name":"Medicina","description":"Facultad de Medicina Cl\u00ednica Alemana Universidad del Desarrollo","inLanguage":"es"}]}},"label":"Luis  Thompson","role":"Profesor a cargo Integrado Cl\u00ednicas M\u00e9dico Quir\u00fargicas II","thumbnail_url":"https:\/\/medicina.udd.cl\/medicina-santiago\/files\/2019\/12\/Luis-Thompson.byn_-500x500.jpg","email":"","tel_job":"","content":{"rendered":"<div class=\"person-modal person-modal--scl\">\n\t<header class=\"person-modal__header\">\n\t\t<div class=\"person-modal__bg\"><\/div>\n\t\t<div class=\"modal-container\">\n\t\t\t\t\t\t<div class=\"person-modal__media\">\n\t\t\t\t<img width=\"500\" height=\"500\" src=\"https:\/\/medicina.udd.cl\/medicina-santiago\/files\/2019\/12\/Luis-Thompson.byn_-500x500.jpg\" class=\"person-modal__image wp-post-image\" alt=\"\" decoding=\"async\" loading=\"lazy\" srcset=\"https:\/\/medicina.udd.cl\/medicina-santiago\/files\/2019\/12\/Luis-Thompson.byn_-500x500.jpg 500w, https:\/\/medicina.udd.cl\/medicina-santiago\/files\/2019\/12\/Luis-Thompson.byn_-150x150.jpg 150w, https:\/\/medicina.udd.cl\/medicina-santiago\/files\/2019\/12\/Luis-Thompson.byn_-62x62.jpg 62w, https:\/\/medicina.udd.cl\/medicina-santiago\/files\/2019\/12\/Luis-Thompson.byn_-750x750.jpg 750w, https:\/\/medicina.udd.cl\/medicina-santiago\/files\/2019\/12\/Luis-Thompson.byn_-250x250.jpg 250w, https:\/\/medicina.udd.cl\/medicina-santiago\/files\/2019\/12\/Luis-Thompson.byn_-126x126.jpg 126w\" sizes=\"auto, (max-width: 500px) 100vw, 500px\" \/>\t\t\t<\/div>\n\t\t\t\t\t\t<div class=\"person-modal__data\">\n\t\t\t\t<h1 class=\"person-modal__name\">Luis  Thompson<\/h1>\n\t\t\t\t\t\t\t<span class=\"person-modal__description\">Profesor a cargo Integrado Cl\u00ednicas M\u00e9dico Quir\u00fargicas II<\/span>\n\t\t\t\t\t\t\t\t\t\t\t\t\t\t\t<\/div>\n\t\t<\/div>\n\t<\/header>\n\t<div class=\"modal-container\">\n\t\t\t<div class=\"person-modal__content text\">\n\t\t\t\t\t\t\t\t\t\t\t\t\t\t\t<ul>\n<li>M\u00e9dico Cirujano<\/li>\n<li>Especialista en Medicina Interna<\/li>\n<li>Subespecialista en Microbiolog\u00eda<\/li>\n<\/ul>\n\t\t<\/div>\n\t<\/div>\n<\/div>\n"},"identifier":"729ac9a5b0455a68a5707454e8860394b9528999","has_credential":[],"given_name":"Luis ","family_name":"Thompson","name":"Luis  Thompson","job_title":"Profesor a cargo Integrado Cl\u00ednicas M\u00e9dico Quir\u00fargicas II","telephone":"","note":"\r\n","im":"","_self_schedule":null,"_links":{"self":[{"href":"https:\/\/medicina.udd.cl\/medicina-santiago\/wp-json\/wp\/v2\/people\/6493","targetHints":{"allow":["GET"]}}],"collection":[{"href":"https:\/\/medicina.udd.cl\/medicina-santiago\/wp-json\/wp\/v2\/people"}],"about":[{"href":"https:\/\/medicina.udd.cl\/medicina-santiago\/wp-json\/wp\/v2\/types\/person"}],"wp:featuredmedia":[{"embeddable":true,"href":"https:\/\/medicina.udd.cl\/medicina-santiago\/wp-json\/wp\/v2\/media\/6720"}],"wp:attachment":[{"href":"https:\/\/medicina.udd.cl\/medicina-santiago\/wp-json\/wp\/v2\/media?parent=6493"}],"wp:term":[{"taxonomy":"people_tax","embeddable":true,"href":"https:\/\/medicina.udd.cl\/medicina-santiago\/wp-json\/wp\/v2\/people_tax?post=6493"},{"taxonomy":"people_areas","embeddable":true,"href":"https:\/\/medicina.udd.cl\/medicina-santiago\/wp-json\/wp\/v2\/people_areas?post=6493"},{"taxonomy":"people_levels","embeddable":true,"href":"https:\/\/medicina.udd.cl\/medicina-santiago\/wp-json\/wp\/v2\/people_levels?post=6493"}],"curies":[{"name":"wp","href":"https:\/\/api.w.org\/{rel}","templated":true}]}}

<!-- This site is optimized with the Yoast SEO plugin v26.9 - https://yoast.com/product/yoast-seo-wordpress/ -->
<title>Luis Thompson - Medicina</title>
<meta name="robots" content="index, follow, max-snippet:-1, max-image-preview:large, max-video-preview:-1" />
<link rel="canonical" href="https://medicina.udd.cl/medicina-santiago/persona/luis-thompson/" />
<meta property="og:locale" content="es_ES" />
<meta property="og:type" content="article" />
<meta property="og:title" content="Luis Thompson - Medicina" />
<meta property="og:url" content="https://medicina.udd.cl/medicina-santiago/persona/luis-thompson/" />
<meta property="og:site_name" content="Medicina" />
<meta property="article:modified_time" content="2022-05-02T21:10:59+00:00" />
<meta property="og:image" content="https://medicina.udd.cl/medicina-santiago/files/2019/12/Luis-Thompson.byn_.jpg" />
	<meta property="og:image:width" content="2780" />
	<meta property="og:image:height" content="3340" />
	<meta property="og:image:type" content="image/jpeg" />
<script type="application/ld+json" class="yoast-schema-graph">{"@context":"https://schema.org","@graph":[{"@type":"WebPage","@id":"https://medicina.udd.cl/medicina-santiago/persona/luis-thompson/","url":"https://medicina.udd.cl/medicina-santiago/persona/luis-thompson/","name":"Luis Thompson - Medicina","isPartOf":{"@id":"https://medicina.udd.cl/medicina-santiago/#website"},"primaryImageOfPage":{"@id":"https://medicina.udd.cl/medicina-santiago/persona/luis-thompson/#primaryimage"},"image":{"@id":"https://medicina.udd.cl/medicina-santiago/persona/luis-thompson/#primaryimage"},"thumbnailUrl":"https://medicina.udd.cl/medicina-santiago/files/2019/12/Luis-Thompson.byn_.jpg","datePublished":"2019-12-27T14:20:08+00:00","dateModified":"2022-05-02T21:10:59+00:00","breadcrumb":{"@id":"https://medicina.udd.cl/medicina-santiago/persona/luis-thompson/#breadcrumb"},"inLanguage":"es","potentialAction":[{"@type":"ReadAction","target":["https://medicina.udd.cl/medicina-santiago/persona/luis-thompson/"]}]},{"@type":"ImageObject","inLanguage":"es","@id":"https://medicina.udd.cl/medicina-santiago/persona/luis-thompson/#primaryimage","url":"https://medicina.udd.cl/medicina-santiago/files/2019/12/Luis-Thompson.byn_.jpg","contentUrl":"https://medicina.udd.cl/medicina-santiago/files/2019/12/Luis-Thompson.byn_.jpg","width":2780,"height":3340},{"@type":"BreadcrumbList","@id":"https://medicina.udd.cl/medicina-santiago/persona/luis-thompson/#breadcrumb","itemListElement":[{"@type":"ListItem","position":1,"name":"Home","item":"https://medicina.udd.cl/medicina-santiago/"},{"@type":"ListItem","position":2,"name":"Personas","item":"https://medicina.udd.cl/medicina-santiago/persona/"},{"@type":"ListItem","position":3,"name":"Luis Thompson"}]},{"@type":"WebSite","@id":"https://medicina.udd.cl/medicina-santiago/#website","url":"https://medicina.udd.cl/medicina-santiago/","name":"Medicina","description":"Facultad de Medicina Clínica Alemana Universidad del Desarrollo","inLanguage":"es"}]}</script>
<!-- / Yoast SEO plugin. -->

Facultad de Medicina Clínica Alemana Universidad del Desarrollo

Profesor a cargo Integrado Clínicas Médico Quirúrgicas II

<div class="person-modal person-modal--scl">
	<header class="person-modal__header">
		<div class="person-modal__bg"></div>
		<div class="modal-container">
						<div class="person-modal__media">
				<img width="500" height="500" src="https://medicina.udd.cl/medicina-santiago/files/2019/12/Luis-Thompson.byn_-500x500.jpg" class="person-modal__image wp-post-image" alt="" decoding="async" loading="lazy" srcset="https://medicina.udd.cl/medicina-santiago/files/2019/12/Luis-Thompson.byn_-500x500.jpg 500w, https://medicina.udd.cl/medicina-santiago/files/2019/12/Luis-Thompson.byn_-150x150.jpg 150w, https://medicina.udd.cl/medicina-santiago/files/2019/12/Luis-Thompson.byn_-62x62.jpg 62w, https://medicina.udd.cl/medicina-santiago/files/2019/12/Luis-Thompson.byn_-750x750.jpg 750w, https://medicina.udd.cl/medicina-santiago/files/2019/12/Luis-Thompson.byn_-250x250.jpg 250w, https://medicina.udd.cl/medicina-santiago/files/2019/12/Luis-Thompson.byn_-126x126.jpg 126w" sizes="auto, (max-width: 500px) 100vw, 500px" />			</div>
						<div class="person-modal__data">
				<h1 class="person-modal__name">Luis  Thompson</h1>
							<span class="person-modal__description">Profesor a cargo Integrado Clínicas Médico Quirúrgicas II</span>
															</div>
		</div>
	</header>
	<div class="modal-container">
			<div class="person-modal__content text">
															<ul>
<li>Médico Cirujano</li>
<li>Especialista en Medicina Interna</li>
<li>Subespecialista en Microbiología</li>
</ul>
		</div>
	</div>
</div>
