{"id":6503,"date":"2019-12-27T11:38:05","date_gmt":"2019-12-27T14:38:05","guid":{"rendered":"http:\/\/medicina.udd.cl\/medicina-santiago\/?post_type=person&#038;p=6503"},"modified":"2022-05-02T16:57:34","modified_gmt":"2022-05-02T20:57:34","slug":"pablo-reyes","status":"publish","type":"person","link":"https:\/\/medicina.udd.cl\/medicina-santiago\/persona\/pablo-reyes\/","title":{"rendered":"Pablo Reyes"},"featured_media":6718,"template":"","people_tax":[],"people_areas":[],"people_levels":[],"class_list":["post-6503","person","type-person","status-publish","has-post-thumbnail","hentry"],"yoast_head":"<!-- This site is optimized with the Yoast SEO plugin v26.9 - https:\/\/yoast.com\/product\/yoast-seo-wordpress\/ -->\n<title>Pablo Reyes - Medicina<\/title>\n<meta name=\"robots\" content=\"index, follow, max-snippet:-1, max-image-preview:large, max-video-preview:-1\" \/>\n<link rel=\"canonical\" href=\"https:\/\/medicina.udd.cl\/medicina-santiago\/persona\/pablo-reyes\/\" \/>\n<meta property=\"og:locale\" content=\"es_ES\" \/>\n<meta property=\"og:type\" content=\"article\" \/>\n<meta property=\"og:title\" content=\"Pablo Reyes - Medicina\" \/>\n<meta property=\"og:url\" content=\"https:\/\/medicina.udd.cl\/medicina-santiago\/persona\/pablo-reyes\/\" \/>\n<meta property=\"og:site_name\" content=\"Medicina\" \/>\n<meta property=\"article:modified_time\" content=\"2022-05-02T20:57:34+00:00\" \/>\n<meta property=\"og:image\" content=\"https:\/\/medicina.udd.cl\/medicina-santiago\/files\/2019\/12\/Pablo-Reyes.byn22.jpg\" \/>\n\t<meta property=\"og:image:width\" content=\"308\" \/>\n\t<meta property=\"og:image:height\" content=\"328\" \/>\n\t<meta property=\"og:image:type\" content=\"image\/jpeg\" \/>\n<script type=\"application\/ld+json\" class=\"yoast-schema-graph\">{\"@context\":\"https:\/\/schema.org\",\"@graph\":[{\"@type\":\"WebPage\",\"@id\":\"https:\/\/medicina.udd.cl\/medicina-santiago\/persona\/pablo-reyes\/\",\"url\":\"https:\/\/medicina.udd.cl\/medicina-santiago\/persona\/pablo-reyes\/\",\"name\":\"Pablo Reyes - Medicina\",\"isPartOf\":{\"@id\":\"https:\/\/medicina.udd.cl\/medicina-santiago\/#website\"},\"primaryImageOfPage\":{\"@id\":\"https:\/\/medicina.udd.cl\/medicina-santiago\/persona\/pablo-reyes\/#primaryimage\"},\"image\":{\"@id\":\"https:\/\/medicina.udd.cl\/medicina-santiago\/persona\/pablo-reyes\/#primaryimage\"},\"thumbnailUrl\":\"https:\/\/medicina.udd.cl\/medicina-santiago\/files\/2019\/12\/Pablo-Reyes.byn22.jpg\",\"datePublished\":\"2019-12-27T14:38:05+00:00\",\"dateModified\":\"2022-05-02T20:57:34+00:00\",\"breadcrumb\":{\"@id\":\"https:\/\/medicina.udd.cl\/medicina-santiago\/persona\/pablo-reyes\/#breadcrumb\"},\"inLanguage\":\"es\",\"potentialAction\":[{\"@type\":\"ReadAction\",\"target\":[\"https:\/\/medicina.udd.cl\/medicina-santiago\/persona\/pablo-reyes\/\"]}]},{\"@type\":\"ImageObject\",\"inLanguage\":\"es\",\"@id\":\"https:\/\/medicina.udd.cl\/medicina-santiago\/persona\/pablo-reyes\/#primaryimage\",\"url\":\"https:\/\/medicina.udd.cl\/medicina-santiago\/files\/2019\/12\/Pablo-Reyes.byn22.jpg\",\"contentUrl\":\"https:\/\/medicina.udd.cl\/medicina-santiago\/files\/2019\/12\/Pablo-Reyes.byn22.jpg\",\"width\":308,\"height\":328,\"caption\":\"Retratos de los Colaboradores Campus Las Condes y Edificio Plaza de la Investigaci\u00f3n UDD. En Santiago: 11\/03\/2019. Fot\u00f3grafo: Valentino Saldivart.\"},{\"@type\":\"BreadcrumbList\",\"@id\":\"https:\/\/medicina.udd.cl\/medicina-santiago\/persona\/pablo-reyes\/#breadcrumb\",\"itemListElement\":[{\"@type\":\"ListItem\",\"position\":1,\"name\":\"Home\",\"item\":\"https:\/\/medicina.udd.cl\/medicina-santiago\/\"},{\"@type\":\"ListItem\",\"position\":2,\"name\":\"Personas\",\"item\":\"https:\/\/medicina.udd.cl\/medicina-santiago\/persona\/\"},{\"@type\":\"ListItem\",\"position\":3,\"name\":\"Pablo Reyes\"}]},{\"@type\":\"WebSite\",\"@id\":\"https:\/\/medicina.udd.cl\/medicina-santiago\/#website\",\"url\":\"https:\/\/medicina.udd.cl\/medicina-santiago\/\",\"name\":\"Medicina\",\"description\":\"Facultad de Medicina Cl\u00ednica Alemana Universidad del Desarrollo\",\"inLanguage\":\"es\"}]}<\/script>\n<!-- \/ Yoast SEO plugin. -->","yoast_head_json":{"title":"Pablo Reyes - Medicina","robots":{"index":"index","follow":"follow","max-snippet":"max-snippet:-1","max-image-preview":"max-image-preview:large","max-video-preview":"max-video-preview:-1"},"canonical":"https:\/\/medicina.udd.cl\/medicina-santiago\/persona\/pablo-reyes\/","og_locale":"es_ES","og_type":"article","og_title":"Pablo Reyes - Medicina","og_url":"https:\/\/medicina.udd.cl\/medicina-santiago\/persona\/pablo-reyes\/","og_site_name":"Medicina","article_modified_time":"2022-05-02T20:57:34+00:00","og_image":[{"width":308,"height":328,"url":"https:\/\/medicina.udd.cl\/medicina-santiago\/files\/2019\/12\/Pablo-Reyes.byn22.jpg","type":"image\/jpeg"}],"schema":{"@context":"https:\/\/schema.org","@graph":[{"@type":"WebPage","@id":"https:\/\/medicina.udd.cl\/medicina-santiago\/persona\/pablo-reyes\/","url":"https:\/\/medicina.udd.cl\/medicina-santiago\/persona\/pablo-reyes\/","name":"Pablo Reyes - Medicina","isPartOf":{"@id":"https:\/\/medicina.udd.cl\/medicina-santiago\/#website"},"primaryImageOfPage":{"@id":"https:\/\/medicina.udd.cl\/medicina-santiago\/persona\/pablo-reyes\/#primaryimage"},"image":{"@id":"https:\/\/medicina.udd.cl\/medicina-santiago\/persona\/pablo-reyes\/#primaryimage"},"thumbnailUrl":"https:\/\/medicina.udd.cl\/medicina-santiago\/files\/2019\/12\/Pablo-Reyes.byn22.jpg","datePublished":"2019-12-27T14:38:05+00:00","dateModified":"2022-05-02T20:57:34+00:00","breadcrumb":{"@id":"https:\/\/medicina.udd.cl\/medicina-santiago\/persona\/pablo-reyes\/#breadcrumb"},"inLanguage":"es","potentialAction":[{"@type":"ReadAction","target":["https:\/\/medicina.udd.cl\/medicina-santiago\/persona\/pablo-reyes\/"]}]},{"@type":"ImageObject","inLanguage":"es","@id":"https:\/\/medicina.udd.cl\/medicina-santiago\/persona\/pablo-reyes\/#primaryimage","url":"https:\/\/medicina.udd.cl\/medicina-santiago\/files\/2019\/12\/Pablo-Reyes.byn22.jpg","contentUrl":"https:\/\/medicina.udd.cl\/medicina-santiago\/files\/2019\/12\/Pablo-Reyes.byn22.jpg","width":308,"height":328,"caption":"Retratos de los Colaboradores Campus Las Condes y Edificio Plaza de la Investigaci\u00f3n UDD. En Santiago: 11\/03\/2019. Fot\u00f3grafo: Valentino Saldivart."},{"@type":"BreadcrumbList","@id":"https:\/\/medicina.udd.cl\/medicina-santiago\/persona\/pablo-reyes\/#breadcrumb","itemListElement":[{"@type":"ListItem","position":1,"name":"Home","item":"https:\/\/medicina.udd.cl\/medicina-santiago\/"},{"@type":"ListItem","position":2,"name":"Personas","item":"https:\/\/medicina.udd.cl\/medicina-santiago\/persona\/"},{"@type":"ListItem","position":3,"name":"Pablo Reyes"}]},{"@type":"WebSite","@id":"https:\/\/medicina.udd.cl\/medicina-santiago\/#website","url":"https:\/\/medicina.udd.cl\/medicina-santiago\/","name":"Medicina","description":"Facultad de Medicina Cl\u00ednica Alemana Universidad del Desarrollo","inLanguage":"es"}]}},"label":"Pablo Reyes","role":"Profesor de Fisiolog\u00eda - Miembro Consejo de carrera","thumbnail_url":"https:\/\/medicina.udd.cl\/medicina-santiago\/files\/2019\/12\/Pablo-Reyes.byn22.jpg","email":"preyes@udd.cl","tel_job":"","content":{"rendered":"<div class=\"person-modal person-modal--scl\">\n\t<header class=\"person-modal__header\">\n\t\t<div class=\"person-modal__bg\"><\/div>\n\t\t<div class=\"modal-container\">\n\t\t\t\t\t\t<div class=\"person-modal__media\">\n\t\t\t\t<img width=\"308\" height=\"328\" src=\"https:\/\/medicina.udd.cl\/medicina-santiago\/files\/2019\/12\/Pablo-Reyes.byn22.jpg\" class=\"person-modal__image wp-post-image\" alt=\"\" decoding=\"async\" loading=\"lazy\" srcset=\"https:\/\/medicina.udd.cl\/medicina-santiago\/files\/2019\/12\/Pablo-Reyes.byn22.jpg 308w, https:\/\/medicina.udd.cl\/medicina-santiago\/files\/2019\/12\/Pablo-Reyes.byn22-282x300.jpg 282w\" sizes=\"auto, (max-width: 308px) 100vw, 308px\" \/>\t\t\t<\/div>\n\t\t\t\t\t\t<div class=\"person-modal__data\">\n\t\t\t\t<h1 class=\"person-modal__name\">Pablo Reyes<\/h1>\n\t\t\t\t\t\t\t<span class=\"person-modal__description\">Profesor de Fisiolog\u00eda - Miembro Consejo de carrera<\/span>\n\t\t\t\t\t\t\t\t\t\t\t\t\t<a href=\"mailto:p&#114;e&#121;&#101;s&#064;u&#100;d.&#099;&#108;\" class=\"person-modal__email\">&#112;&#114;&#101;&#121;e&#115;&#64;&#117;&#100;&#100;.&#99;l<\/a>\n\t\t\t\t\t\t\t\t\t<\/div>\n\t\t<\/div>\n\t<\/header>\n\t<div class=\"modal-container\">\n\t\t\t<div class=\"person-modal__content text\">\n\t\t\t\t\t\t\t\t\t\t<ul>\n<li>Director Centro de Fisiolog\u00eda Celular e Integrativa, Instituto de Ciencias e Innovaci\u00f3n en Medicina (ICIM), Universidad del Desarrollo.<\/li>\n<li>Licenciado en ciencias (Biolog\u00eda), Universidad de Chile.<\/li>\n<li>Ph.D. en Ciencias Biol\u00f3gicas (Physiological Sciences), Pontificia Universidad Cat\u00f3lica de Chile.<\/li>\n<li>Licenciado Ciencias, menci\u00f3n Biolog\u00eda, Universidad de Chile, 1999.<\/li>\n<li>Doctor en Ciencias (PhD), menci\u00f3n Fisiolog\u00eda, P. Universidad Cat\u00f3lica Chile, 2006.<\/li>\n<li>Adiestramiento post-doctoral investigaci\u00f3n, Dept Biology, McMaster University, Hamilton, Ontario, Canada, 2007-2009.<\/li>\n<li>Docente Fisiolog\u00eda, Fac Medicina, CAS-Univ Desarrollo, Chile.<\/li>\n<li>Membres\u00eda: Sociedad Chilena Cs Fisiol\u00f3gicas; Internat Soc Arterial Chemoreception.<\/li>\n<li>Socio Regular Sociedad Chilena de Ciencias Fisiol\u00f3gicas.<\/li>\n<li>Publicaciones cient\u00edficas: 12 en ingl\u00e9s, per\u00edodo 2003-2012.<\/li>\n<\/ul>\n\t\t<\/div>\n\t<\/div>\n<\/div>\n"},"identifier":"b370a3f29fdff016adc06b0006d47e56a3ed7a72","has_credential":[],"given_name":"Pablo","family_name":"Reyes","name":"Pablo Reyes","job_title":"Profesor de Fisiolog\u00eda - Miembro Consejo de carrera","telephone":"","note":"","im":"","_self_schedule":null,"_links":{"self":[{"href":"https:\/\/medicina.udd.cl\/medicina-santiago\/wp-json\/wp\/v2\/people\/6503","targetHints":{"allow":["GET"]}}],"collection":[{"href":"https:\/\/medicina.udd.cl\/medicina-santiago\/wp-json\/wp\/v2\/people"}],"about":[{"href":"https:\/\/medicina.udd.cl\/medicina-santiago\/wp-json\/wp\/v2\/types\/person"}],"wp:featuredmedia":[{"embeddable":true,"href":"https:\/\/medicina.udd.cl\/medicina-santiago\/wp-json\/wp\/v2\/media\/6718"}],"wp:attachment":[{"href":"https:\/\/medicina.udd.cl\/medicina-santiago\/wp-json\/wp\/v2\/media?parent=6503"}],"wp:term":[{"taxonomy":"people_tax","embeddable":true,"href":"https:\/\/medicina.udd.cl\/medicina-santiago\/wp-json\/wp\/v2\/people_tax?post=6503"},{"taxonomy":"people_areas","embeddable":true,"href":"https:\/\/medicina.udd.cl\/medicina-santiago\/wp-json\/wp\/v2\/people_areas?post=6503"},{"taxonomy":"people_levels","embeddable":true,"href":"https:\/\/medicina.udd.cl\/medicina-santiago\/wp-json\/wp\/v2\/people_levels?post=6503"}],"curies":[{"name":"wp","href":"https:\/\/api.w.org\/{rel}","templated":true}]}}

<!-- This site is optimized with the Yoast SEO plugin v26.9 - https://yoast.com/product/yoast-seo-wordpress/ -->
<title>Pablo Reyes - Medicina</title>
<meta name="robots" content="index, follow, max-snippet:-1, max-image-preview:large, max-video-preview:-1" />
<link rel="canonical" href="https://medicina.udd.cl/medicina-santiago/persona/pablo-reyes/" />
<meta property="og:locale" content="es_ES" />
<meta property="og:type" content="article" />
<meta property="og:title" content="Pablo Reyes - Medicina" />
<meta property="og:url" content="https://medicina.udd.cl/medicina-santiago/persona/pablo-reyes/" />
<meta property="og:site_name" content="Medicina" />
<meta property="article:modified_time" content="2022-05-02T20:57:34+00:00" />
<meta property="og:image" content="https://medicina.udd.cl/medicina-santiago/files/2019/12/Pablo-Reyes.byn22.jpg" />
	<meta property="og:image:width" content="308" />
	<meta property="og:image:height" content="328" />
	<meta property="og:image:type" content="image/jpeg" />
<script type="application/ld+json" class="yoast-schema-graph">{"@context":"https://schema.org","@graph":[{"@type":"WebPage","@id":"https://medicina.udd.cl/medicina-santiago/persona/pablo-reyes/","url":"https://medicina.udd.cl/medicina-santiago/persona/pablo-reyes/","name":"Pablo Reyes - Medicina","isPartOf":{"@id":"https://medicina.udd.cl/medicina-santiago/#website"},"primaryImageOfPage":{"@id":"https://medicina.udd.cl/medicina-santiago/persona/pablo-reyes/#primaryimage"},"image":{"@id":"https://medicina.udd.cl/medicina-santiago/persona/pablo-reyes/#primaryimage"},"thumbnailUrl":"https://medicina.udd.cl/medicina-santiago/files/2019/12/Pablo-Reyes.byn22.jpg","datePublished":"2019-12-27T14:38:05+00:00","dateModified":"2022-05-02T20:57:34+00:00","breadcrumb":{"@id":"https://medicina.udd.cl/medicina-santiago/persona/pablo-reyes/#breadcrumb"},"inLanguage":"es","potentialAction":[{"@type":"ReadAction","target":["https://medicina.udd.cl/medicina-santiago/persona/pablo-reyes/"]}]},{"@type":"ImageObject","inLanguage":"es","@id":"https://medicina.udd.cl/medicina-santiago/persona/pablo-reyes/#primaryimage","url":"https://medicina.udd.cl/medicina-santiago/files/2019/12/Pablo-Reyes.byn22.jpg","contentUrl":"https://medicina.udd.cl/medicina-santiago/files/2019/12/Pablo-Reyes.byn22.jpg","width":308,"height":328,"caption":"Retratos de los Colaboradores Campus Las Condes y Edificio Plaza de la Investigación UDD. En Santiago: 11/03/2019. Fotógrafo: Valentino Saldivart."},{"@type":"BreadcrumbList","@id":"https://medicina.udd.cl/medicina-santiago/persona/pablo-reyes/#breadcrumb","itemListElement":[{"@type":"ListItem","position":1,"name":"Home","item":"https://medicina.udd.cl/medicina-santiago/"},{"@type":"ListItem","position":2,"name":"Personas","item":"https://medicina.udd.cl/medicina-santiago/persona/"},{"@type":"ListItem","position":3,"name":"Pablo Reyes"}]},{"@type":"WebSite","@id":"https://medicina.udd.cl/medicina-santiago/#website","url":"https://medicina.udd.cl/medicina-santiago/","name":"Medicina","description":"Facultad de Medicina Clínica Alemana Universidad del Desarrollo","inLanguage":"es"}]}</script>
<!-- / Yoast SEO plugin. -->

Retratos de los Colaboradores Campus Las Condes y Edificio Plaza de la Investigación UDD. En Santiago: 11/03/2019. Fotógrafo: Valentino Saldivart.

Facultad de Medicina Clínica Alemana Universidad del Desarrollo

Profesor de Fisiología - Miembro Consejo de carrera

<div class="person-modal person-modal--scl">
	<header class="person-modal__header">
		<div class="person-modal__bg"></div>
		<div class="modal-container">
						<div class="person-modal__media">
				<img width="308" height="328" src="https://medicina.udd.cl/medicina-santiago/files/2019/12/Pablo-Reyes.byn22.jpg" class="person-modal__image wp-post-image" alt="" decoding="async" loading="lazy" srcset="https://medicina.udd.cl/medicina-santiago/files/2019/12/Pablo-Reyes.byn22.jpg 308w, https://medicina.udd.cl/medicina-santiago/files/2019/12/Pablo-Reyes.byn22-282x300.jpg 282w" sizes="auto, (max-width: 308px) 100vw, 308px" />			</div>
						<div class="person-modal__data">
				<h1 class="person-modal__name">Pablo Reyes</h1>
							<span class="person-modal__description">Profesor de Fisiología - Miembro Consejo de carrera</span>
													<a href="mailto:p&#114;e&#121;&#101;s&#064;u&#100;d.&#099;&#108;" class="person-modal__email">&#112;&#114;&#101;&#121;e&#115;&#64;&#117;&#100;&#100;.&#99;l</a>
									</div>
		</div>
	</header>
	<div class="modal-container">
			<div class="person-modal__content text">
										<ul>
<li>Director Centro de Fisiología Celular e Integrativa, Instituto de Ciencias e Innovación en Medicina (ICIM), Universidad del Desarrollo.</li>
<li>Licenciado en ciencias (Biología), Universidad de Chile.</li>
<li>Ph.D. en Ciencias Biológicas (Physiological Sciences), Pontificia Universidad Católica de Chile.</li>
<li>Licenciado Ciencias, mención Biología, Universidad de Chile, 1999.</li>
<li>Doctor en Ciencias (PhD), mención Fisiología, P. Universidad Católica Chile, 2006.</li>
<li>Adiestramiento post-doctoral investigación, Dept Biology, McMaster University, Hamilton, Ontario, Canada, 2007-2009.</li>
<li>Docente Fisiología, Fac Medicina, CAS-Univ Desarrollo, Chile.</li>
<li>Membresía: Sociedad Chilena Cs Fisiológicas; Internat Soc Arterial Chemoreception.</li>
<li>Socio Regular Sociedad Chilena de Ciencias Fisiológicas.</li>
<li>Publicaciones científicas: 12 en inglés, período 2003-2012.</li>
</ul>
		</div>
	</div>
</div>
