{"id":7237,"date":"2020-11-28T00:29:04","date_gmt":"2020-11-28T03:29:04","guid":{"rendered":"http:\/\/medicina.udd.cl\/medicina-santiago\/?post_type=person&#038;p=7237"},"modified":"2021-06-23T13:58:43","modified_gmt":"2021-06-23T17:58:43","slug":"marcia-di-egidio","status":"publish","type":"person","link":"https:\/\/medicina.udd.cl\/medicina-santiago\/persona\/marcia-di-egidio\/","title":{"rendered":"Marcia Di Egidio"},"featured_media":7283,"template":"","people_tax":[],"people_areas":[],"people_levels":[],"class_list":["post-7237","person","type-person","status-publish","has-post-thumbnail","hentry"],"yoast_head":"<!-- This site is optimized with the Yoast SEO plugin v26.9 - https:\/\/yoast.com\/product\/yoast-seo-wordpress\/ -->\n<title>Marcia Di Egidio - Medicina<\/title>\n<meta name=\"robots\" content=\"index, follow, max-snippet:-1, max-image-preview:large, max-video-preview:-1\" \/>\n<link rel=\"canonical\" href=\"https:\/\/medicina.udd.cl\/medicina-santiago\/persona\/marcia-di-egidio\/\" \/>\n<meta property=\"og:locale\" content=\"es_ES\" \/>\n<meta property=\"og:type\" content=\"article\" \/>\n<meta property=\"og:title\" content=\"Marcia Di Egidio - Medicina\" \/>\n<meta property=\"og:url\" content=\"https:\/\/medicina.udd.cl\/medicina-santiago\/persona\/marcia-di-egidio\/\" \/>\n<meta property=\"og:site_name\" content=\"Medicina\" \/>\n<meta property=\"article:modified_time\" content=\"2021-06-23T17:58:43+00:00\" \/>\n<meta property=\"og:image\" content=\"https:\/\/medicina.udd.cl\/medicina-santiago\/files\/2020\/11\/Dra-Di-Egidio-byn.jpeg\" \/>\n\t<meta property=\"og:image:width\" content=\"676\" \/>\n\t<meta property=\"og:image:height\" content=\"681\" \/>\n\t<meta property=\"og:image:type\" content=\"image\/jpeg\" \/>\n<script type=\"application\/ld+json\" class=\"yoast-schema-graph\">{\"@context\":\"https:\/\/schema.org\",\"@graph\":[{\"@type\":\"WebPage\",\"@id\":\"https:\/\/medicina.udd.cl\/medicina-santiago\/persona\/marcia-di-egidio\/\",\"url\":\"https:\/\/medicina.udd.cl\/medicina-santiago\/persona\/marcia-di-egidio\/\",\"name\":\"Marcia Di Egidio - Medicina\",\"isPartOf\":{\"@id\":\"https:\/\/medicina.udd.cl\/medicina-santiago\/#website\"},\"primaryImageOfPage\":{\"@id\":\"https:\/\/medicina.udd.cl\/medicina-santiago\/persona\/marcia-di-egidio\/#primaryimage\"},\"image\":{\"@id\":\"https:\/\/medicina.udd.cl\/medicina-santiago\/persona\/marcia-di-egidio\/#primaryimage\"},\"thumbnailUrl\":\"https:\/\/medicina.udd.cl\/medicina-santiago\/files\/2020\/11\/Dra-Di-Egidio-byn.jpeg\",\"datePublished\":\"2020-11-28T03:29:04+00:00\",\"dateModified\":\"2021-06-23T17:58:43+00:00\",\"breadcrumb\":{\"@id\":\"https:\/\/medicina.udd.cl\/medicina-santiago\/persona\/marcia-di-egidio\/#breadcrumb\"},\"inLanguage\":\"es\",\"potentialAction\":[{\"@type\":\"ReadAction\",\"target\":[\"https:\/\/medicina.udd.cl\/medicina-santiago\/persona\/marcia-di-egidio\/\"]}]},{\"@type\":\"ImageObject\",\"inLanguage\":\"es\",\"@id\":\"https:\/\/medicina.udd.cl\/medicina-santiago\/persona\/marcia-di-egidio\/#primaryimage\",\"url\":\"https:\/\/medicina.udd.cl\/medicina-santiago\/files\/2020\/11\/Dra-Di-Egidio-byn.jpeg\",\"contentUrl\":\"https:\/\/medicina.udd.cl\/medicina-santiago\/files\/2020\/11\/Dra-Di-Egidio-byn.jpeg\",\"width\":676,\"height\":681},{\"@type\":\"BreadcrumbList\",\"@id\":\"https:\/\/medicina.udd.cl\/medicina-santiago\/persona\/marcia-di-egidio\/#breadcrumb\",\"itemListElement\":[{\"@type\":\"ListItem\",\"position\":1,\"name\":\"Home\",\"item\":\"https:\/\/medicina.udd.cl\/medicina-santiago\/\"},{\"@type\":\"ListItem\",\"position\":2,\"name\":\"Personas\",\"item\":\"https:\/\/medicina.udd.cl\/medicina-santiago\/persona\/\"},{\"@type\":\"ListItem\",\"position\":3,\"name\":\"Marcia Di Egidio\"}]},{\"@type\":\"WebSite\",\"@id\":\"https:\/\/medicina.udd.cl\/medicina-santiago\/#website\",\"url\":\"https:\/\/medicina.udd.cl\/medicina-santiago\/\",\"name\":\"Medicina\",\"description\":\"Facultad de Medicina Cl\u00ednica Alemana Universidad del Desarrollo\",\"inLanguage\":\"es\"}]}<\/script>\n<!-- \/ Yoast SEO plugin. -->","yoast_head_json":{"title":"Marcia Di Egidio - Medicina","robots":{"index":"index","follow":"follow","max-snippet":"max-snippet:-1","max-image-preview":"max-image-preview:large","max-video-preview":"max-video-preview:-1"},"canonical":"https:\/\/medicina.udd.cl\/medicina-santiago\/persona\/marcia-di-egidio\/","og_locale":"es_ES","og_type":"article","og_title":"Marcia Di Egidio - Medicina","og_url":"https:\/\/medicina.udd.cl\/medicina-santiago\/persona\/marcia-di-egidio\/","og_site_name":"Medicina","article_modified_time":"2021-06-23T17:58:43+00:00","og_image":[{"width":676,"height":681,"url":"https:\/\/medicina.udd.cl\/medicina-santiago\/files\/2020\/11\/Dra-Di-Egidio-byn.jpeg","type":"image\/jpeg"}],"schema":{"@context":"https:\/\/schema.org","@graph":[{"@type":"WebPage","@id":"https:\/\/medicina.udd.cl\/medicina-santiago\/persona\/marcia-di-egidio\/","url":"https:\/\/medicina.udd.cl\/medicina-santiago\/persona\/marcia-di-egidio\/","name":"Marcia Di Egidio - Medicina","isPartOf":{"@id":"https:\/\/medicina.udd.cl\/medicina-santiago\/#website"},"primaryImageOfPage":{"@id":"https:\/\/medicina.udd.cl\/medicina-santiago\/persona\/marcia-di-egidio\/#primaryimage"},"image":{"@id":"https:\/\/medicina.udd.cl\/medicina-santiago\/persona\/marcia-di-egidio\/#primaryimage"},"thumbnailUrl":"https:\/\/medicina.udd.cl\/medicina-santiago\/files\/2020\/11\/Dra-Di-Egidio-byn.jpeg","datePublished":"2020-11-28T03:29:04+00:00","dateModified":"2021-06-23T17:58:43+00:00","breadcrumb":{"@id":"https:\/\/medicina.udd.cl\/medicina-santiago\/persona\/marcia-di-egidio\/#breadcrumb"},"inLanguage":"es","potentialAction":[{"@type":"ReadAction","target":["https:\/\/medicina.udd.cl\/medicina-santiago\/persona\/marcia-di-egidio\/"]}]},{"@type":"ImageObject","inLanguage":"es","@id":"https:\/\/medicina.udd.cl\/medicina-santiago\/persona\/marcia-di-egidio\/#primaryimage","url":"https:\/\/medicina.udd.cl\/medicina-santiago\/files\/2020\/11\/Dra-Di-Egidio-byn.jpeg","contentUrl":"https:\/\/medicina.udd.cl\/medicina-santiago\/files\/2020\/11\/Dra-Di-Egidio-byn.jpeg","width":676,"height":681},{"@type":"BreadcrumbList","@id":"https:\/\/medicina.udd.cl\/medicina-santiago\/persona\/marcia-di-egidio\/#breadcrumb","itemListElement":[{"@type":"ListItem","position":1,"name":"Home","item":"https:\/\/medicina.udd.cl\/medicina-santiago\/"},{"@type":"ListItem","position":2,"name":"Personas","item":"https:\/\/medicina.udd.cl\/medicina-santiago\/persona\/"},{"@type":"ListItem","position":3,"name":"Marcia Di Egidio"}]},{"@type":"WebSite","@id":"https:\/\/medicina.udd.cl\/medicina-santiago\/#website","url":"https:\/\/medicina.udd.cl\/medicina-santiago\/","name":"Medicina","description":"Facultad de Medicina Cl\u00ednica Alemana Universidad del Desarrollo","inLanguage":"es"}]}},"label":"Marcia Di Egidio","role":"Coordinadora internado Pediatr\u00eda","thumbnail_url":"https:\/\/medicina.udd.cl\/medicina-santiago\/files\/2020\/11\/Dra-Di-Egidio-byn-500x500.jpeg","email":"","tel_job":"","content":{"rendered":"<div class=\"person-modal person-modal--scl\">\n\t<header class=\"person-modal__header\">\n\t\t<div class=\"person-modal__bg\"><\/div>\n\t\t<div class=\"modal-container\">\n\t\t\t\t\t\t<div class=\"person-modal__media\">\n\t\t\t\t<img width=\"500\" height=\"500\" src=\"https:\/\/medicina.udd.cl\/medicina-santiago\/files\/2020\/11\/Dra-Di-Egidio-byn-500x500.jpeg\" class=\"person-modal__image wp-post-image\" alt=\"\" decoding=\"async\" loading=\"lazy\" srcset=\"https:\/\/medicina.udd.cl\/medicina-santiago\/files\/2020\/11\/Dra-Di-Egidio-byn-500x500.jpeg 500w, https:\/\/medicina.udd.cl\/medicina-santiago\/files\/2020\/11\/Dra-Di-Egidio-byn-150x150.jpeg 150w, https:\/\/medicina.udd.cl\/medicina-santiago\/files\/2020\/11\/Dra-Di-Egidio-byn-62x62.jpeg 62w, https:\/\/medicina.udd.cl\/medicina-santiago\/files\/2020\/11\/Dra-Di-Egidio-byn-250x250.jpeg 250w, https:\/\/medicina.udd.cl\/medicina-santiago\/files\/2020\/11\/Dra-Di-Egidio-byn-126x126.jpeg 126w\" sizes=\"auto, (max-width: 500px) 100vw, 500px\" \/>\t\t\t<\/div>\n\t\t\t\t\t\t<div class=\"person-modal__data\">\n\t\t\t\t<h1 class=\"person-modal__name\">Marcia Di Egidio<\/h1>\n\t\t\t\t\t\t\t<span class=\"person-modal__description\">Coordinadora internado Pediatr\u00eda<\/span>\n\t\t\t\t\t\t\t\t\t\t\t\t\t\t\t<\/div>\n\t\t<\/div>\n\t<\/header>\n\t<div class=\"modal-container\">\n\t\t\t<div class=\"person-modal__content text\">\n\t\t\t\t\t\t\t\t\t\t<ul>\n<li>M\u00e9dico Cirujano, Universidad de Chile,1995<\/li>\n<li>Especialista en Medicina Familiar, Pontificia Universidad Cat\u00f3lica de Chile, 1998<\/li>\n<li>Constancia de desempe\u00f1o en Pediatr\u00eda, durante a lo menos 5 a\u00f1os, en establecimientos del Sistema Nacional de Servicios de Salud. Dicha constancia fue emitida por el(la) Director(a) del Servicio de Salud Metropolitano Sur Oriente con fecha 31\/12\/2009.<\/li>\n<li>constancia de desempe\u00f1o en Gastroenterolog\u00eda Pedi\u00e1trica, durante a lo menos 5 a\u00f1os, en establecimientos del Sistema Nacional de Servicios de Salud. Dicha constancia fue emitida por el(la) Director(a) del Servicio de Salud Metropolitano Sur Oriente con fecha 14\/04\/2010.<\/li>\n<\/ul>\n\t\t<\/div>\n\t<\/div>\n<\/div>\n"},"identifier":"5959f1c43a6aadfe513d2add06b8b51a57b13752","has_credential":[],"given_name":"Marcia","family_name":"Di Egidio","name":"Marcia Di Egidio","job_title":"Coordinadora internado Pediatr\u00eda","telephone":"","note":"","im":"","_self_schedule":null,"_links":{"self":[{"href":"https:\/\/medicina.udd.cl\/medicina-santiago\/wp-json\/wp\/v2\/people\/7237","targetHints":{"allow":["GET"]}}],"collection":[{"href":"https:\/\/medicina.udd.cl\/medicina-santiago\/wp-json\/wp\/v2\/people"}],"about":[{"href":"https:\/\/medicina.udd.cl\/medicina-santiago\/wp-json\/wp\/v2\/types\/person"}],"wp:featuredmedia":[{"embeddable":true,"href":"https:\/\/medicina.udd.cl\/medicina-santiago\/wp-json\/wp\/v2\/media\/7283"}],"wp:attachment":[{"href":"https:\/\/medicina.udd.cl\/medicina-santiago\/wp-json\/wp\/v2\/media?parent=7237"}],"wp:term":[{"taxonomy":"people_tax","embeddable":true,"href":"https:\/\/medicina.udd.cl\/medicina-santiago\/wp-json\/wp\/v2\/people_tax?post=7237"},{"taxonomy":"people_areas","embeddable":true,"href":"https:\/\/medicina.udd.cl\/medicina-santiago\/wp-json\/wp\/v2\/people_areas?post=7237"},{"taxonomy":"people_levels","embeddable":true,"href":"https:\/\/medicina.udd.cl\/medicina-santiago\/wp-json\/wp\/v2\/people_levels?post=7237"}],"curies":[{"name":"wp","href":"https:\/\/api.w.org\/{rel}","templated":true}]}}

<!-- This site is optimized with the Yoast SEO plugin v26.9 - https://yoast.com/product/yoast-seo-wordpress/ -->
<title>Marcia Di Egidio - Medicina</title>
<meta name="robots" content="index, follow, max-snippet:-1, max-image-preview:large, max-video-preview:-1" />
<link rel="canonical" href="https://medicina.udd.cl/medicina-santiago/persona/marcia-di-egidio/" />
<meta property="og:locale" content="es_ES" />
<meta property="og:type" content="article" />
<meta property="og:title" content="Marcia Di Egidio - Medicina" />
<meta property="og:url" content="https://medicina.udd.cl/medicina-santiago/persona/marcia-di-egidio/" />
<meta property="og:site_name" content="Medicina" />
<meta property="article:modified_time" content="2021-06-23T17:58:43+00:00" />
<meta property="og:image" content="https://medicina.udd.cl/medicina-santiago/files/2020/11/Dra-Di-Egidio-byn.jpeg" />
	<meta property="og:image:width" content="676" />
	<meta property="og:image:height" content="681" />
	<meta property="og:image:type" content="image/jpeg" />
<script type="application/ld+json" class="yoast-schema-graph">{"@context":"https://schema.org","@graph":[{"@type":"WebPage","@id":"https://medicina.udd.cl/medicina-santiago/persona/marcia-di-egidio/","url":"https://medicina.udd.cl/medicina-santiago/persona/marcia-di-egidio/","name":"Marcia Di Egidio - Medicina","isPartOf":{"@id":"https://medicina.udd.cl/medicina-santiago/#website"},"primaryImageOfPage":{"@id":"https://medicina.udd.cl/medicina-santiago/persona/marcia-di-egidio/#primaryimage"},"image":{"@id":"https://medicina.udd.cl/medicina-santiago/persona/marcia-di-egidio/#primaryimage"},"thumbnailUrl":"https://medicina.udd.cl/medicina-santiago/files/2020/11/Dra-Di-Egidio-byn.jpeg","datePublished":"2020-11-28T03:29:04+00:00","dateModified":"2021-06-23T17:58:43+00:00","breadcrumb":{"@id":"https://medicina.udd.cl/medicina-santiago/persona/marcia-di-egidio/#breadcrumb"},"inLanguage":"es","potentialAction":[{"@type":"ReadAction","target":["https://medicina.udd.cl/medicina-santiago/persona/marcia-di-egidio/"]}]},{"@type":"ImageObject","inLanguage":"es","@id":"https://medicina.udd.cl/medicina-santiago/persona/marcia-di-egidio/#primaryimage","url":"https://medicina.udd.cl/medicina-santiago/files/2020/11/Dra-Di-Egidio-byn.jpeg","contentUrl":"https://medicina.udd.cl/medicina-santiago/files/2020/11/Dra-Di-Egidio-byn.jpeg","width":676,"height":681},{"@type":"BreadcrumbList","@id":"https://medicina.udd.cl/medicina-santiago/persona/marcia-di-egidio/#breadcrumb","itemListElement":[{"@type":"ListItem","position":1,"name":"Home","item":"https://medicina.udd.cl/medicina-santiago/"},{"@type":"ListItem","position":2,"name":"Personas","item":"https://medicina.udd.cl/medicina-santiago/persona/"},{"@type":"ListItem","position":3,"name":"Marcia Di Egidio"}]},{"@type":"WebSite","@id":"https://medicina.udd.cl/medicina-santiago/#website","url":"https://medicina.udd.cl/medicina-santiago/","name":"Medicina","description":"Facultad de Medicina Clínica Alemana Universidad del Desarrollo","inLanguage":"es"}]}</script>
<!-- / Yoast SEO plugin. -->

Facultad de Medicina Clínica Alemana Universidad del Desarrollo

Coordinadora internado Pediatría

<div class="person-modal person-modal--scl">
	<header class="person-modal__header">
		<div class="person-modal__bg"></div>
		<div class="modal-container">
						<div class="person-modal__media">
				<img width="500" height="500" src="https://medicina.udd.cl/medicina-santiago/files/2020/11/Dra-Di-Egidio-byn-500x500.jpeg" class="person-modal__image wp-post-image" alt="" decoding="async" loading="lazy" srcset="https://medicina.udd.cl/medicina-santiago/files/2020/11/Dra-Di-Egidio-byn-500x500.jpeg 500w, https://medicina.udd.cl/medicina-santiago/files/2020/11/Dra-Di-Egidio-byn-150x150.jpeg 150w, https://medicina.udd.cl/medicina-santiago/files/2020/11/Dra-Di-Egidio-byn-62x62.jpeg 62w, https://medicina.udd.cl/medicina-santiago/files/2020/11/Dra-Di-Egidio-byn-250x250.jpeg 250w, https://medicina.udd.cl/medicina-santiago/files/2020/11/Dra-Di-Egidio-byn-126x126.jpeg 126w" sizes="auto, (max-width: 500px) 100vw, 500px" />			</div>
						<div class="person-modal__data">
				<h1 class="person-modal__name">Marcia Di Egidio</h1>
							<span class="person-modal__description">Coordinadora internado Pediatría</span>
															</div>
		</div>
	</header>
	<div class="modal-container">
			<div class="person-modal__content text">
										<ul>
<li>Médico Cirujano, Universidad de Chile,1995</li>
<li>Especialista en Medicina Familiar, Pontificia Universidad Católica de Chile, 1998</li>
<li>Constancia de desempeño en Pediatría, durante a lo menos 5 años, en establecimientos del Sistema Nacional de Servicios de Salud. Dicha constancia fue emitida por el(la) Director(a) del Servicio de Salud Metropolitano Sur Oriente con fecha 31/12/2009.</li>
<li>constancia de desempeño en Gastroenterología Pediátrica, durante a lo menos 5 años, en establecimientos del Sistema Nacional de Servicios de Salud. Dicha constancia fue emitida por el(la) Director(a) del Servicio de Salud Metropolitano Sur Oriente con fecha 14/04/2010.</li>
</ul>
		</div>
	</div>
</div>
