{"id":7238,"date":"2020-11-28T00:38:15","date_gmt":"2020-11-28T03:38:15","guid":{"rendered":"http:\/\/medicina.udd.cl\/medicina-santiago\/?post_type=person&#038;p=7238"},"modified":"2021-06-23T13:59:12","modified_gmt":"2021-06-23T17:59:12","slug":"mario-zanolli","status":"publish","type":"person","link":"https:\/\/medicina.udd.cl\/medicina-santiago\/persona\/mario-zanolli\/","title":{"rendered":"Mario Zanolli"},"featured_media":7248,"template":"","people_tax":[],"people_areas":[],"people_levels":[],"class_list":["post-7238","person","type-person","status-publish","has-post-thumbnail","hentry"],"yoast_head":"<!-- This site is optimized with the Yoast SEO plugin v26.9 - https:\/\/yoast.com\/product\/yoast-seo-wordpress\/ -->\n<title>Mario Zanolli - Medicina<\/title>\n<meta name=\"robots\" content=\"index, follow, max-snippet:-1, max-image-preview:large, max-video-preview:-1\" \/>\n<link rel=\"canonical\" href=\"https:\/\/medicina.udd.cl\/medicina-santiago\/persona\/mario-zanolli\/\" \/>\n<meta property=\"og:locale\" content=\"es_ES\" \/>\n<meta property=\"og:type\" content=\"article\" \/>\n<meta property=\"og:title\" content=\"Mario Zanolli - Medicina\" \/>\n<meta property=\"og:url\" content=\"https:\/\/medicina.udd.cl\/medicina-santiago\/persona\/mario-zanolli\/\" \/>\n<meta property=\"og:site_name\" content=\"Medicina\" \/>\n<meta property=\"article:modified_time\" content=\"2021-06-23T17:59:12+00:00\" \/>\n<meta property=\"og:image\" content=\"https:\/\/medicina.udd.cl\/medicina-santiago\/files\/2020\/11\/Mario-Zanolli-byn.jpg\" \/>\n\t<meta property=\"og:image:width\" content=\"300\" \/>\n\t<meta property=\"og:image:height\" content=\"348\" \/>\n\t<meta property=\"og:image:type\" content=\"image\/jpeg\" \/>\n<script type=\"application\/ld+json\" class=\"yoast-schema-graph\">{\"@context\":\"https:\/\/schema.org\",\"@graph\":[{\"@type\":\"WebPage\",\"@id\":\"https:\/\/medicina.udd.cl\/medicina-santiago\/persona\/mario-zanolli\/\",\"url\":\"https:\/\/medicina.udd.cl\/medicina-santiago\/persona\/mario-zanolli\/\",\"name\":\"Mario Zanolli - Medicina\",\"isPartOf\":{\"@id\":\"https:\/\/medicina.udd.cl\/medicina-santiago\/#website\"},\"primaryImageOfPage\":{\"@id\":\"https:\/\/medicina.udd.cl\/medicina-santiago\/persona\/mario-zanolli\/#primaryimage\"},\"image\":{\"@id\":\"https:\/\/medicina.udd.cl\/medicina-santiago\/persona\/mario-zanolli\/#primaryimage\"},\"thumbnailUrl\":\"https:\/\/medicina.udd.cl\/medicina-santiago\/files\/2020\/11\/Mario-Zanolli-byn.jpg\",\"datePublished\":\"2020-11-28T03:38:15+00:00\",\"dateModified\":\"2021-06-23T17:59:12+00:00\",\"breadcrumb\":{\"@id\":\"https:\/\/medicina.udd.cl\/medicina-santiago\/persona\/mario-zanolli\/#breadcrumb\"},\"inLanguage\":\"es\",\"potentialAction\":[{\"@type\":\"ReadAction\",\"target\":[\"https:\/\/medicina.udd.cl\/medicina-santiago\/persona\/mario-zanolli\/\"]}]},{\"@type\":\"ImageObject\",\"inLanguage\":\"es\",\"@id\":\"https:\/\/medicina.udd.cl\/medicina-santiago\/persona\/mario-zanolli\/#primaryimage\",\"url\":\"https:\/\/medicina.udd.cl\/medicina-santiago\/files\/2020\/11\/Mario-Zanolli-byn.jpg\",\"contentUrl\":\"https:\/\/medicina.udd.cl\/medicina-santiago\/files\/2020\/11\/Mario-Zanolli-byn.jpg\",\"width\":300,\"height\":348},{\"@type\":\"BreadcrumbList\",\"@id\":\"https:\/\/medicina.udd.cl\/medicina-santiago\/persona\/mario-zanolli\/#breadcrumb\",\"itemListElement\":[{\"@type\":\"ListItem\",\"position\":1,\"name\":\"Home\",\"item\":\"https:\/\/medicina.udd.cl\/medicina-santiago\/\"},{\"@type\":\"ListItem\",\"position\":2,\"name\":\"Personas\",\"item\":\"https:\/\/medicina.udd.cl\/medicina-santiago\/persona\/\"},{\"@type\":\"ListItem\",\"position\":3,\"name\":\"Mario Zanolli\"}]},{\"@type\":\"WebSite\",\"@id\":\"https:\/\/medicina.udd.cl\/medicina-santiago\/#website\",\"url\":\"https:\/\/medicina.udd.cl\/medicina-santiago\/\",\"name\":\"Medicina\",\"description\":\"Facultad de Medicina Cl\u00ednica Alemana Universidad del Desarrollo\",\"inLanguage\":\"es\"}]}<\/script>\n<!-- \/ Yoast SEO plugin. -->","yoast_head_json":{"title":"Mario Zanolli - Medicina","robots":{"index":"index","follow":"follow","max-snippet":"max-snippet:-1","max-image-preview":"max-image-preview:large","max-video-preview":"max-video-preview:-1"},"canonical":"https:\/\/medicina.udd.cl\/medicina-santiago\/persona\/mario-zanolli\/","og_locale":"es_ES","og_type":"article","og_title":"Mario Zanolli - Medicina","og_url":"https:\/\/medicina.udd.cl\/medicina-santiago\/persona\/mario-zanolli\/","og_site_name":"Medicina","article_modified_time":"2021-06-23T17:59:12+00:00","og_image":[{"width":300,"height":348,"url":"https:\/\/medicina.udd.cl\/medicina-santiago\/files\/2020\/11\/Mario-Zanolli-byn.jpg","type":"image\/jpeg"}],"schema":{"@context":"https:\/\/schema.org","@graph":[{"@type":"WebPage","@id":"https:\/\/medicina.udd.cl\/medicina-santiago\/persona\/mario-zanolli\/","url":"https:\/\/medicina.udd.cl\/medicina-santiago\/persona\/mario-zanolli\/","name":"Mario Zanolli - Medicina","isPartOf":{"@id":"https:\/\/medicina.udd.cl\/medicina-santiago\/#website"},"primaryImageOfPage":{"@id":"https:\/\/medicina.udd.cl\/medicina-santiago\/persona\/mario-zanolli\/#primaryimage"},"image":{"@id":"https:\/\/medicina.udd.cl\/medicina-santiago\/persona\/mario-zanolli\/#primaryimage"},"thumbnailUrl":"https:\/\/medicina.udd.cl\/medicina-santiago\/files\/2020\/11\/Mario-Zanolli-byn.jpg","datePublished":"2020-11-28T03:38:15+00:00","dateModified":"2021-06-23T17:59:12+00:00","breadcrumb":{"@id":"https:\/\/medicina.udd.cl\/medicina-santiago\/persona\/mario-zanolli\/#breadcrumb"},"inLanguage":"es","potentialAction":[{"@type":"ReadAction","target":["https:\/\/medicina.udd.cl\/medicina-santiago\/persona\/mario-zanolli\/"]}]},{"@type":"ImageObject","inLanguage":"es","@id":"https:\/\/medicina.udd.cl\/medicina-santiago\/persona\/mario-zanolli\/#primaryimage","url":"https:\/\/medicina.udd.cl\/medicina-santiago\/files\/2020\/11\/Mario-Zanolli-byn.jpg","contentUrl":"https:\/\/medicina.udd.cl\/medicina-santiago\/files\/2020\/11\/Mario-Zanolli-byn.jpg","width":300,"height":348},{"@type":"BreadcrumbList","@id":"https:\/\/medicina.udd.cl\/medicina-santiago\/persona\/mario-zanolli\/#breadcrumb","itemListElement":[{"@type":"ListItem","position":1,"name":"Home","item":"https:\/\/medicina.udd.cl\/medicina-santiago\/"},{"@type":"ListItem","position":2,"name":"Personas","item":"https:\/\/medicina.udd.cl\/medicina-santiago\/persona\/"},{"@type":"ListItem","position":3,"name":"Mario Zanolli"}]},{"@type":"WebSite","@id":"https:\/\/medicina.udd.cl\/medicina-santiago\/#website","url":"https:\/\/medicina.udd.cl\/medicina-santiago\/","name":"Medicina","description":"Facultad de Medicina Cl\u00ednica Alemana Universidad del Desarrollo","inLanguage":"es"}]}},"label":"Mario Zanolli","role":"Profesor a cargo de Oftalmolog\u00eda","thumbnail_url":"https:\/\/medicina.udd.cl\/medicina-santiago\/files\/2020\/11\/Mario-Zanolli-byn.jpg","email":"","tel_job":"","content":{"rendered":"<div class=\"person-modal person-modal--scl\">\n\t<header class=\"person-modal__header\">\n\t\t<div class=\"person-modal__bg\"><\/div>\n\t\t<div class=\"modal-container\">\n\t\t\t\t\t\t<div class=\"person-modal__media\">\n\t\t\t\t<img width=\"300\" height=\"348\" src=\"https:\/\/medicina.udd.cl\/medicina-santiago\/files\/2020\/11\/Mario-Zanolli-byn.jpg\" class=\"person-modal__image wp-post-image\" alt=\"\" decoding=\"async\" loading=\"lazy\" srcset=\"https:\/\/medicina.udd.cl\/medicina-santiago\/files\/2020\/11\/Mario-Zanolli-byn.jpg 300w, https:\/\/medicina.udd.cl\/medicina-santiago\/files\/2020\/11\/Mario-Zanolli-byn-259x300.jpg 259w\" sizes=\"auto, (max-width: 300px) 100vw, 300px\" \/>\t\t\t<\/div>\n\t\t\t\t\t\t<div class=\"person-modal__data\">\n\t\t\t\t<h1 class=\"person-modal__name\">Mario Zanolli<\/h1>\n\t\t\t\t\t\t\t<span class=\"person-modal__description\">Profesor a cargo de Oftalmolog\u00eda<\/span>\n\t\t\t\t\t\t\t\t\t\t\t\t\t\t\t<\/div>\n\t\t<\/div>\n\t<\/header>\n\t<div class=\"modal-container\">\n\t\t\t<div class=\"person-modal__content text\">\n\t\t\t\t\t\t\t\t\t\t<ul>\n<li>M\u00e9dico Cirujano, Pontificia Universidad Cat\u00f3lica de Chile, 2008<\/li>\n<li>Especialista en Oftalmolog\u00eda, Corporaci\u00f3n Nacional Aut\u00f3noma de Certificaci\u00f3n de Especialidades M\u00e9dicas (CONACEM), 2012<\/li>\n<li>T\u00edtulo de especialista en Oftalmolog\u00eda otorgado por la Universidad de los Andes, 2011<\/li>\n<li>Fundaci\u00f3n Oftalmol\u00f3gica Los Andes. Universidad de los Andes.<\/li>\n<li>Fellow Oftalmopediatr\u00eda y Estrabismo. Fundaci\u00f3n Oftalmol\u00f3gica Los Andes.<\/li>\n<li>Universidad de los Andes.<\/li>\n<li>Fellow en Gen\u00e9tica Ocular. Wills Eye Hospital. Philadelphia PA \u2013 USA<\/li>\n<\/ul>\n\t\t<\/div>\n\t<\/div>\n<\/div>\n"},"identifier":"b323bb5a08206b032cc8b77b4d2cf9cec87cddc3","has_credential":[],"given_name":"Mario","family_name":"Zanolli","name":"Mario Zanolli","job_title":"Profesor a cargo de Oftalmolog\u00eda","telephone":"","note":"","im":"","_self_schedule":null,"_links":{"self":[{"href":"https:\/\/medicina.udd.cl\/medicina-santiago\/wp-json\/wp\/v2\/people\/7238","targetHints":{"allow":["GET"]}}],"collection":[{"href":"https:\/\/medicina.udd.cl\/medicina-santiago\/wp-json\/wp\/v2\/people"}],"about":[{"href":"https:\/\/medicina.udd.cl\/medicina-santiago\/wp-json\/wp\/v2\/types\/person"}],"wp:featuredmedia":[{"embeddable":true,"href":"https:\/\/medicina.udd.cl\/medicina-santiago\/wp-json\/wp\/v2\/media\/7248"}],"wp:attachment":[{"href":"https:\/\/medicina.udd.cl\/medicina-santiago\/wp-json\/wp\/v2\/media?parent=7238"}],"wp:term":[{"taxonomy":"people_tax","embeddable":true,"href":"https:\/\/medicina.udd.cl\/medicina-santiago\/wp-json\/wp\/v2\/people_tax?post=7238"},{"taxonomy":"people_areas","embeddable":true,"href":"https:\/\/medicina.udd.cl\/medicina-santiago\/wp-json\/wp\/v2\/people_areas?post=7238"},{"taxonomy":"people_levels","embeddable":true,"href":"https:\/\/medicina.udd.cl\/medicina-santiago\/wp-json\/wp\/v2\/people_levels?post=7238"}],"curies":[{"name":"wp","href":"https:\/\/api.w.org\/{rel}","templated":true}]}}

<!-- This site is optimized with the Yoast SEO plugin v26.9 - https://yoast.com/product/yoast-seo-wordpress/ -->
<title>Mario Zanolli - Medicina</title>
<meta name="robots" content="index, follow, max-snippet:-1, max-image-preview:large, max-video-preview:-1" />
<link rel="canonical" href="https://medicina.udd.cl/medicina-santiago/persona/mario-zanolli/" />
<meta property="og:locale" content="es_ES" />
<meta property="og:type" content="article" />
<meta property="og:title" content="Mario Zanolli - Medicina" />
<meta property="og:url" content="https://medicina.udd.cl/medicina-santiago/persona/mario-zanolli/" />
<meta property="og:site_name" content="Medicina" />
<meta property="article:modified_time" content="2021-06-23T17:59:12+00:00" />
<meta property="og:image" content="https://medicina.udd.cl/medicina-santiago/files/2020/11/Mario-Zanolli-byn.jpg" />
	<meta property="og:image:width" content="300" />
	<meta property="og:image:height" content="348" />
	<meta property="og:image:type" content="image/jpeg" />
<script type="application/ld+json" class="yoast-schema-graph">{"@context":"https://schema.org","@graph":[{"@type":"WebPage","@id":"https://medicina.udd.cl/medicina-santiago/persona/mario-zanolli/","url":"https://medicina.udd.cl/medicina-santiago/persona/mario-zanolli/","name":"Mario Zanolli - Medicina","isPartOf":{"@id":"https://medicina.udd.cl/medicina-santiago/#website"},"primaryImageOfPage":{"@id":"https://medicina.udd.cl/medicina-santiago/persona/mario-zanolli/#primaryimage"},"image":{"@id":"https://medicina.udd.cl/medicina-santiago/persona/mario-zanolli/#primaryimage"},"thumbnailUrl":"https://medicina.udd.cl/medicina-santiago/files/2020/11/Mario-Zanolli-byn.jpg","datePublished":"2020-11-28T03:38:15+00:00","dateModified":"2021-06-23T17:59:12+00:00","breadcrumb":{"@id":"https://medicina.udd.cl/medicina-santiago/persona/mario-zanolli/#breadcrumb"},"inLanguage":"es","potentialAction":[{"@type":"ReadAction","target":["https://medicina.udd.cl/medicina-santiago/persona/mario-zanolli/"]}]},{"@type":"ImageObject","inLanguage":"es","@id":"https://medicina.udd.cl/medicina-santiago/persona/mario-zanolli/#primaryimage","url":"https://medicina.udd.cl/medicina-santiago/files/2020/11/Mario-Zanolli-byn.jpg","contentUrl":"https://medicina.udd.cl/medicina-santiago/files/2020/11/Mario-Zanolli-byn.jpg","width":300,"height":348},{"@type":"BreadcrumbList","@id":"https://medicina.udd.cl/medicina-santiago/persona/mario-zanolli/#breadcrumb","itemListElement":[{"@type":"ListItem","position":1,"name":"Home","item":"https://medicina.udd.cl/medicina-santiago/"},{"@type":"ListItem","position":2,"name":"Personas","item":"https://medicina.udd.cl/medicina-santiago/persona/"},{"@type":"ListItem","position":3,"name":"Mario Zanolli"}]},{"@type":"WebSite","@id":"https://medicina.udd.cl/medicina-santiago/#website","url":"https://medicina.udd.cl/medicina-santiago/","name":"Medicina","description":"Facultad de Medicina Clínica Alemana Universidad del Desarrollo","inLanguage":"es"}]}</script>
<!-- / Yoast SEO plugin. -->

Facultad de Medicina Clínica Alemana Universidad del Desarrollo

Profesor a cargo de Oftalmología

<div class="person-modal person-modal--scl">
	<header class="person-modal__header">
		<div class="person-modal__bg"></div>
		<div class="modal-container">
						<div class="person-modal__media">
				<img width="300" height="348" src="https://medicina.udd.cl/medicina-santiago/files/2020/11/Mario-Zanolli-byn.jpg" class="person-modal__image wp-post-image" alt="" decoding="async" loading="lazy" srcset="https://medicina.udd.cl/medicina-santiago/files/2020/11/Mario-Zanolli-byn.jpg 300w, https://medicina.udd.cl/medicina-santiago/files/2020/11/Mario-Zanolli-byn-259x300.jpg 259w" sizes="auto, (max-width: 300px) 100vw, 300px" />			</div>
						<div class="person-modal__data">
				<h1 class="person-modal__name">Mario Zanolli</h1>
							<span class="person-modal__description">Profesor a cargo de Oftalmología</span>
															</div>
		</div>
	</header>
	<div class="modal-container">
			<div class="person-modal__content text">
										<ul>
<li>Médico Cirujano, Pontificia Universidad Católica de Chile, 2008</li>
<li>Especialista en Oftalmología, Corporación Nacional Autónoma de Certificación de Especialidades Médicas (CONACEM), 2012</li>
<li>Título de especialista en Oftalmología otorgado por la Universidad de los Andes, 2011</li>
<li>Fundación Oftalmológica Los Andes. Universidad de los Andes.</li>
<li>Fellow Oftalmopediatría y Estrabismo. Fundación Oftalmológica Los Andes.</li>
<li>Universidad de los Andes.</li>
<li>Fellow en Genética Ocular. Wills Eye Hospital. Philadelphia PA – USA</li>
</ul>
		</div>
	</div>
</div>
